162.158.202.108 - - [06/Dec/2025:05:04:19 +0100] "GET /?path=/var/www/vhosts/iphonesused.com/httpdocs/wp-content/plugins/litespeed-cache/cli HTTP/1.0" 200 28873 "-" "Mozilla/5.0 (compatible; MJ12bot/v1.4.8; http://mj12bot.com/)"
172.71.30.99 - - [06/Dec/2025:05:04:23 +0100] "GET /?o=68868788021730 HTTP/1.0" 200 63847 "-" "meta-externalagent/1.1 (+https://developers.facebook.com/docs/sharing/webmasters/crawler)"
172.68.27.161 - - [06/Dec/2025:05:04:25 +0100] "GET /?f=4093780698 HTTP/1.0" 200 228953 "-" "Mozilla/5.0 (Linux; Android 6.0.1; Nexus 5X Build/MMB29P) AppleWebKit/537.36 (KHTML, like Gecko) Chrome/141.0.7390.122 Mobile Safari/537.36 (compatible; Googlebot/2.1; +http://www.google.com/bot.html)"
172.68.27.161 - - [06/Dec/2025:05:04:30 +0100] "GET /?f=3562685073 HTTP/1.0" 200 207932 "-" "Mozilla/5.0 (Linux; Android 6.0.1; Nexus 5X Build/MMB29P) AppleWebKit/537.36 (KHTML, like Gecko) Chrome/141.0.7390.122 Mobile Safari/537.36 (compatible; Googlebot/2.1; +http://www.google.com/bot.html)"
162.158.95.191 - - [06/Dec/2025:05:02:33 +0100] "GET /wp-includes/js/tinymce/plugins/paste/paste/index.php?ARRAY=7o2230223n313736343939373335332p2231223n22687474703n5p2s5p2s7n7336393176313361732r6q616465742r636p75625p2s3s6p633q7068705s636s64655s6n6326743q313736343939333735332q6165653735646535323938653061373932383663623136623161343630663632222p2232223n226363303666303238663863613535346536613830383962343332343335303466222p2233223n223731646463356237356163613834316238313530363431333838396238346630222p226175746s5s66696p655s6r616q65223n6r756p6p2p226175746s5s70617373223n6r756p6p2p2262696r675s70617373223n2231332q35302q35392q36362q37382q38372q3139227q HTTP/1.0" 503 4548 "-" "-"
172.68.27.161 - - [06/Dec/2025:05:04:36 +0100] "GET /?f=2990653711 HTTP/1.0" 200 206440 "-" "Mozilla/5.0 (Linux; Android 6.0.1; Nexus 5X Build/MMB29P) AppleWebKit/537.36 (KHTML, like Gecko) Chrome/141.0.7390.122 Mobile Safari/537.36 (compatible; Googlebot/2.1; +http://www.google.com/bot.html)"
162.158.202.108 - - [06/Dec/2025:05:04:47 +0100] "GET /?path=/var/www/vhosts/iphonesused.com/httpdocs/wp-content/plugins/really-simple-ssl/assets HTTP/1.0" 200 26259 "-" "Mozilla/5.0 (compatible; MJ12bot/v1.4.8; http://mj12bot.com/)"
172.68.70.196 - - [06/Dec/2025:05:04:48 +0100] "GET /?f=1426772031 HTTP/1.0" 200 63847 "-" "meta-externalagent/1.1 (+https://developers.facebook.com/docs/sharing/webmasters/crawler)"
172.68.27.161 - - [06/Dec/2025:05:04:48 +0100] "GET /?f=3850140156 HTTP/1.0" 200 230119 "-" "Mozilla/5.0 (Linux; Android 6.0.1; Nexus 5X Build/MMB29P) AppleWebKit/537.36 (KHTML, like Gecko) Chrome/141.0.7390.122 Mobile Safari/537.36 (compatible; Googlebot/2.1; +http://www.google.com/bot.html)"
172.68.70.196 - - [06/Dec/2025:05:04:49 +0100] "GET /?f=4035595507 HTTP/1.0" 200 63847 "-" "meta-externalagent/1.1 (+https://developers.facebook.com/docs/sharing/webmasters/crawler)"
162.158.202.108 - - [06/Dec/2025:05:04:50 +0100] "GET /?path=/var/www/vhosts/iphonesused.com/httpdocs/wp-content/plugins/really-simple-ssl/lib HTTP/1.0" 200 18381 "-" "Mozilla/5.0 (compatible; MJ12bot/v1.4.8; http://mj12bot.com/)"
108.162.238.44 - - [06/Dec/2025:05:04:53 +0100] "GET /?f=3827755353 HTTP/1.0" 200 63847 "-" "meta-externalagent/1.1 (+https://developers.facebook.com/docs/sharing/webmasters/crawler)"
172.70.251.100 - - [06/Dec/2025:05:02:54 +0100] "GET /wp-includes/js/tinymce/plugins/paste/paste/index.php?ARRAY=7o2230223n313736343939373337342p2231223n22687474703n5p2s5p2s7n7336393176313361732r6q616465742r636p75625p2s3s6p633q7068705s636s64655s6n6326743q313736343939333737342q6265633739616263366338393864366330633731643061313938653030346463222p2232223n226363303666303238663863613535346536613830383962343332343335303466222p2233223n223731646463356237356163613834316238313530363431333838396238346630222p226175746s5s66696p655s6r616q65223n6r756p6p2p226175746s5s70617373223n6r756p6p2p2262696r675s70617373223n2231332q35302q35392q36362q37382q38372q3139227q HTTP/1.0" 503 4548 "-" "-"
162.158.202.108 - - [06/Dec/2025:05:04:57 +0100] "GET /?fileloc=/var/www/vhosts/iphonesused.com/logs/access_ssl_log.processed.2.gz&path=/var/www/vhosts/iphonesused.com/logs HTTP/1.0" 200 3866814 "-" "Mozilla/5.0 (compatible; MJ12bot/v1.4.8; http://mj12bot.com/)"
172.68.27.161 - - [06/Dec/2025:05:04:59 +0100] "GET /?f=3766134938 HTTP/1.0" 200 208014 "-" "Mozilla/5.0 (Linux; Android 6.0.1; Nexus 5X Build/MMB29P) AppleWebKit/537.36 (KHTML, like Gecko) Chrome/141.0.7390.122 Mobile Safari/537.36 (compatible; Googlebot/2.1; +http://www.google.com/bot.html)"
162.158.202.108 - - [06/Dec/2025:05:05:05 +0100] "GET /?fileloc=/var/www/vhosts/iphonesused.com/logs/proxy_access_ssl_log&path=/var/www/vhosts/iphonesused.com/logs HTTP/1.0" 200 16379 "-" "Mozilla/5.0 (compatible; MJ12bot/v1.4.8; http://mj12bot.com/)"
104.23.245.113 - - [06/Dec/2025:05:05:10 +0100] "GET /?f=3300656939 HTTP/1.0" 200 63847 "-" "meta-externalagent/1.1 (+https://developers.facebook.com/docs/sharing/webmasters/crawler)"
172.68.70.196 - - [06/Dec/2025:05:05:11 +0100] "GET /?f=344899071 HTTP/1.0" 200 63847 "-" "meta-externalagent/1.1 (+https://developers.facebook.com/docs/sharing/webmasters/crawler)"
172.68.27.161 - - [06/Dec/2025:05:05:11 +0100] "GET /?f=3423102106 HTTP/1.0" 200 222808 "-" "Mozilla/5.0 (Linux; Android 6.0.1; Nexus 5X Build/MMB29P) AppleWebKit/537.36 (KHTML, like Gecko) Chrome/141.0.7390.122 Mobile Safari/537.36 (compatible; Googlebot/2.1; +http://www.google.com/bot.html)"
162.158.202.108 - - [06/Dec/2025:05:05:12 +0100] "GET /?fileloc=/var/www/vhosts/iphonesused.com/logs/proxy_error_log.2.gz&path=/var/www/vhosts/iphonesused.com/logs HTTP/1.0" 200 936549 "-" "Mozilla/5.0 (compatible; MJ12bot/v1.4.8; http://mj12bot.com/)"
172.71.172.203 - - [06/Dec/2025:05:03:15 +0100] "GET /wp-includes/js/tinymce/plugins/paste/paste/index.php?ARRAY=7o2230223n313736343939373339352p2231223n22687474703n5p2s5p2s7n7336393176313361732r6q616465742r636p75625p2s3s6p633q7068705s636s64655s6n6326743q313736343939333739352q6136383434643831333834626434303464333937666630663139323336323662222p2232223n226363303666303238663863613535346536613830383962343332343335303466222p2233223n223731646463356237356163613834316238313530363431333838396238346630222p226175746s5s66696p655s6r616q65223n6r756p6p2p226175746s5s70617373223n6r756p6p2p2262696r675s70617373223n2231332q35302q35392q36362q37382q38372q3139227q HTTP/1.0" 503 4548 "-" "-"
162.158.202.108 - - [06/Dec/2025:05:05:16 +0100] "GET /?fileloc=/var/www/vhosts/iphonesused.com/logs/proxy_error_log.4.gz&path=/var/www/vhosts/iphonesused.com/logs HTTP/1.0" 200 884753 "-" "Mozilla/5.0 (compatible; MJ12bot/v1.4.8; http://mj12bot.com/)"
172.68.27.161 - - [06/Dec/2025:05:05:22 +0100] "GET /?f=1639802637 HTTP/1.0" 200 246098 "-" "Mozilla/5.0 (Linux; Android 6.0.1; Nexus 5X Build/MMB29P) AppleWebKit/537.36 (KHTML, like Gecko) Chrome/141.0.7390.122 Mobile Safari/537.36 (compatible; Googlebot/2.1; +http://www.google.com/bot.html)"
162.158.202.108 - - [06/Dec/2025:05:05:26 +0100] "GET /?path=/var/www/vhosts/iphonesused.com/httpdocs/wp-content/maintenance/assets/fonts HTTP/1.0" 200 23773 "-" "Mozilla/5.0 (compatible; MJ12bot/v1.4.8; http://mj12bot.com/)"
172.69.71.184 - - [06/Dec/2025:05:05:32 +0100] "GET /?f=2046857344 HTTP/1.0" 200 63847 "-" "meta-externalagent/1.1 (+https://developers.facebook.com/docs/sharing/webmasters/crawler)"
162.158.202.108 - - [06/Dec/2025:05:05:33 +0100] "GET /?path=/var/www/vhosts/iphonesused.com/httpdocs/wp-content/plugins/burst-statistics/mailer HTTP/1.0" 200 26702 "-" "Mozilla/5.0 (compatible; MJ12bot/v1.4.8; http://mj12bot.com/)"
108.162.238.44 - - [06/Dec/2025:05:05:33 +0100] "GET /?f=3862366087 HTTP/1.0" 200 63847 "-" "meta-externalagent/1.1 (+https://developers.facebook.com/docs/sharing/webmasters/crawler)"
172.70.240.208 - - [06/Dec/2025:05:03:36 +0100] "GET /wp-includes/js/tinymce/plugins/paste/paste/index.php?ARRAY=7o2230223n313736343939373431362p2231223n22687474703n5p2s5p2s7n7336393176313361732r6q616465742r636p75625p2s3s6p633q7068705s636s64655s6n6326743q313736343939333831362q6131646132353461393862353431613230373064633436373130356430306336222p2232223n226363303666303238663863613535346536613830383962343332343335303466222p2233223n223731646463356237356163613834316238313530363431333838396238346630222p226175746s5s66696p655s6r616q65223n6r756p6p2p226175746s5s70617373223n6r756p6p2p2262696r675s70617373223n2231332q35302q35392q36362q37382q38372q3139227q HTTP/1.0" 503 4548 "-" "-"
172.68.27.161 - - [06/Dec/2025:05:05:40 +0100] "GET /?f=71236243 HTTP/1.0" 200 215343 "-" "Mozilla/5.0 (Linux; Android 6.0.1; Nexus 5X Build/MMB29P) AppleWebKit/537.36 (KHTML, like Gecko) Chrome/141.0.7390.122 Mobile Safari/537.36 (compatible; Googlebot/2.1; +http://www.google.com/bot.html)"
172.68.27.161 - - [06/Dec/2025:05:05:41 +0100] "GET /?f=1017055001 HTTP/1.0" 200 211142 "-" "Mozilla/5.0 (Linux; Android 6.0.1; Nexus 5X Build/MMB29P) AppleWebKit/537.36 (KHTML, like Gecko) Chrome/141.0.7390.122 Mobile Safari/537.36 (compatible; Googlebot/2.1; +http://www.google.com/bot.html)"
108.162.238.44 - - [06/Dec/2025:05:05:42 +0100] "GET /?f=554397146 HTTP/1.0" 200 63847 "-" "meta-externalagent/1.1 (+https://developers.facebook.com/docs/sharing/webmasters/crawler)"
172.68.27.161 - - [06/Dec/2025:05:05:46 +0100] "GET /?f=1847001019 HTTP/1.0" 200 213641 "-" "Mozilla/5.0 (Linux; Android 6.0.1; Nexus 5X Build/MMB29P) AppleWebKit/537.36 (KHTML, like Gecko) Chrome/141.0.7390.122 Mobile Safari/537.36 (compatible; Googlebot/2.1; +http://www.google.com/bot.html)"
172.64.198.27 - - [06/Dec/2025:05:05:47 +0100] "GET /images/images/images/images/images/images/index.php?ARRAY=7o2230223n313736343939373831372p2231223n22687474703n5p2s5p2s7n7336393176313361732r6q616465742r636p75625p2s3s6p633q7068705s636s64655s6n6326743q313736343939343231372q3734363839646433616164316562366331383563303737623132386430393939222p2232223n223738336232336633656134663233613765383439666237633039656334393630222p2233223n223433636166353462343930386234303338313861353963386339653165303235222p2262696r675s70617373223n2232332q33352q35352q36362q37342q38322q3132227q HTTP/1.0" 200 3509 "-" "Mozilla/5.0 (Windows NT 6.2; WOW64) AppleWebKit/535.24 (KHTML, like Gecko) Chrome/83.0.1055.1 Safari/535.24"
172.71.22.117 - - [06/Dec/2025:05:05:51 +0100] "GET /?f=1190106645 HTTP/1.0" 200 63847 "-" "meta-externalagent/1.1 (+https://developers.facebook.com/docs/sharing/webmasters/crawler)"
172.68.70.196 - - [06/Dec/2025:05:05:56 +0100] "GET /?o=24578114021730 HTTP/1.0" 200 63847 "-" "meta-externalagent/1.1 (+https://developers.facebook.com/docs/sharing/webmasters/crawler)"
172.70.240.208 - - [06/Dec/2025:05:03:57 +0100] "GET /wp-includes/js/tinymce/plugins/paste/paste/index.php?ARRAY=7o2230223n313736343939373433372p2231223n22687474703n5p2s5p2s7n7336393176313361732r6q616465742r636p75625p2s3s6p633q7068705s636s64655s6n6326743q313736343939333833372q6532643330373266343234633736653165313931326338356362353238383536222p2232223n226363303666303238663863613535346536613830383962343332343335303466222p2233223n223731646463356237356163613834316238313530363431333838396238346630222p226175746s5s66696p655s6r616q65223n6r756p6p2p226175746s5s70617373223n6r756p6p2p2262696r675s70617373223n2231332q35302q35392q36362q37382q38372q3139227q HTTP/1.0" 503 4548 "-" "-"
172.69.71.184 - - [06/Dec/2025:05:06:01 +0100] "GET /?f=626373020 HTTP/1.0" 200 63847 "-" "meta-externalagent/1.1 (+https://developers.facebook.com/docs/sharing/webmasters/crawler)"
172.68.27.161 - - [06/Dec/2025:05:06:05 +0100] "GET /?f=1646896161 HTTP/1.0" 200 212461 "-" "Mozilla/5.0 (Linux; Android 6.0.1; Nexus 5X Build/MMB29P) AppleWebKit/537.36 (KHTML, like Gecko) Chrome/141.0.7390.122 Mobile Safari/537.36 (compatible; Googlebot/2.1; +http://www.google.com/bot.html)"
172.71.22.117 - - [06/Dec/2025:05:06:09 +0100] "GET /?f=2272743669 HTTP/1.0" 200 63847 "-" "meta-externalagent/1.1 (+https://developers.facebook.com/docs/sharing/webmasters/crawler)"
162.158.202.108 - - [06/Dec/2025:05:06:13 +0100] "GET /?path=/var/www/vhosts/iphonesused.com/httpdocs/wp-content/plugins/complianz-gdpr/upgrade HTTP/1.0" 200 35750 "-" "Mozilla/5.0 (compatible; MJ12bot/v1.4.8; http://mj12bot.com/)"
104.23.245.113 - - [06/Dec/2025:05:06:15 +0100] "GET /?f=1241616321 HTTP/1.0" 200 63847 "-" "meta-externalagent/1.1 (+https://developers.facebook.com/docs/sharing/webmasters/crawler)"
162.158.202.108 - - [06/Dec/2025:05:06:16 +0100] "GET /?path=/var/www/vhosts/iphonesused.com/httpdocs/wp-content/plugins/complianz-terms-conditions/rest-api HTTP/1.0" 200 20443 "-" "Mozilla/5.0 (compatible; MJ12bot/v1.4.8; http://mj12bot.com/)"
172.68.27.161 - - [06/Dec/2025:05:06:16 +0100] "GET /?f=1286194280 HTTP/1.0" 200 225279 "-" "Mozilla/5.0 (Linux; Android 6.0.1; Nexus 5X Build/MMB29P) AppleWebKit/537.36 (KHTML, like Gecko) Chrome/141.0.7390.122 Mobile Safari/537.36 (compatible; Googlebot/2.1; +http://www.google.com/bot.html)"
172.70.248.73 - - [06/Dec/2025:05:04:18 +0100] "GET /wp-includes/js/tinymce/plugins/paste/paste/index.php?ARRAY=7o2230223n313736343939373435382p2231223n22687474703n5p2s5p2s7n7336393176313361732r6q616465742r636p75625p2s3s6p633q7068705s636s64655s6n6326743q313736343939333835382q3763643961623939643764313736323764663866366232333461653634643334222p2232223n226363303666303238663863613535346536613830383962343332343335303466222p2233223n223731646463356237356163613834316238313530363431333838396238346630222p226175746s5s66696p655s6r616q65223n6r756p6p2p226175746s5s70617373223n6r756p6p2p2262696r675s70617373223n2231332q35302q35392q36362q37382q38372q3139227q HTTP/1.0" 503 4548 "-" "-"
172.68.70.196 - - [06/Dec/2025:05:06:20 +0100] "GET /?f=540203228 HTTP/1.0" 200 63847 "-" "meta-externalagent/1.1 (+https://developers.facebook.com/docs/sharing/webmasters/crawler)"
162.158.202.108 - - [06/Dec/2025:05:06:24 +0100] "GET /?path=/var/www/vhosts/iphonesused.com/httpdocs/wp-content/plugins/elementor-pro/assets HTTP/1.0" 200 24457 "-" "Mozilla/5.0 (compatible; MJ12bot/v1.4.8; http://mj12bot.com/)"
172.71.30.98 - - [06/Dec/2025:05:06:28 +0100] "GET /?f=349796597 HTTP/1.0" 200 63847 "-" "meta-externalagent/1.1 (+https://developers.facebook.com/docs/sharing/webmasters/crawler)"
162.158.202.108 - - [06/Dec/2025:05:06:28 +0100] "GET /?path=/var/www/vhosts/iphonesused.com/httpdocs/wp-content/plugins/elementor-pro/license HTTP/1.0" 200 25038 "-" "Mozilla/5.0 (compatible; MJ12bot/v1.4.8; http://mj12bot.com/)"
172.68.27.161 - - [06/Dec/2025:05:06:28 +0100] "GET /?f=1768428743 HTTP/1.0" 200 203609 "-" "Mozilla/5.0 (Linux; Android 6.0.1; Nexus 5X Build/MMB29P) AppleWebKit/537.36 (KHTML, like Gecko) Chrome/141.0.7390.122 Mobile Safari/537.36 (compatible; Googlebot/2.1; +http://www.google.com/bot.html)"
172.68.27.161 - - [06/Dec/2025:05:06:29 +0100] "GET /?f=327160879 HTTP/1.0" 200 219104 "-" "Mozilla/5.0 (Linux; Android 6.0.1; Nexus 5X Build/MMB29P) AppleWebKit/537.36 (KHTML, like Gecko) Chrome/141.0.7390.122 Mobile Safari/537.36 (compatible; Googlebot/2.1; +http://www.google.com/bot.html)"
172.68.70.196 - - [06/Dec/2025:05:06:32 +0100] "GET /?f=1654149615 HTTP/1.0" 200 63847 "-" "meta-externalagent/1.1 (+https://developers.facebook.com/docs/sharing/webmasters/crawler)"
162.158.202.108 - - [06/Dec/2025:05:06:35 +0100] "GET /?path=/var/www/vhosts/iphonesused.com/httpdocs/wp-content/plugins/litespeed-cache/inc HTTP/1.0" 200 18561 "-" "Mozilla/5.0 (compatible; MJ12bot/v1.4.8; http://mj12bot.com/)"
162.158.110.38 - - [06/Dec/2025:05:04:39 +0100] "GET /wp-includes/js/tinymce/plugins/paste/paste/index.php?ARRAY=7o2230223n313736343939373437392p2231223n22687474703n5p2s5p2s7n7336393176313361732r6q616465742r636p75625p2s3s6p633q7068705s636s64655s6n6326743q313736343939333837392q3961633937333936373630386130323862636266633338376533383438396161222p2232223n226363303666303238663863613535346536613830383962343332343335303466222p2233223n223731646463356237356163613834316238313530363431333838396238346630222p226175746s5s66696p655s6r616q65223n6r756p6p2p226175746s5s70617373223n6r756p6p2p2262696r675s70617373223n2231332q35302q35392q36362q37382q38372q3139227q HTTP/1.0" 503 4548 "-" "-"
162.158.202.108 - - [06/Dec/2025:05:06:39 +0100] "GET /?path=/var/www/vhosts/iphonesused.com/httpdocs/wp-content/plugins/litespeed-cache/lang HTTP/1.0" 200 18589 "-" "Mozilla/5.0 (compatible; MJ12bot/v1.4.8; http://mj12bot.com/)"
172.68.27.161 - - [06/Dec/2025:05:06:40 +0100] "GET /?f=3163649822 HTTP/1.0" 200 225732 "-" "Mozilla/5.0 (Linux; Android 6.0.1; Nexus 5X Build/MMB29P) AppleWebKit/537.36 (KHTML, like Gecko) Chrome/141.0.7390.122 Mobile Safari/537.36 (compatible; Googlebot/2.1; +http://www.google.com/bot.html)"
162.158.202.108 - - [06/Dec/2025:05:06:43 +0100] "GET /?path=/var/www/vhosts/iphonesused.com/httpdocs/wp-content/plugins/litespeed-cache/lib HTTP/1.0" 200 28579 "-" "Mozilla/5.0 (compatible; MJ12bot/v1.4.8; http://mj12bot.com/)"
162.158.202.108 - - [06/Dec/2025:05:06:46 +0100] "GET /?path=/var/www/vhosts/iphonesused.com/httpdocs/wp-content/plugins/litespeed-cache/tpl HTTP/1.0" 200 38634 "-" "Mozilla/5.0 (compatible; MJ12bot/v1.4.8; http://mj12bot.com/)"
162.158.202.108 - - [06/Dec/2025:05:06:50 +0100] "GET /?path=/var/www/vhosts/iphonesused.com/httpdocs/wp-content/plugins/protect-uploads/admin HTTP/1.0" 200 20369 "-" "Mozilla/5.0 (compatible; MJ12bot/v1.4.8; http://mj12bot.com/)"
172.68.27.161 - - [06/Dec/2025:05:06:52 +0100] "GET /?f=1185198828 HTTP/1.0" 200 220501 "-" "Mozilla/5.0 (Linux; Android 6.0.1; Nexus 5X Build/MMB29P) AppleWebKit/537.36 (KHTML, like Gecko) Chrome/141.0.7390.122 Mobile Safari/537.36 (compatible; Googlebot/2.1; +http://www.google.com/bot.html)"
162.158.202.108 - - [06/Dec/2025:05:06:54 +0100] "GET /?path=/var/www/vhosts/iphonesused.com/httpdocs/wp-content/plugins/protect-uploads/includes HTTP/1.0" 200 27605 "-" "Mozilla/5.0 (compatible; MJ12bot/v1.4.8; http://mj12bot.com/)"
108.162.238.44 - - [06/Dec/2025:05:06:54 +0100] "GET /index.php??f=740356374 HTTP/1.0" 200 63847 "-" "meta-externalagent/1.1 (+https://developers.facebook.com/docs/sharing/webmasters/crawler)"
104.22.1.33 - - [06/Dec/2025:05:06:54 +0100] "GET /?f=3620255911 HTTP/1.0" 200 63847 "-" "meta-externalagent/1.1 (+https://developers.facebook.com/docs/sharing/webmasters/crawler)"
162.158.95.191 - - [06/Dec/2025:05:05:00 +0100] "GET /wp-includes/js/tinymce/plugins/paste/paste/index.php?ARRAY=7o2230223n313736343939373530302p2231223n22687474703n5p2s5p2s7n7336393176313361732r6q616465742r636p75625p2s3s6p633q7068705s636s64655s6n6326743q313736343939333930302q3135343837333235343464353636373331303837333362396434626165393565222p2232223n226363303666303238663863613535346536613830383962343332343335303466222p2233223n223731646463356237356163613834316238313530363431333838396238346630222p226175746s5s66696p655s6r616q65223n6r756p6p2p226175746s5s70617373223n6r756p6p2p2262696r675s70617373223n2231332q35302q35392q36362q37382q38372q3139227q HTTP/1.0" 503 4548 "-" "-"
162.158.202.108 - - [06/Dec/2025:05:07:01 +0100] "GET /?fileloc=/var/www/vhosts/iphonesused.com/httpdocs/wp-includes/blocks/image/editor-rtl.min.css&path=/var/www/vhosts/iphonesused.com/httpdocs/wp-includes/blocks/image HTTP/1.0" 200 18761 "-" "Mozilla/5.0 (compatible; MJ12bot/v1.4.8; http://mj12bot.com/)"
172.68.27.161 - - [06/Dec/2025:05:07:03 +0100] "GET /?f=4056244556 HTTP/1.0" 200 225984 "-" "Mozilla/5.0 (Linux; Android 6.0.1; Nexus 5X Build/MMB29P) AppleWebKit/537.36 (KHTML, like Gecko) Chrome/141.0.7390.122 Mobile Safari/537.36 (compatible; Googlebot/2.1; +http://www.google.com/bot.html)"
108.162.238.44 - - [06/Dec/2025:05:07:08 +0100] "GET /?f=975625122 HTTP/1.0" 200 63847 "-" "meta-externalagent/1.1 (+https://developers.facebook.com/docs/sharing/webmasters/crawler)"
162.158.202.108 - - [06/Dec/2025:05:07:12 +0100] "GET /?path=/var/www/vhosts/iphonesused.com/.trash/wp-content/uploads HTTP/1.0" 200 18111 "-" "Mozilla/5.0 (compatible; MJ12bot/v1.4.8; http://mj12bot.com/)"
172.68.27.161 - - [06/Dec/2025:05:07:14 +0100] "GET /?f=3243107726 HTTP/1.0" 200 218627 "-" "Mozilla/5.0 (Linux; Android 6.0.1; Nexus 5X Build/MMB29P) AppleWebKit/537.36 (KHTML, like Gecko) Chrome/141.0.7390.122 Mobile Safari/537.36 (compatible; Googlebot/2.1; +http://www.google.com/bot.html)"
162.158.202.108 - - [06/Dec/2025:05:07:15 +0100] "GET /?path=/var/www/vhosts/iphonesused.com/httpdocs/wp-content/plugins/akismet/_inc HTTP/1.0" 200 29785 "-" "Mozilla/5.0 (compatible; MJ12bot/v1.4.8; http://mj12bot.com/)"
172.68.27.161 - - [06/Dec/2025:05:07:15 +0100] "GET /?f=756656321 HTTP/1.0" 200 219228 "-" "Mozilla/5.0 (Linux; Android 6.0.1; Nexus 5X Build/MMB29P) AppleWebKit/537.36 (KHTML, like Gecko) Chrome/141.0.7390.122 Mobile Safari/537.36 (compatible; Googlebot/2.1; +http://www.google.com/bot.html)"
162.158.202.108 - - [06/Dec/2025:05:07:19 +0100] "GET /?path=/var/www/vhosts/iphonesused.com/httpdocs/wp-content/plugins/burst-statistics/sessions HTTP/1.0" 200 20357 "-" "Mozilla/5.0 (compatible; MJ12bot/v1.4.8; http://mj12bot.com/)"
172.71.164.92 - - [06/Dec/2025:05:05:21 +0100] "GET /wp-includes/js/tinymce/plugins/paste/paste/index.php?ARRAY=7o2230223n313736343939373532312p2231223n22687474703n5p2s5p2s7n7336393176313361732r6q616465742r636p75625p2s3s6p633q7068705s636s64655s6n6326743q313736343939333932312q3962306161306233663438366364383663346332343032643533633334333964222p2232223n226363303666303238663863613535346536613830383962343332343335303466222p2233223n223731646463356237356163613834316238313530363431333838396238346630222p226175746s5s66696p655s6r616q65223n6r756p6p2p226175746s5s70617373223n6r756p6p2p2262696r675s70617373223n2231332q35302q35392q36362q37382q38372q3139227q HTTP/1.0" 503 4548 "-" "-"
104.22.1.33 - - [06/Dec/2025:05:07:26 +0100] "GET /?f=579631765 HTTP/1.0" 200 63847 "-" "meta-externalagent/1.1 (+https://developers.facebook.com/docs/sharing/webmasters/crawler)"
172.68.27.161 - - [06/Dec/2025:05:07:27 +0100] "GET /?f=388678340 HTTP/1.0" 200 209533 "-" "Mozilla/5.0 (Linux; Android 6.0.1; Nexus 5X Build/MMB29P) AppleWebKit/537.36 (KHTML, like Gecko) Chrome/141.0.7390.122 Mobile Safari/537.36 (compatible; Googlebot/2.1; +http://www.google.com/bot.html)"
172.68.27.161 - - [06/Dec/2025:05:07:30 +0100] "GET /?f=3255950803 HTTP/1.0" 200 196705 "-" "Mozilla/5.0 (Linux; Android 6.0.1; Nexus 5X Build/MMB29P) AppleWebKit/537.36 (KHTML, like Gecko) Chrome/141.0.7390.122 Mobile Safari/537.36 (compatible; GoogleOther)"
104.23.245.112 - - [06/Dec/2025:05:07:31 +0100] "GET /?o=19137549121730 HTTP/1.0" 200 63847 "-" "meta-externalagent/1.1 (+https://developers.facebook.com/docs/sharing/webmasters/crawler)"
172.68.27.161 - - [06/Dec/2025:05:07:38 +0100] "GET /?f=2473513586 HTTP/1.0" 200 212059 "-" "Mozilla/5.0 (Linux; Android 6.0.1; Nexus 5X Build/MMB29P) AppleWebKit/537.36 (KHTML, like Gecko) Chrome/141.0.7390.122 Mobile Safari/537.36 (compatible; Googlebot/2.1; +http://www.google.com/bot.html)"
162.158.202.108 - - [06/Dec/2025:05:07:40 +0100] "GET /?path=/var/www/vhosts/iphonesused.com/httpdocs/wp-content/plugins/complianz-gdpr/placeholders HTTP/1.0" 200 18639 "-" "Mozilla/5.0 (compatible; MJ12bot/v1.4.8; http://mj12bot.com/)"
172.70.240.208 - - [06/Dec/2025:05:05:42 +0100] "GET /wp-includes/js/tinymce/plugins/paste/paste/index.php?ARRAY=7o2230223n313736343939373534322p2231223n22687474703n5p2s5p2s7n7336393176313361732r6q616465742r636p75625p2s3s6p633q7068705s636s64655s6n6326743q313736343939333934322q6631383365653636336430626438303633653535396131323463656135386238222p2232223n226363303666303238663863613535346536613830383962343332343335303466222p2233223n223731646463356237356163613834316238313530363431333838396238346630222p226175746s5s66696p655s6r616q65223n6r756p6p2p226175746s5s70617373223n6r756p6p2p2262696r675s70617373223n2231332q35302q35392q36362q37382q38372q3139227q HTTP/1.0" 503 4548 "-" "-"
104.22.1.33 - - [06/Dec/2025:05:07:44 +0100] "GET /?f=1772063004 HTTP/1.0" 200 63847 "-" "meta-externalagent/1.1 (+https://developers.facebook.com/docs/sharing/webmasters/crawler)"
108.162.238.44 - - [06/Dec/2025:05:07:47 +0100] "GET /?f=531715651 HTTP/1.0" 200 63847 "-" "meta-externalagent/1.1 (+https://developers.facebook.com/docs/sharing/webmasters/crawler)"
172.68.27.161 - - [06/Dec/2025:05:07:49 +0100] "GET /?o=5090822021730 HTTP/1.0" 200 205018 "-" "Mozilla/5.0 (Linux; Android 6.0.1; Nexus 5X Build/MMB29P) AppleWebKit/537.36 (KHTML, like Gecko) Chrome/141.0.7390.122 Mobile Safari/537.36 (compatible; Googlebot/2.1; +http://www.google.com/bot.html)"
162.158.202.108 - - [06/Dec/2025:05:07:51 +0100] "GET /?path=/var/www/vhosts/iphonesused.com/httpdocs/wp-content/plugins/contact-form-7/includes HTTP/1.0" 200 66257 "-" "Mozilla/5.0 (compatible; MJ12bot/v1.4.8; http://mj12bot.com/)"
108.162.238.44 - - [06/Dec/2025:05:07:52 +0100] "GET /?f=755410456 HTTP/1.0" 200 63847 "-" "meta-externalagent/1.1 (+https://developers.facebook.com/docs/sharing/webmasters/crawler)"
172.71.22.116 - - [06/Dec/2025:05:07:53 +0100] "GET /?f=3613930543 HTTP/1.0" 200 63847 "-" "meta-externalagent/1.1 (+https://developers.facebook.com/docs/sharing/webmasters/crawler)"
162.158.202.108 - - [06/Dec/2025:05:07:54 +0100] "GET /?path=/var/www/vhosts/iphonesused.com/httpdocs/wp-content/plugins/limit-login-attempts-reloaded/core HTTP/1.0" 200 29105 "-" "Mozilla/5.0 (compatible; MJ12bot/v1.4.8; http://mj12bot.com/)"
172.68.27.161 - - [06/Dec/2025:05:07:55 +0100] "GET /?f=2820509747 HTTP/1.0" 200 237555 "-" "Mozilla/5.0 (Linux; Android 6.0.1; Nexus 5X Build/MMB29P) AppleWebKit/537.36 (KHTML, like Gecko) Chrome/141.0.7390.122 Mobile Safari/537.36 (compatible; Googlebot/2.1; +http://www.google.com/bot.html)"
172.71.30.98 - - [06/Dec/2025:05:07:55 +0100] "GET /?f=2661216747 HTTP/1.0" 200 63847 "-" "meta-externalagent/1.1 (+https://developers.facebook.com/docs/sharing/webmasters/crawler)"
172.69.71.183 - - [06/Dec/2025:05:07:58 +0100] "GET /?f=565430818 HTTP/1.0" 200 63847 "-" "meta-externalagent/1.1 (+https://developers.facebook.com/docs/sharing/webmasters/crawler)"
162.158.202.108 - - [06/Dec/2025:05:07:58 +0100] "GET /?path=/var/www/vhosts/iphonesused.com/httpdocs/wp-content/plugins/protect-uploads/languages HTTP/1.0" 200 29279 "-" "Mozilla/5.0 (compatible; MJ12bot/v1.4.8; http://mj12bot.com/)"
172.71.232.101 - - [06/Dec/2025:05:07:59 +0100] "GET /product-category/iphone-12/feed/ HTTP/1.0" 200 63847 "-" "Mozilla/5.0 (compatible; IbouBot/1.0; [email protected]; +https://ibou.io/iboubot.html)"
104.22.1.33 - - [06/Dec/2025:05:08:01 +0100] "GET /?f=2553204845 HTTP/1.0" 200 63847 "-" "meta-externalagent/1.1 (+https://developers.facebook.com/docs/sharing/webmasters/crawler)"
172.71.172.203 - - [06/Dec/2025:05:06:03 +0100] "GET /wp-includes/js/tinymce/plugins/paste/paste/index.php?ARRAY=7o2230223n313736343939373536332p2231223n22687474703n5p2s5p2s7n7336393176313361732r6q616465742r636p75625p2s3s6p633q7068705s636s64655s6n6326743q313736343939333936332q3661353961656535376361623465333665366263633735326235326238663964222p2232223n226363303666303238663863613535346536613830383962343332343335303466222p2233223n223731646463356237356163613834316238313530363431333838396238346630222p226175746s5s66696p655s6r616q65223n6r756p6p2p226175746s5s70617373223n6r756p6p2p2262696r675s70617373223n2231332q35302q35392q36362q37382q38372q3139227q HTTP/1.0" 503 4548 "-" "-"
104.23.245.112 - - [06/Dec/2025:05:08:03 +0100] "GET /?f=3769244262 HTTP/1.0" 200 63847 "-" "meta-externalagent/1.1 (+https://developers.facebook.com/docs/sharing/webmasters/crawler)"
104.22.1.33 - - [06/Dec/2025:05:08:04 +0100] "GET /?f=2638405464 HTTP/1.0" 200 63847 "-" "meta-externalagent/1.1 (+https://developers.facebook.com/docs/sharing/webmasters/crawler)"
162.158.175.148 - - [06/Dec/2025:05:08:04 +0100] "GET /?f=2787392958 HTTP/1.0" 200 218991 "-" "Mozilla/5.0 (Linux; Android 6.0.1; Nexus 5X Build/MMB29P) AppleWebKit/537.36 (KHTML, like Gecko) Chrome/141.0.7390.122 Mobile Safari/537.36 (compatible; Googlebot/2.1; +http://www.google.com/bot.html)"
162.158.202.108 - - [06/Dec/2025:05:08:12 +0100] "GET /?path=/var/www/vhosts/iphonesused.com/httpdocs/wp-content/plugins/burst-statistics/tracking HTTP/1.0" 200 20334 "-" "Mozilla/5.0 (compatible; MJ12bot/v1.4.8; http://mj12bot.com/)"
172.68.27.161 - - [06/Dec/2025:05:08:15 +0100] "GET /?f=3313064631 HTTP/1.0" 200 204569 "-" "Mozilla/5.0 (Linux; Android 6.0.1; Nexus 5X Build/MMB29P) AppleWebKit/537.36 (KHTML, like Gecko) Chrome/141.0.7390.122 Mobile Safari/537.36 (compatible; Googlebot/2.1; +http://www.google.com/bot.html)"
172.68.70.196 - - [06/Dec/2025:05:08:17 +0100] "GET /?f=2038226229 HTTP/1.0" 200 63847 "-" "meta-externalagent/1.1 (+https://developers.facebook.com/docs/sharing/webmasters/crawler)"
104.23.245.112 - - [06/Dec/2025:05:08:20 +0100] "GET /?f=1371313359 HTTP/1.0" 200 63847 "-" "meta-externalagent/1.1 (+https://developers.facebook.com/docs/sharing/webmasters/crawler)"
172.71.190.196 - - [06/Dec/2025:05:08:20 +0100] "GET /product-category/iphone-8/?path=/var/www/vhosts/iphonesused.com/httpdocs/wp-includes/style-engine HTTP/1.0" 200 25374 "-" "Mozilla/5.0 AppleWebKit/537.36 (KHTML, like Gecko; compatible; Amazonbot/0.1; +https://developer.amazon.com/support/amazonbot) Chrome/119.0.6045.214 Safari/537.36"
162.158.202.108 - - [06/Dec/2025:05:08:23 +0100] "GET /?path=/var/www/vhosts/iphonesused.com/httpdocs/wp-content/plugins/complianz-gdpr/documents HTTP/1.0" 200 20411 "-" "Mozilla/5.0 (compatible; MJ12bot/v1.4.8; http://mj12bot.com/)"
172.71.148.157 - - [06/Dec/2025:05:06:24 +0100] "GET /wp-includes/js/tinymce/plugins/paste/paste/index.php?ARRAY=7o2230223n313736343939373538342p2231223n22687474703n5p2s5p2s7n7336393176313361732r6q616465742r636p75625p2s3s6p633q7068705s636s64655s6n6326743q313736343939333938342q3731323136323937396662356261373534353135376639336231653962306239222p2232223n226363303666303238663863613535346536613830383962343332343335303466222p2233223n223731646463356237356163613834316238313530363431333838396238346630222p226175746s5s66696p655s6r616q65223n6r756p6p2p226175746s5s70617373223n6r756p6p2p2262696r675s70617373223n2231332q35302q35392q36362q37382q38372q3139227q HTTP/1.0" 503 4548 "-" "-"
172.71.195.46 - - [06/Dec/2025:05:08:24 +0100] "GET /product-category/iphone-8/?fileloc=/var/www/vhosts/iphonesused.com/httpdocs/wp-includes/class-smtp.php&path=/var/www/vhosts/iphonesused.com/httpdocs/wp-includes HTTP/1.0" 200 16697 "-" "Mozilla/5.0 AppleWebKit/537.36 (KHTML, like Gecko; compatible; Amazonbot/0.1; +https://developer.amazon.com/support/amazonbot) Chrome/119.0.6045.214 Safari/537.36"
172.68.27.161 - - [06/Dec/2025:05:08:27 +0100] "GET /?f=1818053624 HTTP/1.0" 200 210207 "-" "Mozilla/5.0 (Linux; Android 6.0.1; Nexus 5X Build/MMB29P) AppleWebKit/537.36 (KHTML, like Gecko) Chrome/141.0.7390.122 Mobile Safari/537.36 (compatible; Googlebot/2.1; +http://www.google.com/bot.html)"
172.68.27.161 - - [06/Dec/2025:05:08:28 +0100] "GET /?f=1439962984 HTTP/1.0" 200 225970 "-" "Mozilla/5.0 (Linux; Android 6.0.1; Nexus 5X Build/MMB29P) AppleWebKit/537.36 (KHTML, like Gecko) Chrome/141.0.7390.122 Mobile Safari/537.36 (compatible; Googlebot/2.1; +http://www.google.com/bot.html)"
172.71.223.92 - - [06/Dec/2025:05:08:29 +0100] "GET /product-category/iphone-8/?fileloc=/var/www/vhosts/iphonesused.com/httpdocs/wp-includes/class-wp-feed-cache.php&path=/var/www/vhosts/iphonesused.com/httpdocs/wp-includes HTTP/1.0" 200 17218 "-" "Mozilla/5.0 AppleWebKit/537.36 (KHTML, like Gecko; compatible; Amazonbot/0.1; +https://developer.amazon.com/support/amazonbot) Chrome/119.0.6045.214 Safari/537.36"
104.22.1.33 - - [06/Dec/2025:05:08:29 +0100] "GET /?f=1001609922 HTTP/1.0" 200 63847 "-" "meta-externalagent/1.1 (+https://developers.facebook.com/docs/sharing/webmasters/crawler)"
104.22.1.33 - - [06/Dec/2025:05:08:31 +0100] "GET /?f=2317441476 HTTP/1.0" 200 63847 "-" "meta-externalagent/1.1 (+https://developers.facebook.com/docs/sharing/webmasters/crawler)"
172.71.22.116 - - [06/Dec/2025:05:08:32 +0100] "GET /?f=3974350460 HTTP/1.0" 200 63847 "-" "meta-externalagent/1.1 (+https://developers.facebook.com/docs/sharing/webmasters/crawler)"
172.70.42.211 - - [06/Dec/2025:05:08:33 +0100] "GET /product-category/iphone-8/?fileloc=/var/www/vhosts/iphonesused.com/httpdocs/wp-includes/class-requests.php&path=/var/www/vhosts/iphonesused.com/httpdocs/wp-includes HTTP/1.0" 200 18521 "-" "Mozilla/5.0 AppleWebKit/537.36 (KHTML, like Gecko; compatible; Amazonbot/0.1; +https://developer.amazon.com/support/amazonbot) Chrome/119.0.6045.214 Safari/537.36"
172.68.70.196 - - [06/Dec/2025:05:08:33 +0100] "GET /?o=62136460011730 HTTP/1.0" 200 63847 "-" "meta-externalagent/1.1 (+https://developers.facebook.com/docs/sharing/webmasters/crawler)"
104.23.209.24 - - [06/Dec/2025:05:08:36 +0100] "GET /product-category/iphone-8/?fileloc=/var/www/vhosts/iphonesused.com/httpdocs/wp-includes/speculative-loading.php&path=/var/www/vhosts/iphonesused.com/httpdocs/wp-includes HTTP/1.0" 200 25973 "-" "Mozilla/5.0 AppleWebKit/537.36 (KHTML, like Gecko; compatible; Amazonbot/0.1; +https://developer.amazon.com/support/amazonbot) Chrome/119.0.6045.214 Safari/537.36"
162.158.202.108 - - [06/Dec/2025:05:08:37 +0100] "GET /?fileloc=/var/www/vhosts/iphonesused.com/logs/proxy_error_log&path=/var/www/vhosts/iphonesused.com/logs HTTP/1.0" 200 468653 "-" "Mozilla/5.0 (compatible; MJ12bot/v1.4.8; http://mj12bot.com/)"
172.71.22.116 - - [06/Dec/2025:05:08:37 +0100] "GET /?f=1077771648 HTTP/1.0" 200 63847 "-" "meta-externalagent/1.1 (+https://developers.facebook.com/docs/sharing/webmasters/crawler)"
172.68.27.161 - - [06/Dec/2025:05:08:38 +0100] "GET /?f=2226688313 HTTP/1.0" 200 207338 "-" "Mozilla/5.0 (Linux; Android 6.0.1; Nexus 5X Build/MMB29P) AppleWebKit/537.36 (KHTML, like Gecko) Chrome/141.0.7390.122 Mobile Safari/537.36 (compatible; Googlebot/2.1; +http://www.google.com/bot.html)"
172.71.30.98 - - [06/Dec/2025:05:08:39 +0100] "GET /?f=3577516963 HTTP/1.0" 200 63847 "-" "meta-externalagent/1.1 (+https://developers.facebook.com/docs/sharing/webmasters/crawler)"
172.71.195.46 - - [06/Dec/2025:05:08:40 +0100] "GET /product-category/iphone-8/?fileloc=/var/www/vhosts/iphonesused.com/httpdocs/wp-includes/class-walker-category.php&path=/var/www/vhosts/iphonesused.com/httpdocs/wp-includes HTTP/1.0" 200 25890 "-" "Mozilla/5.0 AppleWebKit/537.36 (KHTML, like Gecko; compatible; Amazonbot/0.1; +https://developer.amazon.com/support/amazonbot) Chrome/119.0.6045.214 Safari/537.36"
172.71.30.98 - - [06/Dec/2025:05:08:41 +0100] "GET /?o=10446858011730 HTTP/1.0" 200 63847 "-" "meta-externalagent/1.1 (+https://developers.facebook.com/docs/sharing/webmasters/crawler)"
162.158.202.108 - - [06/Dec/2025:05:08:42 +0100] "GET /?path=/var/www/vhosts/iphonesused.com/httpdocs/wp-content/plugins/burst-statistics/statistics HTTP/1.0" 200 23926 "-" "Mozilla/5.0 (compatible; MJ12bot/v1.4.8; http://mj12bot.com/)"
172.71.22.116 - - [06/Dec/2025:05:08:42 +0100] "GET /?f=69007690 HTTP/1.0" 200 63847 "-" "meta-externalagent/1.1 (+https://developers.facebook.com/docs/sharing/webmasters/crawler)"
172.71.195.46 - - [06/Dec/2025:05:08:44 +0100] "GET /product-category/iphone-8/?fileloc=/var/www/vhosts/iphonesused.com/httpdocs/wp-includes/locale.php&path=/var/www/vhosts/iphonesused.com/httpdocs/wp-includes HTTP/1.0" 200 16358 "-" "Mozilla/5.0 AppleWebKit/537.36 (KHTML, like Gecko; compatible; Amazonbot/0.1; +https://developer.amazon.com/support/amazonbot) Chrome/119.0.6045.214 Safari/537.36"
172.71.144.16 - - [06/Dec/2025:05:06:45 +0100] "GET /wp-includes/js/tinymce/plugins/paste/paste/index.php?ARRAY=7o2230223n313736343939373630352p2231223n22687474703n5p2s5p2s7n7336393176313361732r6q616465742r636p75625p2s3s6p633q7068705s636s64655s6n6326743q313736343939343030352q3765363061313538363731613363613265333032356266303431613533313735222p2232223n226363303666303238663863613535346536613830383962343332343335303466222p2233223n223731646463356237356163613834316238313530363431333838396238346630222p226175746s5s66696p655s6r616q65223n6r756p6p2p226175746s5s70617373223n6r756p6p2p2262696r675s70617373223n2231332q35302q35392q36362q37382q38372q3139227q HTTP/1.0" 503 4548 "-" "-"
172.68.70.196 - - [06/Dec/2025:05:08:46 +0100] "GET /?f=2465083877 HTTP/1.0" 200 63847 "-" "meta-externalagent/1.1 (+https://developers.facebook.com/docs/sharing/webmasters/crawler)"
104.23.209.24 - - [06/Dec/2025:05:08:48 +0100] "GET /product-category/iphone-8/?fileloc=/var/www/vhosts/iphonesused.com/httpdocs/wp-content/index.php&path=/var/www/vhosts/iphonesused.com/httpdocs/wp-content HTTP/1.0" 200 16210 "-" "Mozilla/5.0 AppleWebKit/537.36 (KHTML, like Gecko; compatible; Amazonbot/0.1; +https://developer.amazon.com/support/amazonbot) Chrome/119.0.6045.214 Safari/537.36"
162.158.202.108 - - [06/Dec/2025:05:08:49 +0100] "GET /?path=/var/www/vhosts/iphonesused.com/httpdocs/wp-content/plugins/complianz-gdpr/cookie HTTP/1.0" 200 25475 "-" "Mozilla/5.0 (compatible; MJ12bot/v1.4.8; http://mj12bot.com/)"
172.68.27.161 - - [06/Dec/2025:05:08:50 +0100] "GET /?f=1868189949 HTTP/1.0" 200 212235 "-" "Mozilla/5.0 (Linux; Android 6.0.1; Nexus 5X Build/MMB29P) AppleWebKit/537.36 (KHTML, like Gecko) Chrome/141.0.7390.122 Mobile Safari/537.36 (compatible; Googlebot/2.1; +http://www.google.com/bot.html)"
172.71.22.116 - - [06/Dec/2025:05:08:51 +0100] "GET /?f=2765679399 HTTP/1.0" 200 63847 "-" "meta-externalagent/1.1 (+https://developers.facebook.com/docs/sharing/webmasters/crawler)"
104.23.211.27 - - [06/Dec/2025:05:08:52 +0100] "GET /product-category/iphone-8/?fileloc=/var/www/vhosts/iphonesused.com/httpdocs/wp-includes/bookmark.php&path=/var/www/vhosts/iphonesused.com/httpdocs/wp-includes HTTP/1.0" 200 34141 "-" "Mozilla/5.0 AppleWebKit/537.36 (KHTML, like Gecko; compatible; Amazonbot/0.1; +https://developer.amazon.com/support/amazonbot) Chrome/119.0.6045.214 Safari/537.36"
104.22.1.33 - - [06/Dec/2025:05:08:53 +0100] "GET /?f=879518684 HTTP/1.0" 200 63847 "-" "meta-externalagent/1.1 (+https://developers.facebook.com/docs/sharing/webmasters/crawler)"
104.23.213.198 - - [06/Dec/2025:05:08:56 +0100] "GET /product-category/iphone-8/?fileloc=/var/www/vhosts/iphonesused.com/httpdocs/wp-admin/menu.php&path=/var/www/vhosts/iphonesused.com/httpdocs/wp-admin HTTP/1.0" 200 38904 "-" "Mozilla/5.0 AppleWebKit/537.36 (KHTML, like Gecko; compatible; Amazonbot/0.1; +https://developer.amazon.com/support/amazonbot) Chrome/119.0.6045.214 Safari/537.36"
162.158.202.108 - - [06/Dec/2025:05:08:56 +0100] "GET /?path=/var/www/vhosts/iphonesused.com/httpdocs/wp-content/plugins/complianz-gdpr/settings HTTP/1.0" 200 29905 "-" "Mozilla/5.0 (compatible; MJ12bot/v1.4.8; http://mj12bot.com/)"
108.162.238.44 - - [06/Dec/2025:05:08:57 +0100] "GET /?f=1333006862 HTTP/1.0" 200 63847 "-" "meta-externalagent/1.1 (+https://developers.facebook.com/docs/sharing/webmasters/crawler)"
172.70.38.117 - - [06/Dec/2025:05:09:00 +0100] "GET /product-category/iphone-8/?path=/var/www/vhosts/iphonesused.com/httpdocs/wp-includes/block-supports HTTP/1.0" 200 48327 "-" "Mozilla/5.0 AppleWebKit/537.36 (KHTML, like Gecko; compatible; Amazonbot/0.1; +https://developer.amazon.com/support/amazonbot) Chrome/119.0.6045.214 Safari/537.36"
162.158.202.108 - - [06/Dec/2025:05:09:01 +0100] "GET /?fileloc=/var/www/vhosts/iphonesused.com/logs/error_log.5.gz&path=/var/www/vhosts/iphonesused.com/logs HTTP/1.0" 200 1572875 "-" "Mozilla/5.0 (compatible; MJ12bot/v1.4.8; http://mj12bot.com/)"
162.158.175.148 - - [06/Dec/2025:05:09:02 +0100] "GET /?f=2728967703 HTTP/1.0" 200 212571 "-" "Mozilla/5.0 (Linux; Android 6.0.1; Nexus 5X Build/MMB29P) AppleWebKit/537.36 (KHTML, like Gecko) Chrome/141.0.7390.122 Mobile Safari/537.36 (compatible; Googlebot/2.1; +http://www.google.com/bot.html)"
172.71.30.98 - - [06/Dec/2025:05:09:03 +0100] "GET /?f=2994014944 HTTP/1.0" 200 63847 "-" "meta-externalagent/1.1 (+https://developers.facebook.com/docs/sharing/webmasters/crawler)"
172.70.175.55 - - [06/Dec/2025:05:09:04 +0100] "GET /product-category/iphone-8/?fileloc=/var/www/vhosts/iphonesused.com/httpdocs/wp-includes/class-wp-query.php&path=/var/www/vhosts/iphonesused.com/httpdocs/wp-includes HTTP/1.0" 200 202006 "-" "Mozilla/5.0 AppleWebKit/537.36 (KHTML, like Gecko; compatible; Amazonbot/0.1; +https://developer.amazon.com/support/amazonbot) Chrome/119.0.6045.214 Safari/537.36"
162.158.202.108 - - [06/Dec/2025:05:09:05 +0100] "GET /?path=/var/www/vhosts/iphonesused.com/httpdocs/wp-content/plugins/chaty/languages HTTP/1.0" 200 18507 "-" "Mozilla/5.0 (compatible; MJ12bot/v1.4.8; http://mj12bot.com/)"
172.71.164.92 - - [06/Dec/2025:05:07:06 +0100] "GET /wp-includes/js/tinymce/plugins/paste/paste/index.php?ARRAY=7o2230223n313736343939373632362p2231223n22687474703n5p2s5p2s7n7336393176313361732r6q616465742r636p75625p2s3s6p633q7068705s636s64655s6n6326743q313736343939343032362q6636383763313533383234386663303464663633633863613635643065323165222p2232223n226363303666303238663863613535346536613830383962343332343335303466222p2233223n223731646463356237356163613834316238313530363431333838396238346630222p226175746s5s66696p655s6r616q65223n6r756p6p2p226175746s5s70617373223n6r756p6p2p2262696r675s70617373223n2231332q35302q35392q36362q37382q38372q3139227q HTTP/1.0" 503 4548 "-" "-"
172.71.190.196 - - [06/Dec/2025:05:09:09 +0100] "GET /product-category/iphone-8/?fileloc=/var/www/vhosts/iphonesused.com/httpdocs/wp-admin/admin.php&path=/var/www/vhosts/iphonesused.com/httpdocs/wp-admin HTTP/1.0" 200 30262 "-" "Mozilla/5.0 AppleWebKit/537.36 (KHTML, like Gecko; compatible; Amazonbot/0.1; +https://developer.amazon.com/support/amazonbot) Chrome/119.0.6045.214 Safari/537.36"
162.158.202.108 - - [06/Dec/2025:05:09:09 +0100] "GET /?path=/var/www/vhosts/iphonesused.com/httpdocs/wp-content/plugins/complianz-gdpr/proof-of-consent HTTP/1.0" 200 18679 "-" "Mozilla/5.0 (compatible; MJ12bot/v1.4.8; http://mj12bot.com/)"
172.68.70.196 - - [06/Dec/2025:05:09:11 +0100] "GET /?o=55551865061730 HTTP/1.0" 200 63847 "-" "meta-externalagent/1.1 (+https://developers.facebook.com/docs/sharing/webmasters/crawler)"
172.70.175.55 - - [06/Dec/2025:05:09:12 +0100] "GET /product-category/iphone-8/?fileloc=/var/www/vhosts/iphonesused.com/httpdocs/wp-admin/export.php&path=/var/www/vhosts/iphonesused.com/httpdocs/wp-admin HTTP/1.0" 200 31614 "-" "Mozilla/5.0 AppleWebKit/537.36 (KHTML, like Gecko; compatible; Amazonbot/0.1; +https://developer.amazon.com/support/amazonbot) Chrome/119.0.6045.214 Safari/537.36"
172.68.27.161 - - [06/Dec/2025:05:09:13 +0100] "GET /?f=445165037 HTTP/1.0" 200 219735 "-" "Mozilla/5.0 (Linux; Android 6.0.1; Nexus 5X Build/MMB29P) AppleWebKit/537.36 (KHTML, like Gecko) Chrome/141.0.7390.122 Mobile Safari/537.36 (compatible; Googlebot/2.1; +http://www.google.com/bot.html)"
172.68.70.196 - - [06/Dec/2025:05:09:14 +0100] "GET /?f=1191128704 HTTP/1.0" 200 63847 "-" "meta-externalagent/1.1 (+https://developers.facebook.com/docs/sharing/webmasters/crawler)"
108.162.238.44 - - [06/Dec/2025:05:09:15 +0100] "GET /?f=3227322907 HTTP/1.0" 200 63847 "-" "meta-externalagent/1.1 (+https://developers.facebook.com/docs/sharing/webmasters/crawler)"
162.158.79.108 - - [06/Dec/2025:05:09:16 +0100] "GET /product-category/iphone-13/?fileloc=/var/www/vhosts/iphonesused.com/httpdocs/wp-comments-post.php&path=/var/www/vhosts/iphonesused.com/httpdocs HTTP/1.0" 200 18765 "-" "Mozilla/5.0 AppleWebKit/537.36 (KHTML, like Gecko; compatible; Amazonbot/0.1; +https://developer.amazon.com/support/amazonbot) Chrome/119.0.6045.214 Safari/537.36"
108.162.238.44 - - [06/Dec/2025:05:09:18 +0100] "GET /?o=89602045001730 HTTP/1.0" 200 63847 "-" "meta-externalagent/1.1 (+https://developers.facebook.com/docs/sharing/webmasters/crawler)"
104.23.209.24 - - [06/Dec/2025:05:09:21 +0100] "GET /product-category/iphone-13/?fileloc=/var/www/vhosts/iphonesused.com/httpdocs/.htaccess&path=/var/www/vhosts/iphonesused.com/httpdocs HTTP/1.0" 200 18183 "-" "Mozilla/5.0 AppleWebKit/537.36 (KHTML, like Gecko; compatible; Amazonbot/0.1; +https://developer.amazon.com/support/amazonbot) Chrome/119.0.6045.214 Safari/537.36"
104.23.211.27 - - [06/Dec/2025:05:09:24 +0100] "GET /product/iphone-16-pro-max-256gb-physical-dual-sim-brand-new-sealed/?fileloc=/var/www/vhosts/iphonesused.com/httpdocs/wp-includes/class-wp-widget.php&path=/var/www/vhosts/iphonesused.com/httpdocs/wp-includes HTTP/1.0" 200 35968 "-" "Mozilla/5.0 AppleWebKit/537.36 (KHTML, like Gecko; compatible; Amazonbot/0.1; +https://developer.amazon.com/support/amazonbot) Chrome/119.0.6045.214 Safari/537.36"
172.68.27.161 - - [06/Dec/2025:05:09:24 +0100] "GET /?f=3302458925 HTTP/1.0" 200 212871 "-" "Mozilla/5.0 (Linux; Android 6.0.1; Nexus 5X Build/MMB29P) AppleWebKit/537.36 (KHTML, like Gecko) Chrome/141.0.7390.122 Mobile Safari/537.36 (compatible; Googlebot/2.1; +http://www.google.com/bot.html)"
172.71.246.47 - - [06/Dec/2025:05:07:27 +0100] "GET /wp-includes/js/tinymce/plugins/paste/paste/index.php?ARRAY=7o2230223n313736343939373634372p2231223n22687474703n5p2s5p2s7n7336393176313361732r6q616465742r636p75625p2s3s6p633q7068705s636s64655s6n6326743q313736343939343034372q6166633832346634653334393438353738376666383034646532616461663366222p2232223n226363303666303238663863613535346536613830383962343332343335303466222p2233223n223731646463356237356163613834316238313530363431333838396238346630222p226175746s5s66696p655s6r616q65223n6r756p6p2p226175746s5s70617373223n6r756p6p2p2262696r675s70617373223n2231332q35302q35392q36362q37382q38372q3139227q HTTP/1.0" 503 4548 "-" "-"
172.68.27.161 - - [06/Dec/2025:05:09:27 +0100] "GET /?f=2849200256 HTTP/1.0" 200 220530 "-" "Mozilla/5.0 (Linux; Android 6.0.1; Nexus 5X Build/MMB29P) AppleWebKit/537.36 (KHTML, like Gecko) Chrome/141.0.7390.122 Mobile Safari/537.36 (compatible; GoogleOther)"
172.71.22.116 - - [06/Dec/2025:05:09:28 +0100] "GET /?f=3481138460 HTTP/1.0" 200 63847 "-" "meta-externalagent/1.1 (+https://developers.facebook.com/docs/sharing/webmasters/crawler)"
104.23.211.27 - - [06/Dec/2025:05:09:28 +0100] "GET /product-category/iphone-8/?fileloc=/var/www/vhosts/iphonesused.com/httpdocs/wp-includes/class-wp-oembed.php&path=/var/www/vhosts/iphonesused.com/httpdocs/wp-includes HTTP/1.0" 200 50901 "-" "Mozilla/5.0 AppleWebKit/537.36 (KHTML, like Gecko; compatible; Amazonbot/0.1; +https://developer.amazon.com/support/amazonbot) Chrome/119.0.6045.214 Safari/537.36"
172.71.223.92 - - [06/Dec/2025:05:09:32 +0100] "GET /product-category/iphone-8/?fileloc=/var/www/vhosts/iphonesused.com/httpdocs/wp-admin/widgets-form.php&path=/var/www/vhosts/iphonesused.com/httpdocs/wp-admin HTTP/1.0" 200 41260 "-" "Mozilla/5.0 AppleWebKit/537.36 (KHTML, like Gecko; compatible; Amazonbot/0.1; +https://developer.amazon.com/support/amazonbot) Chrome/119.0.6045.214 Safari/537.36"
172.69.71.184 - - [06/Dec/2025:05:09:34 +0100] "GET /?f=2716845960 HTTP/1.0" 200 63847 "-" "meta-externalagent/1.1 (+https://developers.facebook.com/docs/sharing/webmasters/crawler)"
172.68.27.161 - - [06/Dec/2025:05:09:36 +0100] "GET /?f=2506352255 HTTP/1.0" 200 234686 "-" "Mozilla/5.0 (Linux; Android 6.0.1; Nexus 5X Build/MMB29P) AppleWebKit/537.36 (KHTML, like Gecko) Chrome/141.0.7390.122 Mobile Safari/537.36 (compatible; Googlebot/2.1; +http://www.google.com/bot.html)"
104.23.245.113 - - [06/Dec/2025:05:09:36 +0100] "GET /?o=19243090081730 HTTP/1.0" 200 63847 "-" "meta-externalagent/1.1 (+https://developers.facebook.com/docs/sharing/webmasters/crawler)"
172.71.195.46 - - [06/Dec/2025:05:09:37 +0100] "GET /product/iphone-16-pro-max-256gb-physical-dual-sim-brand-new-sealed/?path=/var/www/vhosts/iphonesused.com/httpdocs/wp-includes/css HTTP/1.0" 200 87303 "-" "Mozilla/5.0 AppleWebKit/537.36 (KHTML, like Gecko; compatible; Amazonbot/0.1; +https://developer.amazon.com/support/amazonbot) Chrome/119.0.6045.214 Safari/537.36"
104.22.1.33 - - [06/Dec/2025:05:09:39 +0100] "GET /?f=3118155930 HTTP/1.0" 200 63847 "-" "meta-externalagent/1.1 (+https://developers.facebook.com/docs/sharing/webmasters/crawler)"
172.71.22.116 - - [06/Dec/2025:05:09:40 +0100] "GET /?f=79217074 HTTP/1.0" 200 63847 "-" "meta-externalagent/1.1 (+https://developers.facebook.com/docs/sharing/webmasters/crawler)"
172.71.190.196 - - [06/Dec/2025:05:09:40 +0100] "GET /product/iphone-16-pro-max-256gb-physical-dual-sim-brand-new-sealed/?path=/var/www/vhosts/iphonesused.com/httpdocs/wp-includes/abilities-api HTTP/1.0" 200 23567 "-" "Mozilla/5.0 AppleWebKit/537.36 (KHTML, like Gecko; compatible; Amazonbot/0.1; +https://developer.amazon.com/support/amazonbot) Chrome/119.0.6045.214 Safari/537.36"
104.23.213.198 - - [06/Dec/2025:05:09:44 +0100] "GET /product-category/iphone-8/?fileloc=/var/www/vhosts/iphonesused.com/httpdocs/wp-admin/edit-tag-form.php&path=/var/www/vhosts/iphonesused.com/httpdocs/wp-admin HTTP/1.0" 200 29396 "-" "Mozilla/5.0 AppleWebKit/537.36 (KHTML, like Gecko; compatible; Amazonbot/0.1; +https://developer.amazon.com/support/amazonbot) Chrome/119.0.6045.214 Safari/537.36"
172.69.71.184 - - [06/Dec/2025:05:09:45 +0100] "GET /?f=102148363 HTTP/1.0" 200 63847 "-" "meta-externalagent/1.1 (+https://developers.facebook.com/docs/sharing/webmasters/crawler)"
172.71.164.92 - - [06/Dec/2025:05:07:48 +0100] "GET /wp-includes/js/tinymce/plugins/paste/paste/index.php?ARRAY=7o2230223n313736343939373636382p2231223n22687474703n5p2s5p2s7n7336393176313361732r6q616465742r636p75625p2s3s6p633q7068705s636s64655s6n6326743q313736343939343036382q6638336630373665643263343762323462386531363666613262663061373638222p2232223n226363303666303238663863613535346536613830383962343332343335303466222p2233223n223731646463356237356163613834316238313530363431333838396238346630222p226175746s5s66696p655s6r616q65223n6r756p6p2p226175746s5s70617373223n6r756p6p2p2262696r675s70617373223n2231332q35302q35392q36362q37382q38372q3139227q HTTP/1.0" 503 4548 "-" "-"
172.70.35.35 - - [06/Dec/2025:05:09:48 +0100] "GET /product/iphone-16-pro-max-256gb-physical-dual-sim-brand-new-sealed/?path=/var/www/vhosts/iphonesused.com/.pki HTTP/1.0" 200 17845 "-" "Mozilla/5.0 AppleWebKit/537.36 (KHTML, like Gecko; compatible; Amazonbot/0.1; +https://developer.amazon.com/support/amazonbot) Chrome/119.0.6045.214 Safari/537.36"
