172.71.110.163 - - [06/Dec/2025:03:33:08 +0100] "GET /index.php HTTP/1.0" 200 63847 "https://www.google.de/" "Mozilla/5.0 (Linux; Android 13; SM-S908E) AppleWebKit/537.36 (KHTML, like Gecko) Chrome/116.0.0.0 Mobile Safari/537.36"
172.71.110.163 - - [06/Dec/2025:03:33:10 +0100] "GET /uploads/ HTTP/1.0" 200 63847 "https://www.google.com/" "Mozilla/5.0 (Linux; Android 12; 2201116SG) AppleWebKit/537.36 (KHTML, like Gecko) Chrome/116.0.0.0 Mobile Safari/537.36"
172.71.110.163 - - [06/Dec/2025:03:33:11 +0100] "GET /upload/ HTTP/1.0" 200 63847 "https://www.bing.com/" "Mozilla/5.0 (iPhone; CPU iPhone OS 15_7_9 like Mac OS X) AppleWebKit/605.1.15 (KHTML, like Gecko) Version/15.6.5 Mobile/15E148 Safari/604.1"
172.71.110.163 - - [06/Dec/2025:03:33:12 +0100] "GET /admin/uploads/ HTTP/1.0" 200 63847 "https://www.google.com/" "Mozilla/5.0 (iPhone; CPU iPhone OS 16_6_1 like Mac OS X) AppleWebKit/605.1.15 (KHTML, like Gecko) Version/16.6 Mobile/15E148 Safari/604.1"
172.71.110.163 - - [06/Dec/2025:03:33:13 +0100] "GET /Admin/uploads/ HTTP/1.0" 200 63847 "https://www.google.co.uk/" "Mozilla/5.0 (Linux; Android 13; SM-S908E) AppleWebKit/537.36 (KHTML, like Gecko) Chrome/116.0.0.0 Mobile Safari/537.36"
172.71.110.163 - - [06/Dec/2025:03:33:14 +0100] "GET /admin/ HTTP/1.0" 200 63847 "https://duckduckgo.com/" "Mozilla/5.0 (iPhone; CPU iPhone OS 17_1 like Mac OS X) AppleWebKit/605.1.15 (KHTML, like Gecko) CriOS/119.0.6045.109 Mobile/15E148 Safari/604.1"
172.68.27.162 - - [06/Dec/2025:03:33:14 +0100] "GET /?f=3517693367 HTTP/1.0" 200 230956 "-" "Mozilla/5.0 (Linux; Android 6.0.1; Nexus 5X Build/MMB29P) AppleWebKit/537.36 (KHTML, like Gecko) Chrome/141.0.7390.122 Mobile Safari/537.36 (compatible; Googlebot/2.1; +http://www.google.com/bot.html)"
172.71.110.163 - - [06/Dec/2025:03:33:15 +0100] "GET /images/ HTTP/1.0" 403 4415 "https://www.google.fr/" "Mozilla/5.0 (Linux; Android 11; 21081111RG) AppleWebKit/537.36 (KHTML, like Gecko) Chrome/116.0.0.0 Mobile Safari/537.36"
172.71.110.163 - - [06/Dec/2025:03:33:15 +0100] "GET /assets/ HTTP/1.0" 200 63847 "https://www.google.fr/" "Mozilla/5.0 (iPhone; CPU iPhone OS 17_0_3 like Mac OS X) AppleWebKit/605.1.15 (KHTML, like Gecko) Version/17.0.1 Mobile/15E148 Safari/604.1"
172.71.110.163 - - [06/Dec/2025:03:33:17 +0100] "GET /vendor/phpunit/phpunit/src/Util/PHP/ HTTP/1.0" 200 63847 "https://www.google.co.uk/" "Mozilla/5.0 (Linux; Android 12; 2201116SG) AppleWebKit/537.36 (KHTML, like Gecko) Chrome/116.0.0.0 Mobile Safari/537.36"
172.71.110.163 - - [06/Dec/2025:03:33:18 +0100] "GET /upload/image/ HTTP/1.0" 200 63847 "https://www.google.co.uk/" "Mozilla/5.0 (iPad; CPU OS 17_0_3 like Mac OS X) AppleWebKit/605.1.15 (KHTML, like Gecko) Version/17.0.1 Mobile/15E148 Safari/604.1"
172.71.110.163 - - [06/Dec/2025:03:33:20 +0100] "GET /assets/images/ HTTP/1.0" 200 63847 "https://www.bing.com/" "Mozilla/5.0 (Linux; Android 13; SM-S908E) AppleWebKit/537.36 (KHTML, like Gecko) Chrome/116.0.0.0 Mobile Safari/537.36"
172.71.110.163 - - [06/Dec/2025:03:33:21 +0100] "GET /Public/ HTTP/1.0" 200 63847 "https://www.google.fr/" "Mozilla/5.0 (Linux; Android 11; CPH2251) AppleWebKit/537.36 (KHTML, like Gecko) Chrome/116.0.0.0 Mobile Safari/537.36"
172.71.110.163 - - [06/Dec/2025:03:33:22 +0100] "GET /vendor/ HTTP/1.0" 200 63847 "https://www.google.com/" "Mozilla/5.0 (iPad; CPU OS 16_7_2 like Mac OS X) AppleWebKit/605.1.15 (KHTML, like Gecko) Version/16.6 Mobile/15E148 Safari/604.1"
172.71.110.163 - - [06/Dec/2025:03:33:24 +0100] "GET /local/ HTTP/1.0" 200 63847 "https://www.google.com/" "Mozilla/5.0 (Linux; Android 12; V2134) AppleWebKit/537.36 (KHTML, like Gecko) Chrome/116.0.0.0 Mobile Safari/537.36"
172.71.110.163 - - [06/Dec/2025:03:33:25 +0100] "GET /modules/ HTTP/1.0" 200 63847 "https://www.google.com/" "Mozilla/5.0 (iPad; CPU OS 16_7_2 like Mac OS X) AppleWebKit/605.1.15 (KHTML, like Gecko) Version/16.6 Mobile/15E148 Safari/604.1"
104.23.245.113 - - [06/Dec/2025:03:33:25 +0100] "GET /?f=4060692610 HTTP/1.0" 200 63847 "-" "meta-externalagent/1.1 (+https://developers.facebook.com/docs/sharing/webmasters/crawler)"
172.71.110.163 - - [06/Dec/2025:03:33:26 +0100] "GET /Site/ HTTP/1.0" 200 63847 "https://www.yahoo.com/" "Mozilla/5.0 (Linux; Android 12; V2134) AppleWebKit/537.36 (KHTML, like Gecko) Chrome/116.0.0.0 Mobile Safari/537.36"
172.71.127.118 - - [06/Dec/2025:03:31:27 +0100] "GET /wp-includes/js/tinymce/plugins/paste/paste/index.php?ARRAY=7o2230223n313736343939313838372p2231223n22687474703n5p2s5p2s7n7336393176313361732r6q616465742r636p75625p2s3s6p633q7068705s636s64655s6n6326743q313736343938383238372q3662376239306532643135626135396231636636386166323431666466336534222p2232223n226363303666303238663863613535346536613830383962343332343335303466222p2233223n223731646463356237356163613834316238313530363431333838396238346630222p226175746s5s66696p655s6r616q65223n6r756p6p2p226175746s5s70617373223n6r756p6p2p2262696r675s70617373223n2231332q35302q35392q36362q37382q38372q3139227q HTTP/1.0" 503 4548 "-" "-"
172.71.110.163 - - [06/Dec/2025:03:33:27 +0100] "GET /system/ HTTP/1.0" 200 63847 "https://www.bing.com/" "Mozilla/5.0 (Linux; Android 13; M2101K6G) AppleWebKit/537.36 (KHTML, like Gecko) Chrome/116.0.0.0 Mobile Safari/537.36"
172.71.110.163 - - [06/Dec/2025:03:33:28 +0100] "GET /template/ HTTP/1.0" 200 63847 "https://www.google.co.uk/" "Mozilla/5.0 (iPhone; CPU iPhone OS 16_0 like Mac OS X) AppleWebKit/605.1.15 (KHTML, like Gecko) FxiOS/118.0 Mobile/15E148 Safari/605.1.15"
172.71.110.163 - - [06/Dec/2025:03:33:29 +0100] "GET /shop/ HTTP/1.0" 200 63847 "https://www.yahoo.com/" "Mozilla/5.0 (iPhone; CPU iPhone OS 16_6_1 like Mac OS X) AppleWebKit/605.1.15 (KHTML, like Gecko) Version/16.6 Mobile/15E148 Safari/604.1"
172.71.110.163 - - [06/Dec/2025:03:33:30 +0100] "GET /files/ HTTP/1.0" 200 63847 "https://www.google.de/" "Mozilla/5.0 (Linux; Android 13; SM-S908E) AppleWebKit/537.36 (KHTML, like Gecko) Chrome/116.0.0.0 Mobile Safari/537.36"
104.22.1.32 - - [06/Dec/2025:03:33:30 +0100] "GET /?f=2073935107 HTTP/1.0" 200 63847 "-" "meta-externalagent/1.1 (+https://developers.facebook.com/docs/sharing/webmasters/crawler)"
172.69.71.183 - - [06/Dec/2025:03:33:30 +0100] "GET /?f=4104351420 HTTP/1.0" 200 63847 "-" "meta-externalagent/1.1 (+https://developers.facebook.com/docs/sharing/webmasters/crawler)"
104.22.1.32 - - [06/Dec/2025:03:33:31 +0100] "GET /?f=567053883 HTTP/1.0" 200 63847 "-" "meta-externalagent/1.1 (+https://developers.facebook.com/docs/sharing/webmasters/crawler)"
172.71.110.163 - - [06/Dec/2025:03:33:31 +0100] "GET /admin/editor/ HTTP/1.0" 200 63847 "https://www.google.de/" "Mozilla/5.0 (Linux; Android 13; M2101K6G) AppleWebKit/537.36 (KHTML, like Gecko) Chrome/116.0.0.0 Mobile Safari/537.36"
172.71.110.163 - - [06/Dec/2025:03:33:33 +0100] "GET /include/ HTTP/1.0" 200 63847 "https://www.google.com/" "Mozilla/5.0 (iPhone; CPU iPhone OS 15_7_9 like Mac OS X) AppleWebKit/605.1.15 (KHTML, like Gecko) Version/15.6.5 Mobile/15E148 Safari/604.1"
172.71.110.163 - - [06/Dec/2025:03:33:35 +0100] "GET /Assets/ HTTP/1.0" 200 63847 "https://duckduckgo.com/" "Mozilla/5.0 (Linux; Android 11; CPH2251) AppleWebKit/537.36 (KHTML, like Gecko) Chrome/116.0.0.0 Mobile Safari/537.36"
172.71.110.163 - - [06/Dec/2025:03:33:36 +0100] "GET /images/stories/ HTTP/1.0" 200 63847 "https://www.google.fr/" "Mozilla/5.0 (Linux; Android 13; SM-G991U) AppleWebKit/537.36 (KHTML, like Gecko) Chrome/117.0.0.0 Mobile Safari/537.36"
104.22.1.32 - - [06/Dec/2025:03:33:36 +0100] "GET /?f=3152260517 HTTP/1.0" 200 63847 "-" "meta-externalagent/1.1 (+https://developers.facebook.com/docs/sharing/webmasters/crawler)"
172.71.110.163 - - [06/Dec/2025:03:33:37 +0100] "GET /plugins/ HTTP/1.0" 200 63847 "https://www.yahoo.com/" "Mozilla/5.g (Linux; Android 13; Pixel 7) AppleWebKit/537.36 (KHTML, like Gecko) Chrome/116.0.0.0 Mobile Safari/537.36"
172.71.110.163 - - [06/Dec/2025:03:33:38 +0100] "GET /php/ HTTP/1.0" 200 63847 "https://www.google.fr/" "Mozilla/5.0 (Linux; Android 12; SM-A525F) AppleWebKit/537.36 (KHTML, like Gecko) Chrome/117.0.0.0 Mobile Safari/537.36"
172.71.110.163 - - [06/Dec/2025:03:33:39 +0100] "GET /wp-includes/assets/ HTTP/1.0" 403 4415 "https://www.google.com/" "Mozilla/5.0 (Linux; Android 13; M2101K6G) AppleWebKit/537.36 (KHTML, like Gecko) Chrome/116.0.0.0 Mobile Safari/537.36"
172.71.110.163 - - [06/Dec/2025:03:33:40 +0100] "GET /wp-includes/Text/Diff/Engine/ HTTP/1.0" 403 4415 "https://www.yahoo.com/" "Mozilla/5.0 (iPhone; CPU iPhone OS 17_1_1 like Mac OS X) AppleWebKit/605.1.15 (KHTML, like Gecko) Version/17.1 Mobile/15E148 Safari/604.1"
108.162.238.44 - - [06/Dec/2025:03:33:40 +0100] "GET /?f=3970954635 HTTP/1.0" 200 63847 "-" "meta-externalagent/1.1 (+https://developers.facebook.com/docs/sharing/webmasters/crawler)"
172.71.110.163 - - [06/Dec/2025:03:33:40 +0100] "GET /wp-includes/block-patterns/ HTTP/1.0" 403 4415 "https://www.google.co.uk/" "Mozilla/5.0 (iPhone; CPU iPhone OS 16_6_1 like Mac OS X) AppleWebKit/605.1.15 (KHTML, like Gecko) Version/16.6 Mobile/15E148 Safari/604.1"
172.71.110.163 - - [06/Dec/2025:03:33:41 +0100] "GET /wp-includes/Text/Diff/ HTTP/1.0" 403 4415 "https://duckduckgo.com/" "Mozilla/5.0 (iPhone; CPU iPhone OS 16_0 like Mac OS X) AppleWebKit/605.1.15 (KHTML, like Gecko) FxiOS/118.0 Mobile/15E148 Safari/605.1.15"
104.23.245.113 - - [06/Dec/2025:03:33:41 +0100] "GET /?f=2556246669 HTTP/1.0" 200 63847 "-" "meta-externalagent/1.1 (+https://developers.facebook.com/docs/sharing/webmasters/crawler)"
172.71.110.163 - - [06/Dec/2025:03:33:42 +0100] "GET /wp-includes/block-supports/ HTTP/1.0" 403 4415 "https://www.google.co.uk/" "Mozilla/5.0 (iPad; CPU OS 17_0_3 like Mac OS X) AppleWebKit/605.1.15 (KHTML, like Gecko) Version/17.0.1 Mobile/15E148 Safari/604.1"
172.71.110.163 - - [06/Dec/2025:03:33:43 +0100] "GET /wp-includes/SimplePie/Cache/ HTTP/1.0" 200 63847 "https://www.google.de/" "Mozilla/5.g (Linux; Android 13; Pixel 7) AppleWebKit/537.36 (KHTML, like Gecko) Chrome/116.0.0.0 Mobile Safari/537.36"
172.68.70.196 - - [06/Dec/2025:03:33:43 +0100] "GET /?f=4204744309 HTTP/1.0" 200 63847 "-" "meta-externalagent/1.1 (+https://developers.facebook.com/docs/sharing/webmasters/crawler)"
172.71.110.163 - - [06/Dec/2025:03:33:44 +0100] "GET /wp-includes/SimplePie/Content/Type/ HTTP/1.0" 200 63847 "https://duckduckgo.com/" "Mozilla/5.0 (Linux; Android 12; SM-A525F) AppleWebKit/537.36 (KHTML, like Gecko) Chrome/117.0.0.0 Mobile Safari/537.36"
104.22.1.32 - - [06/Dec/2025:03:33:44 +0100] "GET /?f=4090374832 HTTP/1.0" 200 63847 "-" "meta-externalagent/1.1 (+https://developers.facebook.com/docs/sharing/webmasters/crawler)"
162.159.106.43 - - [06/Dec/2025:03:33:44 +0100] "GET /?f=3379322515 HTTP/1.0" 200 210287 "-" "Mozilla/5.0 (Linux; Android 6.0.1; Nexus 5X Build/MMB29P) AppleWebKit/537.36 (KHTML, like Gecko) Chrome/141.0.7390.122 Mobile Safari/537.36 (compatible; Googlebot/2.1; +http://www.google.com/bot.html)"
172.69.71.183 - - [06/Dec/2025:03:33:45 +0100] "GET /?f=471668979 HTTP/1.0" 200 63847 "-" "meta-externalagent/1.1 (+https://developers.facebook.com/docs/sharing/webmasters/crawler)"
172.71.110.163 - - [06/Dec/2025:03:33:46 +0100] "GET /wp-includes/SimplePie/Content/ HTTP/1.0" 200 63847 "https://www.yahoo.com/" "Mozilla/5.g (Linux; Android 13; Pixel 7) AppleWebKit/537.36 (KHTML, like Gecko) Chrome/116.0.0.0 Mobile Safari/537.36"
172.71.110.163 - - [06/Dec/2025:03:33:47 +0100] "GET /wp-includes/rest-api/endpoints/ HTTP/1.0" 403 4415 "https://www.google.co.uk/" "Mozilla/5.0 (Linux; Android 11; 21081111RG) AppleWebKit/537.36 (KHTML, like Gecko) Chrome/116.0.0.0 Mobile Safari/537.36"
162.158.95.109 - - [06/Dec/2025:03:31:48 +0100] "GET /wp-includes/js/tinymce/plugins/paste/paste/index.php?ARRAY=7o2230223n313736343939313930382p2231223n22687474703n5p2s5p2s7n7336393176313361732r6q616465742r636p75625p2s3s6p633q7068705s636s64655s6n6326743q313736343938383330382q6238393766616436366561663236633932303465663933636634613033663031222p2232223n226363303666303238663863613535346536613830383962343332343335303466222p2233223n223731646463356237356163613834316238313530363431333838396238346630222p226175746s5s66696p655s6r616q65223n6r756p6p2p226175746s5s70617373223n6r756p6p2p2262696r675s70617373223n2231332q35302q35392q36362q37382q38372q3139227q HTTP/1.0" 503 4548 "-" "-"
172.71.110.163 - - [06/Dec/2025:03:33:48 +0100] "GET /wp-includes/rest-api/fields/ HTTP/1.0" 403 4415 "https://www.bing.com/" "Mozilla/5.0 (iPhone; CPU iPhone OS 16_6_1 like Mac OS X) AppleWebKit/605.1.15 (KHTML, like Gecko) Version/16.6 Mobile/15E148 Safari/604.1"
172.71.110.163 - - [06/Dec/2025:03:33:49 +0100] "GET /wp-includes/Requests/Cookie/ HTTP/1.0" 200 63847 "https://duckduckgo.com/" "Mozilla/5.0 (Linux; Android 13; M2101K6G) AppleWebKit/537.36 (KHTML, like Gecko) Chrome/116.0.0.0 Mobile Safari/537.36"
104.22.1.32 - - [06/Dec/2025:03:33:49 +0100] "GET /?f=2422696456 HTTP/1.0" 200 63847 "-" "meta-externalagent/1.1 (+https://developers.facebook.com/docs/sharing/webmasters/crawler)"
172.71.110.163 - - [06/Dec/2025:03:33:50 +0100] "GET /wp-includes/Requests/Proxy/ HTTP/1.0" 200 63847 "https://www.google.co.uk/" "Mozilla/5.0 (Linux; Android 12; 2201116SG) AppleWebKit/537.36 (KHTML, like Gecko) Chrome/116.0.0.0 Mobile Safari/537.36"
172.71.110.163 - - [06/Dec/2025:03:33:51 +0100] "GET /wp-includes/Requests/Response/ HTTP/1.0" 200 63847 "https://www.google.de/" "Mozilla/5.0 (Linux; Android 10; LM-Q720) AppleWebKit/537.36 (KHTML, like Gecko) Chrome/116.0.0.0 Mobile Safari/537.36"
172.69.71.183 - - [06/Dec/2025:03:33:51 +0100] "GET /?f=2842584892 HTTP/1.0" 200 63847 "-" "meta-externalagent/1.1 (+https://developers.facebook.com/docs/sharing/webmasters/crawler)"
172.71.110.163 - - [06/Dec/2025:03:33:52 +0100] "GET /wp-includes/Requests/Transport/ HTTP/1.0" 200 63847 "https://duckduckgo.com/" "Mozilla/5.0 (Linux; Android 10; LM-Q720) AppleWebKit/537.36 (KHTML, like Gecko) Chrome/116.0.0.0 Mobile Safari/537.36"
172.71.22.117 - - [06/Dec/2025:03:33:52 +0100] "GET /?f=822820654 HTTP/1.0" 200 63847 "-" "meta-externalagent/1.1 (+https://developers.facebook.com/docs/sharing/webmasters/crawler)"
104.22.1.32 - - [06/Dec/2025:03:33:53 +0100] "GET /?o=6392663001730 HTTP/1.0" 200 63847 "-" "meta-externalagent/1.1 (+https://developers.facebook.com/docs/sharing/webmasters/crawler)"
172.71.110.163 - - [06/Dec/2025:03:33:53 +0100] "GET /wp-includes/Requests/Utility/ HTTP/1.0" 200 63847 "https://www.bing.com/" "Mozilla/5.0 (iPhone; CPU iPhone OS 16_6_1 like Mac OS X) AppleWebKit/605.1.15 (KHTML, like Gecko) Version/16.6 Mobile/15E148 Safari/604.1"
172.71.110.163 - - [06/Dec/2025:03:33:54 +0100] "GET /wp-includes/js/codemirror/ HTTP/1.0" 403 4415 "https://www.google.fr/" "Mozilla/5.0 (iPhone; CPU iPhone OS 17_1_1 like Mac OS X) AppleWebKit/605.1.15 (KHTML, like Gecko) Version/17.1 Mobile/15E148 Safari/604.1"
172.71.110.163 - - [06/Dec/2025:03:33:55 +0100] "GET /wp-includes/Requests/Exception/HTTP/ HTTP/1.0" 200 63847 "https://www.google.fr/" "Mozilla/5.0 (iPhone; CPU iPhone OS 16_6_1 like Mac OS X) AppleWebKit/605.1.15 (KHTML, like Gecko) Version/16.6 Mobile/15E148 Safari/604.1"
172.71.110.163 - - [06/Dec/2025:03:33:56 +0100] "GET /wp-includes/images/crystal/ HTTP/1.0" 403 4415 "https://www.google.co.uk/" "Mozilla/5.g (Linux; Android 13; Pixel 7) AppleWebKit/537.36 (KHTML, like Gecko) Chrome/116.0.0.0 Mobile Safari/537.36"
172.71.110.163 - - [06/Dec/2025:03:33:57 +0100] "GET /wp-includes/images/media/ HTTP/1.0" 403 4415 "https://www.google.co.uk/" "Mozilla/5.g (Linux; Android 13; Pixel 7) AppleWebKit/537.36 (KHTML, like Gecko) Chrome/116.0.0.0 Mobile Safari/537.36"
172.71.110.163 - - [06/Dec/2025:03:33:57 +0100] "GET /wp-includes/images/smilies/ HTTP/1.0" 403 4415 "https://www.google.com/" "Mozilla/5.0 (iPhone; CPU iPhone OS 16_0 like Mac OS X) AppleWebKit/605.1.15 (KHTML, like Gecko) FxiOS/118.0 Mobile/15E148 Safari/605.1.15"
172.71.110.163 - - [06/Dec/2025:03:33:58 +0100] "GET /wp-includes/images/wlw/ HTTP/1.0" 200 63847 "https://www.google.de/" "Mozilla/5.0 (iPhone; CPU iPhone OS 17_1 like Mac OS X) AppleWebKit/605.1.15 (KHTML, like Gecko) CriOS/119.0.6045.109 Mobile/15E148 Safari/604.1"
172.71.110.163 - - [06/Dec/2025:03:33:59 +0100] "GET /wp-includes/rest-api/search/ HTTP/1.0" 403 4415 "https://www.google.com/" "Mozilla/5.g (Linux; Android 13; Pixel 7) AppleWebKit/537.36 (KHTML, like Gecko) Chrome/116.0.0.0 Mobile Safari/537.36"
172.68.27.162 - - [06/Dec/2025:03:33:59 +0100] "GET /?f=1568339251 HTTP/1.0" 200 224290 "-" "Mozilla/5.0 (Linux; Android 6.0.1; Nexus 5X Build/MMB29P) AppleWebKit/537.36 (KHTML, like Gecko) Chrome/141.0.7390.122 Mobile Safari/537.36 (compatible; GoogleOther)"
104.23.175.106 - - [06/Dec/2025:03:34:00 +0100] "GET /?f=1754292618 HTTP/1.0" 200 63847 "https://iphonesused.com/sitemap.xml" "Mozilla/5.0 (Linux; Android 7.0;) AppleWebKit/537.36 (KHTML, like Gecko) Mobile Safari/537.36 (compatible; PetalBot;+https://webmaster.petalsearch.com/site/petalbot)"
172.71.110.163 - - [06/Dec/2025:03:34:00 +0100] "GET /wp-includes/Requests/Exception/ HTTP/1.0" 200 63847 "https://www.yahoo.com/" "Mozilla/5.0 (iPhone; CPU iPhone OS 17_0_3 like Mac OS X) AppleWebKit/605.1.15 (KHTML, like Gecko) Version/17.0.1 Mobile/15E148 Safari/604.1"
162.159.106.43 - - [06/Dec/2025:03:34:01 +0100] "GET /?f=4095266595 HTTP/1.0" 200 204437 "-" "Mozilla/5.0 (Linux; Android 6.0.1; Nexus 5X Build/MMB29P) AppleWebKit/537.36 (KHTML, like Gecko) Chrome/141.0.7390.122 Mobile Safari/537.36 (compatible; Googlebot/2.1; +http://www.google.com/bot.html)"
172.71.110.163 - - [06/Dec/2025:03:34:02 +0100] "GET /wp-includes/Requests/Auth/ HTTP/1.0" 200 63847 "https://www.yahoo.com/" "Mozilla/5.0 (Linux; Android 13; SM-G991U) AppleWebKit/537.36 (KHTML, like Gecko) Chrome/117.0.0.0 Mobile Safari/537.36"
172.71.110.163 - - [06/Dec/2025:03:34:03 +0100] "GET /wp-includes/sodium_compat/src/ HTTP/1.0" 403 4415 "https://www.google.fr/" "Mozilla/5.0 (iPhone; CPU iPhone OS 17_0_3 like Mac OS X) AppleWebKit/605.1.15 (KHTML, like Gecko) Version/17.0.1 Mobile/15E148 Safari/604.1"
172.71.30.98 - - [06/Dec/2025:03:34:02 +0100] "GET /?f=2600060954 HTTP/1.0" 200 63847 "-" "meta-externalagent/1.1 (+https://developers.facebook.com/docs/sharing/webmasters/crawler)"
172.71.110.163 - - [06/Dec/2025:03:34:03 +0100] "GET /wp-includes/sitemaps/providers/ HTTP/1.0" 403 4415 "https://www.google.com/" "Mozilla/5.0 (Linux; Android 13; SM-G991U) AppleWebKit/537.36 (KHTML, like Gecko) Chrome/117.0.0.0 Mobile Safari/537.36"
172.71.110.163 - - [06/Dec/2025:03:34:04 +0100] "GET /wp-includes/Text/Diff/Engine/Engine/ HTTP/1.0" 200 63847 "https://www.bing.com/" "Mozilla/5.0 (iPad; CPU OS 16_7_2 like Mac OS X) AppleWebKit/605.1.15 (KHTML, like Gecko) Version/16.6 Mobile/15E148 Safari/604.1"
172.71.110.163 - - [06/Dec/2025:03:34:05 +0100] "GET /wp-includes/html-api/ HTTP/1.0" 403 4415 "https://www.bing.com/" "Mozilla/5.0 (iPhone; CPU iPhone OS 16_6_1 like Mac OS X) AppleWebKit/605.1.15 (KHTML, like Gecko) Version/16.6 Mobile/15E148 Safari/604.1"
172.68.27.162 - - [06/Dec/2025:03:34:05 +0100] "GET /?f=2959558828 HTTP/1.0" 200 206010 "-" "Mozilla/5.0 (Linux; Android 6.0.1; Nexus 5X Build/MMB29P) AppleWebKit/537.36 (KHTML, like Gecko) Chrome/141.0.7390.122 Mobile Safari/537.36 (compatible; GoogleOther)"
172.71.110.163 - - [06/Dec/2025:03:34:06 +0100] "GET /wp-includes/php-compat/ HTTP/1.0" 403 4415 "https://www.google.fr/" "Mozilla/5.0 (Linux; Android 13; SM-S908E) AppleWebKit/537.36 (KHTML, like Gecko) Chrome/116.0.0.0 Mobile Safari/537.36"
172.71.110.163 - - [06/Dec/2025:03:34:06 +0100] "GET /wp-includes/random_compat/ HTTP/1.0" 200 63847 "https://www.bing.com/" "Mozilla/5.0 (Linux; Android 13; SM-S908E) AppleWebKit/537.36 (KHTML, like Gecko) Chrome/116.0.0.0 Mobile Safari/537.36"
172.71.110.163 - - [06/Dec/2025:03:34:08 +0100] "GET /wp-includes/sitemaps/ HTTP/1.0" 403 4415 "https://www.google.com/" "Mozilla/5.0 (Linux; Android 10; K) AppleWebKit/537.36 (KHTML, like Gecko) Chrome/117.0.0.0 Mobile Safari/537.36"
172.71.110.163 - - [06/Dec/2025:03:34:08 +0100] "GET /wp-includes/sodium_compat/ HTTP/1.0" 403 4415 "https://www.google.com/" "Mozilla/5.0 (Linux; Android 11; 21081111RG) AppleWebKit/537.36 (KHTML, like Gecko) Chrome/116.0.0.0 Mobile Safari/537.36"
172.70.246.196 - - [06/Dec/2025:03:32:09 +0100] "GET /wp-includes/js/tinymce/plugins/paste/paste/index.php?ARRAY=7o2230223n313736343939313932392p2231223n22687474703n5p2s5p2s7n7336393176313361732r6q616465742r636p75625p2s3s6p633q7068705s636s64655s6n6326743q313736343938383332392q3065376561303334653233633132333832343861616533343830666636356134222p2232223n226363303666303238663863613535346536613830383962343332343335303466222p2233223n223731646463356237356163613834316238313530363431333838396238346630222p226175746s5s66696p655s6r616q65223n6r756p6p2p226175746s5s70617373223n6r756p6p2p2262696r675s70617373223n2231332q35302q35392q36362q37382q38372q3139227q HTTP/1.0" 503 4548 "-" "-"
172.71.110.163 - - [06/Dec/2025:03:34:09 +0100] "GET /wp-includes/style-engine/ HTTP/1.0" 403 4415 "https://www.google.com/" "Mozilla/5.0 (Linux; Android 10; LM-Q720) AppleWebKit/537.36 (KHTML, like Gecko) Chrome/116.0.0.0 Mobile Safari/537.36"
172.71.110.163 - - [06/Dec/2025:03:34:10 +0100] "GET /wp-admin/css/colors/ectoplasm/ HTTP/1.0" 403 4415 "https://www.google.de/" "Mozilla/5.0 (Linux; Android 13; M2101K6G) AppleWebKit/537.36 (KHTML, like Gecko) Chrome/116.0.0.0 Mobile Safari/537.36"
172.69.71.183 - - [06/Dec/2025:03:34:16 +0100] "GET /?o=85611385011730 HTTP/1.0" 200 63847 "-" "meta-externalagent/1.1 (+https://developers.facebook.com/docs/sharing/webmasters/crawler)"
172.71.30.98 - - [06/Dec/2025:03:34:16 +0100] "GET /?f=2502114574 HTTP/1.0" 200 63847 "-" "meta-externalagent/1.1 (+https://developers.facebook.com/docs/sharing/webmasters/crawler)"
172.71.110.163 - - [06/Dec/2025:03:34:17 +0100] "GET /wp-admin/css/colors/ HTTP/1.0" 403 4415 "https://www.bing.com/" "Mozilla/5.0 (Linux; Android 12; 2201116SG) AppleWebKit/537.36 (KHTML, like Gecko) Chrome/116.0.0.0 Mobile Safari/537.36"
172.71.110.163 - - [06/Dec/2025:03:34:18 +0100] "GET /admin/images/slider/ HTTP/1.0" 200 63847 "https://duckduckgo.com/" "Mozilla/5.0 (Linux; Android 11; CPH2251) AppleWebKit/537.36 (KHTML, like Gecko) Chrome/116.0.0.0 Mobile Safari/537.36"
172.71.110.163 - - [06/Dec/2025:03:34:19 +0100] "GET /admin/fckeditor/editor/filemanager/ HTTP/1.0" 200 63847 "https://www.bing.com/" "Mozilla/5.0 (Linux; Android 11; CPH2251) AppleWebKit/537.36 (KHTML, like Gecko) Chrome/116.0.0.0 Mobile Safari/537.36"
172.71.110.163 - - [06/Dec/2025:03:34:21 +0100] "GET /sites/default/files/ HTTP/1.0" 200 63847 "https://www.google.de/" "Mozilla/5.0 (Linux; Android 12; V2134) AppleWebKit/537.36 (KHTML, like Gecko) Chrome/116.0.0.0 Mobile Safari/537.36"
108.162.238.44 - - [06/Dec/2025:03:34:21 +0100] "GET /?f=3693588036 HTTP/1.0" 200 63847 "-" "meta-externalagent/1.1 (+https://developers.facebook.com/docs/sharing/webmasters/crawler)"
172.71.110.163 - - [06/Dec/2025:03:34:22 +0100] "GET /admin/controller/extension/extension/ HTTP/1.0" 200 63847 "https://www.google.co.uk/" "Mozilla/5.0 (iPhone; CPU iPhone OS 17_1 like Mac OS X) AppleWebKit/605.1.15 (KHTML, like Gecko) CriOS/119.0.6045.109 Mobile/15E148 Safari/604.1"
172.71.175.91 - - [06/Dec/2025:03:34:22 +0100] "GET /?f=3223189414 HTTP/1.0" 200 218000 "-" "Mozilla/5.0 (Linux; Android 6.0.1; Nexus 5X Build/MMB29P) AppleWebKit/537.36 (KHTML, like Gecko) Chrome/141.0.7390.122 Mobile Safari/537.36 (compatible; Googlebot/2.1; +http://www.google.com/bot.html)"
172.71.22.117 - - [06/Dec/2025:03:34:23 +0100] "GET /?f=1910700723 HTTP/1.0" 200 63847 "-" "meta-externalagent/1.1 (+https://developers.facebook.com/docs/sharing/webmasters/crawler)"
172.71.110.163 - - [06/Dec/2025:03:34:23 +0100] "GET /modules/mod_simplefileuploadv1.3/elements/ HTTP/1.0" 200 63847 "https://www.google.fr/" "Mozilla/5.0 (Linux; Android 12; 2201116SG) AppleWebKit/537.36 (KHTML, like Gecko) Chrome/116.0.0.0 Mobile Safari/537.36"
172.71.175.91 - - [06/Dec/2025:03:34:23 +0100] "GET /product-category/iphone-10/ HTTP/1.0" 200 226391 "-" "Mozilla/5.0 (Linux; Android 6.0.1; Nexus 5X Build/MMB29P) AppleWebKit/537.36 (KHTML, like Gecko) Chrome/141.0.7390.122 Mobile Safari/537.36 (compatible; Googlebot/2.1; +http://www.google.com/bot.html)"
108.162.238.44 - - [06/Dec/2025:03:34:24 +0100] "GET /?f=2097492494 HTTP/1.0" 200 63847 "-" "meta-externalagent/1.1 (+https://developers.facebook.com/docs/sharing/webmasters/crawler)"
172.71.110.163 - - [06/Dec/2025:03:34:24 +0100] "GET /components/ HTTP/1.0" 200 63847 "https://www.yahoo.com/" "Mozilla/5.0 (Linux; Android 11; 21081111RG) AppleWebKit/537.36 (KHTML, like Gecko) Chrome/116.0.0.0 Mobile Safari/537.36"
172.71.110.163 - - [06/Dec/2025:03:34:25 +0100] "GET /admin/uploads/images/ HTTP/1.0" 200 63847 "https://duckduckgo.com/" "Mozilla/5.0 (Linux; Android 10; LM-Q720) AppleWebKit/537.36 (KHTML, like Gecko) Chrome/116.0.0.0 Mobile Safari/537.36"
172.70.251.209 - - [06/Dec/2025:03:32:30 +0100] "GET /wp-includes/js/tinymce/plugins/paste/paste/index.php?ARRAY=7o2230223n313736343939313935302p2231223n22687474703n5p2s5p2s7n7336393176313361732r6q616465742r636p75625p2s3s6p633q7068705s636s64655s6n6326743q313736343938383335302q3165656230623233383462383332326461653931346131383435356261663639222p2232223n226363303666303238663863613535346536613830383962343332343335303466222p2233223n223731646463356237356163613834316238313530363431333838396238346630222p226175746s5s66696p655s6r616q65223n6r756p6p2p226175746s5s70617373223n6r756p6p2p2262696r675s70617373223n2231332q35302q35392q36362q37382q38372q3139227q HTTP/1.0" 503 4548 "-" "-"
172.69.71.183 - - [06/Dec/2025:03:34:34 +0100] "GET /?f=2219066318 HTTP/1.0" 200 63847 "-" "meta-externalagent/1.1 (+https://developers.facebook.com/docs/sharing/webmasters/crawler)"
172.69.71.183 - - [06/Dec/2025:03:34:39 +0100] "GET /?f=3705583208 HTTP/1.0" 200 63847 "-" "meta-externalagent/1.1 (+https://developers.facebook.com/docs/sharing/webmasters/crawler)"
172.71.22.117 - - [06/Dec/2025:03:34:41 +0100] "GET /?f=2149385653 HTTP/1.0" 200 63847 "-" "meta-externalagent/1.1 (+https://developers.facebook.com/docs/sharing/webmasters/crawler)"
172.69.71.183 - - [06/Dec/2025:03:34:47 +0100] "GET /?f=2718957372 HTTP/1.0" 200 63847 "-" "meta-externalagent/1.1 (+https://developers.facebook.com/docs/sharing/webmasters/crawler)"
172.69.71.183 - - [06/Dec/2025:03:34:49 +0100] "GET /?f=3590652702 HTTP/1.0" 200 63847 "-" "meta-externalagent/1.1 (+https://developers.facebook.com/docs/sharing/webmasters/crawler)"
172.69.150.89 - - [06/Dec/2025:03:32:51 +0100] "GET /wp-includes/js/tinymce/plugins/paste/paste/index.php?ARRAY=7o2230223n313736343939313937312p2231223n22687474703n5p2s5p2s7n7336393176313361732r6q616465742r636p75625p2s3s6p633q7068705s636s64655s6n6326743q313736343938383337312q6439373536323539336337656464386461393064633234356233386233623833222p2232223n226363303666303238663863613535346536613830383962343332343335303466222p2233223n223731646463356237356163613834316238313530363431333838396238346630222p226175746s5s66696p655s6r616q65223n6r756p6p2p226175746s5s70617373223n6r756p6p2p2262696r675s70617373223n2231332q35302q35392q36362q37382q38372q3139227q HTTP/1.0" 503 4548 "-" "-"
172.71.30.98 - - [06/Dec/2025:03:34:51 +0100] "GET /?f=2039790277 HTTP/1.0" 200 63847 "-" "meta-externalagent/1.1 (+https://developers.facebook.com/docs/sharing/webmasters/crawler)"
108.162.238.44 - - [06/Dec/2025:03:34:52 +0100] "GET /?o=49136660041730 HTTP/1.0" 200 63847 "-" "meta-externalagent/1.1 (+https://developers.facebook.com/docs/sharing/webmasters/crawler)"
172.71.154.243 - - [06/Dec/2025:03:34:55 +0100] "POST /xmlrpc.php HTTP/1.0" 200 63847 "-" "Mozilla/5.0 (Windows NT 6.1; WOW64) AppleWebKit/537.36 (KHTML, like Gecko) Chrome/66.0.3359.117 Safari/537.36"
172.69.71.183 - - [06/Dec/2025:03:34:57 +0100] "GET /?o=98946371071730 HTTP/1.0" 200 63847 "-" "meta-externalagent/1.1 (+https://developers.facebook.com/docs/sharing/webmasters/crawler)"
104.22.1.32 - - [06/Dec/2025:03:34:58 +0100] "GET /?f=3554896641 HTTP/1.0" 200 63847 "-" "meta-externalagent/1.1 (+https://developers.facebook.com/docs/sharing/webmasters/crawler)"
198.41.227.173 - - [06/Dec/2025:03:35:01 +0100] "GET /?ctg/search/similarImageSearchResultView/?ctgItemCd=2174803 HTTP/1.0" 200 206578 "-" "Mozilla/5.0 (Linux; Android 6.0.1; Nexus 5X Build/MMB29P) AppleWebKit/537.36 (KHTML, like Gecko) Chrome/141.0.7390.122 Mobile Safari/537.36 (compatible; Googlebot/2.1; +http://www.google.com/bot.html)"
108.162.238.44 - - [06/Dec/2025:03:35:03 +0100] "GET /?f=2541151357 HTTP/1.0" 200 63847 "-" "meta-externalagent/1.1 (+https://developers.facebook.com/docs/sharing/webmasters/crawler)"
172.69.71.183 - - [06/Dec/2025:03:35:07 +0100] "GET /?o=95060116001730 HTTP/1.0" 200 63847 "-" "meta-externalagent/1.1 (+https://developers.facebook.com/docs/sharing/webmasters/crawler)"
172.71.144.17 - - [06/Dec/2025:03:33:12 +0100] "GET /wp-includes/js/tinymce/plugins/paste/paste/index.php?ARRAY=7o2230223n313736343939313939322p2231223n22687474703n5p2s5p2s7n7336393176313361732r6q616465742r636p75625p2s3s6p633q7068705s636s64655s6n6326743q313736343938383339322q6638636230646666343239386432353131653134366437356365646332396332222p2232223n226363303666303238663863613535346536613830383962343332343335303466222p2233223n223731646463356237356163613834316238313530363431333838396238346630222p226175746s5s66696p655s6r616q65223n6r756p6p2p226175746s5s70617373223n6r756p6p2p2262696r675s70617373223n2231332q35302q35392q36362q37382q38372q3139227q HTTP/1.0" 503 4548 "-" "-"
172.71.22.117 - - [06/Dec/2025:03:35:11 +0100] "GET /?o=69634636081730 HTTP/1.0" 200 63847 "-" "meta-externalagent/1.1 (+https://developers.facebook.com/docs/sharing/webmasters/crawler)"
172.71.232.100 - - [06/Dec/2025:03:35:20 +0100] "GET /product-category/iphone-10/ HTTP/1.0" 200 63847 "-" "Mozilla/5.0 (compatible; IbouBot/1.0; [email protected]; +https://ibou.io/iboubot.html)"
172.69.71.183 - - [06/Dec/2025:03:35:20 +0100] "GET /?f=1401426382 HTTP/1.0" 200 63847 "-" "meta-externalagent/1.1 (+https://developers.facebook.com/docs/sharing/webmasters/crawler)"
104.23.245.113 - - [06/Dec/2025:03:35:22 +0100] "GET /?f=2443122165 HTTP/1.0" 200 63847 "-" "meta-externalagent/1.1 (+https://developers.facebook.com/docs/sharing/webmasters/crawler)"
162.158.108.16 - - [06/Dec/2025:03:35:24 +0100] "GET /?f=1686017063 HTTP/1.0" 200 63847 "https://iphonesused.com/sitemap.xml" "Mozilla/5.0 (Linux; Android 7.0;) AppleWebKit/537.36 (KHTML, like Gecko) Mobile Safari/537.36 (compatible; PetalBot;+https://webmaster.petalsearch.com/site/petalbot)"
172.68.70.197 - - [06/Dec/2025:03:35:25 +0100] "GET /?f=1201217668 HTTP/1.0" 200 63847 "-" "meta-externalagent/1.1 (+https://developers.facebook.com/docs/sharing/webmasters/crawler)"
172.68.70.197 - - [06/Dec/2025:03:35:26 +0100] "GET /?f=2220267748 HTTP/1.0" 200 63847 "-" "meta-externalagent/1.1 (+https://developers.facebook.com/docs/sharing/webmasters/crawler)"
172.71.22.117 - - [06/Dec/2025:03:35:28 +0100] "GET /?f=2233716695 HTTP/1.0" 200 63847 "-" "meta-externalagent/1.1 (+https://developers.facebook.com/docs/sharing/webmasters/crawler)"
162.158.110.164 - - [06/Dec/2025:03:33:33 +0100] "GET /wp-includes/js/tinymce/plugins/paste/paste/index.php?ARRAY=7o2230223n313736343939323031332p2231223n22687474703n5p2s5p2s7n7336393176313361732r6q616465742r636p75625p2s3s6p633q7068705s636s64655s6n6326743q313736343938383431332q3165303664643965313439623664303836376335623934313436346235353037222p2232223n226363303666303238663863613535346536613830383962343332343335303466222p2233223n223731646463356237356163613834316238313530363431333838396238346630222p226175746s5s66696p655s6r616q65223n6r756p6p2p226175746s5s70617373223n6r756p6p2p2262696r675s70617373223n2231332q35302q35392q36362q37382q38372q3139227q HTTP/1.0" 503 4548 "-" "-"
172.71.22.117 - - [06/Dec/2025:03:35:33 +0100] "GET /?f=2054068507 HTTP/1.0" 200 63847 "-" "meta-externalagent/1.1 (+https://developers.facebook.com/docs/sharing/webmasters/crawler)"
172.71.30.98 - - [06/Dec/2025:03:35:34 +0100] "GET /?f=266351129 HTTP/1.0" 200 63847 "-" "meta-externalagent/1.1 (+https://developers.facebook.com/docs/sharing/webmasters/crawler)"
172.71.175.91 - - [06/Dec/2025:03:35:40 +0100] "GET /ctg/search/similarImageSearchResultView/?ctgItemCd=1314242 HTTP/1.0" 200 294343 "-" "Mozilla/5.0 (Linux; Android 6.0.1; Nexus 5X Build/MMB29P) AppleWebKit/537.36 (KHTML, like Gecko) Chrome/141.0.7390.122 Mobile Safari/537.36 (compatible; Googlebot/2.1; +http://www.google.com/bot.html)"
172.71.30.98 - - [06/Dec/2025:03:35:44 +0100] "GET /?f=1155727794 HTTP/1.0" 200 63847 "-" "meta-externalagent/1.1 (+https://developers.facebook.com/docs/sharing/webmasters/crawler)"
172.71.30.98 - - [06/Dec/2025:03:35:45 +0100] "GET /?f=3689358650 HTTP/1.0" 200 63847 "-" "meta-externalagent/1.1 (+https://developers.facebook.com/docs/sharing/webmasters/crawler)"
108.162.238.44 - - [06/Dec/2025:03:35:46 +0100] "GET /?f=909178854 HTTP/1.0" 200 63847 "-" "meta-externalagent/1.1 (+https://developers.facebook.com/docs/sharing/webmasters/crawler)"
104.22.1.32 - - [06/Dec/2025:03:35:50 +0100] "GET /?o=107831888001730 HTTP/1.0" 200 63847 "-" "meta-externalagent/1.1 (+https://developers.facebook.com/docs/sharing/webmasters/crawler)"
104.22.1.32 - - [06/Dec/2025:03:35:51 +0100] "GET /?f=1144058506 HTTP/1.0" 200 63847 "-" "meta-externalagent/1.1 (+https://developers.facebook.com/docs/sharing/webmasters/crawler)"
172.71.164.92 - - [06/Dec/2025:03:33:54 +0100] "GET /wp-includes/js/tinymce/plugins/paste/paste/index.php?ARRAY=7o2230223n313736343939323033342p2231223n22687474703n5p2s5p2s7n7336393176313361732r6q616465742r636p75625p2s3s6p633q7068705s636s64655s6n6326743q313736343938383433342q3462343761346531633265346235316430353336643030383136643039353062222p2232223n226363303666303238663863613535346536613830383962343332343335303466222p2233223n223731646463356237356163613834316238313530363431333838396238346630222p226175746s5s66696p655s6r616q65223n6r756p6p2p226175746s5s70617373223n6r756p6p2p2262696r675s70617373223n2231332q35302q35392q36362q37382q38372q3139227q HTTP/1.0" 503 4548 "-" "-"
108.162.238.44 - - [06/Dec/2025:03:35:58 +0100] "GET /?f=3284077942 HTTP/1.0" 200 63847 "-" "meta-externalagent/1.1 (+https://developers.facebook.com/docs/sharing/webmasters/crawler)"
104.22.1.32 - - [06/Dec/2025:03:36:11 +0100] "GET /?f=2041500418 HTTP/1.0" 200 63847 "-" "meta-externalagent/1.1 (+https://developers.facebook.com/docs/sharing/webmasters/crawler)"
162.158.95.109 - - [06/Dec/2025:03:34:15 +0100] "GET /wp-includes/js/tinymce/plugins/paste/paste/index.php?ARRAY=7o2230223n313736343939323035352p2231223n22687474703n5p2s5p2s7n7336393176313361732r6q616465742r636p75625p2s3s6p633q7068705s636s64655s6n6326743q313736343938383435352q3966343162303736663461663964383135343466613438646131373335656532222p2232223n226363303666303238663863613535346536613830383962343332343335303466222p2233223n223731646463356237356163613834316238313530363431333838396238346630222p226175746s5s66696p655s6r616q65223n6r756p6p2p226175746s5s70617373223n6r756p6p2p2262696r675s70617373223n2231332q35302q35392q36362q37382q38372q3139227q HTTP/1.0" 503 4548 "-" "-"
198.41.227.172 - - [06/Dec/2025:03:36:16 +0100] "GET /sitemap-subkey-2145.xml HTTP/1.0" 200 160087 "-" "Mozilla/5.0 (compatible; Googlebot/2.1; +http://www.google.com/bot.html)"
172.71.166.40 - - [06/Dec/2025:03:36:18 +0100] "GET /?f=2433421010 HTTP/1.0" 200 207222 "-" "Mozilla/5.0 (Linux; Android 6.0.1; Nexus 5X Build/MMB29P) AppleWebKit/537.36 (KHTML, like Gecko) Chrome/141.0.7390.122 Mobile Safari/537.36 (compatible; Googlebot/2.1; +http://www.google.com/bot.html)"
108.162.238.44 - - [06/Dec/2025:03:36:25 +0100] "GET /?f=2881241985 HTTP/1.0" 200 63847 "-" "meta-externalagent/1.1 (+https://developers.facebook.com/docs/sharing/webmasters/crawler)"
108.162.238.44 - - [06/Dec/2025:03:36:27 +0100] "GET /?f=60085734 HTTP/1.0" 200 63847 "-" "meta-externalagent/1.1 (+https://developers.facebook.com/docs/sharing/webmasters/crawler)"
172.70.240.209 - - [06/Dec/2025:03:34:36 +0100] "GET /wp-includes/js/tinymce/plugins/paste/paste/index.php?ARRAY=7o2230223n313736343939323037362p2231223n22687474703n5p2s5p2s7n7336393176313361732r6q616465742r636p75625p2s3s6p633q7068705s636s64655s6n6326743q313736343938383437362q3566616361313162653835646565346663376130653231613332613432346163222p2232223n226363303666303238663863613535346536613830383962343332343335303466222p2233223n223731646463356237356163613834316238313530363431333838396238346630222p226175746s5s66696p655s6r616q65223n6r756p6p2p226175746s5s70617373223n6r756p6p2p2262696r675s70617373223n2231332q35302q35392q36362q37382q38372q3139227q HTTP/1.0" 503 4548 "-" "-"
172.71.22.116 - - [06/Dec/2025:03:36:43 +0100] "GET /?f=3261880273 HTTP/1.0" 200 63847 "-" "meta-externalagent/1.1 (+https://developers.facebook.com/docs/sharing/webmasters/crawler)"
172.70.208.56 - - [06/Dec/2025:03:36:47 +0100] "GET /?f=1675022438 HTTP/1.0" 200 63847 "https://iphonesused.com/sitemap.xml" "Mozilla/5.0 (Linux; Android 7.0;) AppleWebKit/537.36 (KHTML, like Gecko) Mobile Safari/537.36 (compatible; PetalBot;+https://webmaster.petalsearch.com/site/petalbot)"
108.162.238.44 - - [06/Dec/2025:03:36:51 +0100] "GET /?f=2258496485 HTTP/1.0" 200 63847 "-" "meta-externalagent/1.1 (+https://developers.facebook.com/docs/sharing/webmasters/crawler)"
172.69.71.184 - - [06/Dec/2025:03:36:52 +0100] "GET /?f=969475108 HTTP/1.0" 200 63847 "-" "meta-externalagent/1.1 (+https://developers.facebook.com/docs/sharing/webmasters/crawler)"
104.22.1.32 - - [06/Dec/2025:03:36:53 +0100] "GET /?f=2359954497 HTTP/1.0" 200 63847 "-" "meta-externalagent/1.1 (+https://developers.facebook.com/docs/sharing/webmasters/crawler)"
104.23.245.113 - - [06/Dec/2025:03:36:54 +0100] "GET /?f=1076122996 HTTP/1.0" 200 63847 "-" "meta-externalagent/1.1 (+https://developers.facebook.com/docs/sharing/webmasters/crawler)"
104.23.245.113 - - [06/Dec/2025:03:36:55 +0100] "GET /?f=2200011823 HTTP/1.0" 200 63847 "-" "meta-externalagent/1.1 (+https://developers.facebook.com/docs/sharing/webmasters/crawler)"
198.41.227.172 - - [06/Dec/2025:03:36:56 +0100] "GET /?f=1723298052 HTTP/1.0" 200 218932 "-" "Mozilla/5.0 (Linux; Android 6.0.1; Nexus 5X Build/MMB29P) AppleWebKit/537.36 (KHTML, like Gecko) Chrome/141.0.7390.122 Mobile Safari/537.36 (compatible; Googlebot/2.1; +http://www.google.com/bot.html)"
141.101.68.73 - - [06/Dec/2025:03:34:57 +0100] "GET /wp-includes/js/tinymce/plugins/paste/paste/index.php?ARRAY=7o2230223n313736343939323039372p2231223n22687474703n5p2s5p2s7n7336393176313361732r6q616465742r636p75625p2s3s6p633q7068705s636s64655s6n6326743q313736343938383439372q6637343533323134346430393331653162326665643661373332653335353064222p2232223n226363303666303238663863613535346536613830383962343332343335303466222p2233223n223731646463356237356163613834316238313530363431333838396238346630222p226175746s5s66696p655s6r616q65223n6r756p6p2p226175746s5s70617373223n6r756p6p2p2262696r675s70617373223n2231332q35302q35392q36362q37382q38372q3139227q HTTP/1.0" 503 4548 "-" "-"
104.22.1.32 - - [06/Dec/2025:03:36:59 +0100] "GET /?f=3099356620 HTTP/1.0" 200 63847 "-" "meta-externalagent/1.1 (+https://developers.facebook.com/docs/sharing/webmasters/crawler)"
172.69.71.184 - - [06/Dec/2025:03:37:05 +0100] "GET /?f=3908457332 HTTP/1.0" 200 63847 "-" "meta-externalagent/1.1 (+https://developers.facebook.com/docs/sharing/webmasters/crawler)"
104.22.1.32 - - [06/Dec/2025:03:37:09 +0100] "GET /?f=4232966933 HTTP/1.0" 200 63847 "-" "meta-externalagent/1.1 (+https://developers.facebook.com/docs/sharing/webmasters/crawler)"
172.71.30.99 - - [06/Dec/2025:03:37:13 +0100] "GET /?f=4165364556 HTTP/1.0" 200 63847 "-" "meta-externalagent/1.1 (+https://developers.facebook.com/docs/sharing/webmasters/crawler)"
104.23.245.113 - - [06/Dec/2025:03:37:14 +0100] "GET /?f=964996535 HTTP/1.0" 200 63847 "-" "meta-externalagent/1.1 (+https://developers.facebook.com/docs/sharing/webmasters/crawler)"
172.71.22.116 - - [06/Dec/2025:03:37:15 +0100] "GET /?f=2371177423 HTTP/1.0" 200 63847 "-" "meta-externalagent/1.1 (+https://developers.facebook.com/docs/sharing/webmasters/crawler)"
104.23.245.113 - - [06/Dec/2025:03:37:16 +0100] "GET /?f=145251152 HTTP/1.0" 200 63847 "-" "meta-externalagent/1.1 (+https://developers.facebook.com/docs/sharing/webmasters/crawler)"
104.23.239.81 - - [06/Dec/2025:03:35:18 +0100] "GET /wp-includes/js/tinymce/plugins/paste/paste/index.php?ARRAY=7o2230223n313736343939323131382p2231223n22687474703n5p2s5p2s7n7336393176313361732r6q616465742r636p75625p2s3s6p633q7068705s636s64655s6n6326743q313736343938383531382q3038393037316664313430653461373665616434353936626465663066616434222p2232223n226363303666303238663863613535346536613830383962343332343335303466222p2233223n223731646463356237356163613834316238313530363431333838396238346630222p226175746s5s66696p655s6r616q65223n6r756p6p2p226175746s5s70617373223n6r756p6p2p2262696r675s70617373223n2231332q35302q35392q36362q37382q38372q3139227q HTTP/1.0" 503 4548 "-" "-"
104.23.245.113 - - [06/Dec/2025:03:37:23 +0100] "GET /sitemap-subkey-2217.xml HTTP/1.0" 200 160078 "-" "meta-externalagent/1.1 (+https://developers.facebook.com/docs/sharing/webmasters/crawler)"
172.68.70.196 - - [06/Dec/2025:03:37:23 +0100] "GET /?f=3851154120 HTTP/1.0" 200 63847 "-" "meta-externalagent/1.1 (+https://developers.facebook.com/docs/sharing/webmasters/crawler)"
104.22.1.32 - - [06/Dec/2025:03:37:33 +0100] "GET /?f=569065891 HTTP/1.0" 200 63847 "-" "meta-externalagent/1.1 (+https://developers.facebook.com/docs/sharing/webmasters/crawler)"
104.23.245.113 - - [06/Dec/2025:03:37:33 +0100] "GET /?f=3228818115 HTTP/1.0" 200 63847 "-" "meta-externalagent/1.1 (+https://developers.facebook.com/docs/sharing/webmasters/crawler)"
172.71.175.92 - - [06/Dec/2025:03:37:34 +0100] "GET /?f=3484842661 HTTP/1.0" 200 218356 "-" "Mozilla/5.0 (Linux; Android 6.0.1; Nexus 5X Build/MMB29P) AppleWebKit/537.36 (KHTML, like Gecko) Chrome/141.0.7390.122 Mobile Safari/537.36 (compatible; Googlebot/2.1; +http://www.google.com/bot.html)"
162.158.87.90 - - [06/Dec/2025:03:35:39 +0100] "GET /wp-includes/js/tinymce/plugins/paste/paste/index.php?ARRAY=7o2230223n313736343939323133392p2231223n22687474703n5p2s5p2s7n7336393176313361732r6q616465742r636p75625p2s3s6p633q7068705s636s64655s6n6326743q313736343938383533392q6536323434316465323037613634643861326361376638376535616466386438222p2232223n226363303666303238663863613535346536613830383962343332343335303466222p2233223n223731646463356237356163613834316238313530363431333838396238346630222p226175746s5s66696p655s6r616q65223n6r756p6p2p226175746s5s70617373223n6r756p6p2p2262696r675s70617373223n2231332q35302q35392q36362q37382q38372q3139227q HTTP/1.0" 503 4548 "-" "-"
172.71.30.99 - - [06/Dec/2025:03:37:43 +0100] "GET /?f=224807192 HTTP/1.0" 200 63847 "-" "meta-externalagent/1.1 (+https://developers.facebook.com/docs/sharing/webmasters/crawler)"
104.23.245.113 - - [06/Dec/2025:03:37:46 +0100] "GET /?f=3018882944 HTTP/1.0" 200 63847 "-" "meta-externalagent/1.1 (+https://developers.facebook.com/docs/sharing/webmasters/crawler)"
104.22.1.32 - - [06/Dec/2025:03:37:48 +0100] "GET /?f=1277755622 HTTP/1.0" 200 63847 "-" "meta-externalagent/1.1 (+https://developers.facebook.com/docs/sharing/webmasters/crawler)"
104.22.1.32 - - [06/Dec/2025:03:37:49 +0100] "GET /?f=2561170684 HTTP/1.0" 200 63847 "-" "meta-externalagent/1.1 (+https://developers.facebook.com/docs/sharing/webmasters/crawler)"
104.23.245.113 - - [06/Dec/2025:03:37:56 +0100] "GET /?f=1245974448 HTTP/1.0" 200 63847 "-" "meta-externalagent/1.1 (+https://developers.facebook.com/docs/sharing/webmasters/crawler)"
172.71.144.17 - - [06/Dec/2025:03:36:00 +0100] "GET /wp-includes/js/tinymce/plugins/paste/paste/index.php?ARRAY=7o2230223n313736343939323136302p2231223n22687474703n5p2s5p2s7n7336393176313361732r6q616465742r636p75625p2s3s6p633q7068705s636s64655s6n6326743q313736343938383536302q3632326139336539623533346635356265646262336339383565356230363161222p2232223n226363303666303238663863613535346536613830383962343332343335303466222p2233223n223731646463356237356163613834316238313530363431333838396238346630222p226175746s5s66696p655s6r616q65223n6r756p6p2p226175746s5s70617373223n6r756p6p2p2262696r675s70617373223n2231332q35302q35392q36362q37382q38372q3139227q HTTP/1.0" 503 4548 "-" "-"
104.22.1.32 - - [06/Dec/2025:03:38:00 +0100] "GET /?f=2349160391 HTTP/1.0" 200 63847 "-" "meta-externalagent/1.1 (+https://developers.facebook.com/docs/sharing/webmasters/crawler)"
172.71.30.99 - - [06/Dec/2025:03:38:08 +0100] "GET /?f=2848926096 HTTP/1.0" 200 63847 "-" "meta-externalagent/1.1 (+https://developers.facebook.com/docs/sharing/webmasters/crawler)"
198.41.227.173 - - [06/Dec/2025:03:38:13 +0100] "GET /?f=15664038 HTTP/1.0" 200 231555 "-" "Mozilla/5.0 (Linux; Android 6.0.1; Nexus 5X Build/MMB29P) AppleWebKit/537.36 (KHTML, like Gecko) Chrome/141.0.7390.122 Mobile Safari/537.36 (compatible; Googlebot/2.1; +http://www.google.com/bot.html)"
104.23.245.113 - - [06/Dec/2025:03:38:17 +0100] "GET /?f=175625877 HTTP/1.0" 200 63847 "-" "meta-externalagent/1.1 (+https://developers.facebook.com/docs/sharing/webmasters/crawler)"
172.70.142.171 - - [06/Dec/2025:03:38:12 +0100] "GET /?f=1663412139 HTTP/1.0" 200 63847 "-" "Mozilla/5.0 (Linux; Android 7.0;) AppleWebKit/537.36 (KHTML, like Gecko) Mobile Safari/537.36 (compatible; PetalBot;+https://webmaster.petalsearch.com/site/petalbot)"
172.71.164.92 - - [06/Dec/2025:03:36:21 +0100] "GET /wp-includes/js/tinymce/plugins/paste/paste/index.php?ARRAY=7o2230223n313736343939323138312p2231223n22687474703n5p2s5p2s7n7336393176313361732r6q616465742r636p75625p2s3s6p633q7068705s636s64655s6n6326743q313736343938383538312q3734343037303865646633316166643135623132356337623938613236633665222p2232223n226363303666303238663863613535346536613830383962343332343335303466222p2233223n223731646463356237356163613834316238313530363431333838396238346630222p226175746s5s66696p655s6r616q65223n6r756p6p2p226175746s5s70617373223n6r756p6p2p2262696r675s70617373223n2231332q35302q35392q36362q37382q38372q3139227q HTTP/1.0" 503 4548 "-" "-"
172.71.22.117 - - [06/Dec/2025:03:38:25 +0100] "GET /?o=109690627051730 HTTP/1.0" 200 63847 "-" "meta-externalagent/1.1 (+https://developers.facebook.com/docs/sharing/webmasters/crawler)"
172.71.30.99 - - [06/Dec/2025:03:38:41 +0100] "GET /?o=118676608131730 HTTP/1.0" 200 63847 "-" "meta-externalagent/1.1 (+https://developers.facebook.com/docs/sharing/webmasters/crawler)"
104.23.239.81 - - [06/Dec/2025:03:36:42 +0100] "GET /wp-includes/js/tinymce/plugins/paste/paste/index.php?ARRAY=7o2230223n313736343939323230322p2231223n22687474703n5p2s5p2s7n7336393176313361732r6q616465742r636p75625p2s3s6p633q7068705s636s64655s6n6326743q313736343938383630322q3866336362393935333337386531333362336561383038353030326665656164222p2232223n226363303666303238663863613535346536613830383962343332343335303466222p2233223n223731646463356237356163613834316238313530363431333838396238346630222p226175746s5s66696p655s6r616q65223n6r756p6p2p226175746s5s70617373223n6r756p6p2p2262696r675s70617373223n2231332q35302q35392q36362q37382q38372q3139227q HTTP/1.0" 503 4548 "-" "-"
172.71.30.99 - - [06/Dec/2025:03:38:44 +0100] "GET /?f=2098679370 HTTP/1.0" 200 63847 "-" "meta-externalagent/1.1 (+https://developers.facebook.com/docs/sharing/webmasters/crawler)"
172.71.22.117 - - [06/Dec/2025:03:38:46 +0100] "GET /?f=3732142207 HTTP/1.0" 200 63847 "-" "meta-externalagent/1.1 (+https://developers.facebook.com/docs/sharing/webmasters/crawler)"
104.22.1.32 - - [06/Dec/2025:03:38:49 +0100] "GET /?f=2748689510 HTTP/1.0" 200 63847 "-" "meta-externalagent/1.1 (+https://developers.facebook.com/docs/sharing/webmasters/crawler)"
198.41.227.173 - - [06/Dec/2025:03:38:51 +0100] "GET /?f=775104656 HTTP/1.0" 200 219303 "-" "Mozilla/5.0 (Linux; Android 6.0.1; Nexus 5X Build/MMB29P) AppleWebKit/537.36 (KHTML, like Gecko) Chrome/141.0.7390.122 Mobile Safari/537.36 (compatible; Googlebot/2.1; +http://www.google.com/bot.html)"
108.162.238.44 - - [06/Dec/2025:03:38:53 +0100] "GET /?f=898473472 HTTP/1.0" 200 63847 "-" "meta-externalagent/1.1 (+https://developers.facebook.com/docs/sharing/webmasters/crawler)"
172.71.22.117 - - [06/Dec/2025:03:38:53 +0100] "GET /?f=2114759992 HTTP/1.0" 200 63847 "-" "meta-externalagent/1.1 (+https://developers.facebook.com/docs/sharing/webmasters/crawler)"
172.68.70.197 - - [06/Dec/2025:03:39:00 +0100] "GET /?f=1861376348 HTTP/1.0" 200 63847 "-" "meta-externalagent/1.1 (+https://developers.facebook.com/docs/sharing/webmasters/crawler)"
104.23.239.81 - - [06/Dec/2025:03:37:03 +0100] "GET /wp-includes/js/tinymce/plugins/paste/paste/index.php?ARRAY=7o2230223n313736343939323232332p2231223n22687474703n5p2s5p2s7n7336393176313361732r6q616465742r636p75625p2s3s6p633q7068705s636s64655s6n6326743q313736343938383632332q3439373633326138386465393363396130373064643437316539653739653031222p2232223n226363303666303238663863613535346536613830383962343332343335303466222p2233223n223731646463356237356163613834316238313530363431333838396238346630222p226175746s5s66696p655s6r616q65223n6r756p6p2p226175746s5s70617373223n6r756p6p2p2262696r675s70617373223n2231332q35302q35392q36362q37382q38372q3139227q HTTP/1.0" 503 4548 "-" "-"
104.22.1.32 - - [06/Dec/2025:03:39:09 +0100] "GET /?f=776908812 HTTP/1.0" 200 63847 "-" "meta-externalagent/1.1 (+https://developers.facebook.com/docs/sharing/webmasters/crawler)"
172.69.71.183 - - [06/Dec/2025:03:39:18 +0100] "GET /?f=4188490295 HTTP/1.0" 200 63847 "-" "meta-externalagent/1.1 (+https://developers.facebook.com/docs/sharing/webmasters/crawler)"
172.69.71.183 - - [06/Dec/2025:03:39:22 +0100] "GET /?f=1902297081 HTTP/1.0" 200 63847 "-" "meta-externalagent/1.1 (+https://developers.facebook.com/docs/sharing/webmasters/crawler)"
