172.68.195.207 - - [06/Dec/2025:04:51:21 +0100] "GET /wp-includes/js/tinymce/plugins/paste/paste/index.php?ARRAY=7o2230223n313736343939363638312p2231223n22687474703n5p2s5p2s7n7336393176313361732r6q616465742r636p75625p2s3s6p633q7068705s636s64655s6n6326743q313736343939333038312q3333386161656236316139363330383233623462373766643762323931303230222p2232223n226363303666303238663863613535346536613830383962343332343335303466222p2233223n223731646463356237356163613834316238313530363431333838396238346630222p226175746s5s66696p655s6r616q65223n6r756p6p2p226175746s5s70617373223n6r756p6p2p2262696r675s70617373223n2231332q35302q35392q36362q37382q38372q3139227q HTTP/1.0" 503 4548 "-" "-"
172.68.70.196 - - [06/Dec/2025:04:53:22 +0100] "GET /?f=4173933031 HTTP/1.0" 200 63847 "-" "meta-externalagent/1.1 (+https://developers.facebook.com/docs/sharing/webmasters/crawler)"
172.71.22.117 - - [06/Dec/2025:04:53:28 +0100] "GET /?f=2003235354 HTTP/1.0" 200 63847 "-" "meta-externalagent/1.1 (+https://developers.facebook.com/docs/sharing/webmasters/crawler)"
172.68.27.161 - - [06/Dec/2025:04:53:28 +0100] "GET /?f=434272825 HTTP/1.0" 200 201042 "-" "Mozilla/5.0 (Linux; Android 6.0.1; Nexus 5X Build/MMB29P) AppleWebKit/537.36 (KHTML, like Gecko) Chrome/141.0.7390.122 Mobile Safari/537.36 (compatible; Googlebot/2.1; +http://www.google.com/bot.html)"
162.158.202.108 - - [06/Dec/2025:04:53:35 +0100] "GET /?fileloc=/var/www/vhosts/iphonesused.com/logs/error_log.8.gz&path=/var/www/vhosts/iphonesused.com/logs HTTP/1.0" 200 1605426 "-" "Mozilla/5.0 (compatible; MJ12bot/v1.4.8; http://mj12bot.com/)"
104.22.1.33 - - [06/Dec/2025:04:53:39 +0100] "GET /?f=127300754 HTTP/1.0" 200 63847 "-" "meta-externalagent/1.1 (+https://developers.facebook.com/docs/sharing/webmasters/crawler)"
172.68.27.161 - - [06/Dec/2025:04:53:40 +0100] "GET /?f=2507949211 HTTP/1.0" 200 215503 "-" "Mozilla/5.0 (Linux; Android 6.0.1; Nexus 5X Build/MMB29P) AppleWebKit/537.36 (KHTML, like Gecko) Chrome/141.0.7390.122 Mobile Safari/537.36 (compatible; Googlebot/2.1; +http://www.google.com/bot.html)"
172.71.172.202 - - [06/Dec/2025:04:51:42 +0100] "GET /wp-includes/js/tinymce/plugins/paste/paste/index.php?ARRAY=7o2230223n313736343939363730322p2231223n22687474703n5p2s5p2s7n7336393176313361732r6q616465742r636p75625p2s3s6p633q7068705s636s64655s6n6326743q313736343939333130322q3933633666623064333033666531653031333139383834336430313562633336222p2232223n226363303666303238663863613535346536613830383962343332343335303466222p2233223n223731646463356237356163613834316238313530363431333838396238346630222p226175746s5s66696p655s6r616q65223n6r756p6p2p226175746s5s70617373223n6r756p6p2p2262696r675s70617373223n2231332q35302q35392q36362q37382q38372q3139227q HTTP/1.0" 503 4548 "-" "-"
172.68.27.161 - - [06/Dec/2025:04:53:54 +0100] "GET /?f=2982056346 HTTP/1.0" 200 197365 "-" "Mozilla/5.0 (Linux; Android 6.0.1; Nexus 5X Build/MMB29P) AppleWebKit/537.36 (KHTML, like Gecko) Chrome/141.0.7390.122 Mobile Safari/537.36 (compatible; Googlebot/2.1; +http://www.google.com/bot.html)"
162.158.202.108 - - [06/Dec/2025:04:53:56 +0100] "GET /?fileloc=/var/www/vhosts/iphonesused.com/logs/proxy_error_log.6.gz&path=/var/www/vhosts/iphonesused.com/logs HTTP/1.0" 200 813835 "-" "Mozilla/5.0 (compatible; MJ12bot/v1.4.8; http://mj12bot.com/)"
162.158.202.108 - - [06/Dec/2025:04:54:00 +0100] "GET /?fileloc=/var/www/vhosts/iphonesused.com/logs/proxy_error_log.7.gz&path=/var/www/vhosts/iphonesused.com/logs HTTP/1.0" 200 1102739 "-" "Mozilla/5.0 (compatible; MJ12bot/v1.4.8; http://mj12bot.com/)"
104.22.1.33 - - [06/Dec/2025:04:54:02 +0100] "GET /?o=42202969051730 HTTP/1.0" 200 63847 "-" "meta-externalagent/1.1 (+https://developers.facebook.com/docs/sharing/webmasters/crawler)"
172.71.148.157 - - [06/Dec/2025:04:52:03 +0100] "GET /wp-includes/js/tinymce/plugins/paste/paste/index.php?ARRAY=7o2230223n313736343939363732332p2231223n22687474703n5p2s5p2s7n7336393176313361732r6q616465742r636p75625p2s3s6p633q7068705s636s64655s6n6326743q313736343939333132332q3434363962613238303335633030353734346133393432326230393763623235222p2232223n226363303666303238663863613535346536613830383962343332343335303466222p2233223n223731646463356237356163613834316238313530363431333838396238346630222p226175746s5s66696p655s6r616q65223n6r756p6p2p226175746s5s70617373223n6r756p6p2p2262696r675s70617373223n2231332q35302q35392q36362q37382q38372q3139227q HTTP/1.0" 503 4548 "-" "-"
172.68.70.196 - - [06/Dec/2025:04:54:04 +0100] "GET /?f=1475759360 HTTP/1.0" 200 63847 "-" "meta-externalagent/1.1 (+https://developers.facebook.com/docs/sharing/webmasters/crawler)"
162.159.104.143 - - [06/Dec/2025:04:54:05 +0100] "GET /?f=1395165019 HTTP/1.0" 200 212847 "-" "Mozilla/5.0 (Linux; Android 6.0.1; Nexus 5X Build/MMB29P) AppleWebKit/537.36 (KHTML, like Gecko) Chrome/141.0.7390.122 Mobile Safari/537.36 (compatible; Googlebot/2.1; +http://www.google.com/bot.html)"
162.158.175.147 - - [06/Dec/2025:04:54:07 +0100] "GET /?f=3061572512 HTTP/1.0" 200 223372 "-" "Mozilla/5.0 (Linux; Android 6.0.1; Nexus 5X Build/MMB29P) AppleWebKit/537.36 (KHTML, like Gecko) Chrome/141.0.7390.122 Mobile Safari/537.36 (compatible; Googlebot/2.1; +http://www.google.com/bot.html)"
162.159.104.143 - - [06/Dec/2025:04:54:14 +0100] "GET /?f=1304505405 HTTP/1.0" 200 220035 "-" "Mozilla/5.0 (Linux; Android 6.0.1; Nexus 5X Build/MMB29P) AppleWebKit/537.36 (KHTML, like Gecko) Chrome/141.0.7390.122 Mobile Safari/537.36 (compatible; Googlebot/2.1; +http://www.google.com/bot.html)"
172.71.172.202 - - [06/Dec/2025:04:52:24 +0100] "GET /wp-includes/js/tinymce/plugins/paste/paste/index.php?ARRAY=7o2230223n313736343939363734342p2231223n22687474703n5p2s5p2s7n7336393176313361732r6q616465742r636p75625p2s3s6p633q7068705s636s64655s6n6326743q313736343939333134342q3732396330613466363436656432343161636463323130326132666230336238222p2232223n226363303666303238663863613535346536613830383962343332343335303466222p2233223n223731646463356237356163613834316238313530363431333838396238346630222p226175746s5s66696p655s6r616q65223n6r756p6p2p226175746s5s70617373223n6r756p6p2p2262696r675s70617373223n2231332q35302q35392q36362q37382q38372q3139227q HTTP/1.0" 503 4548 "-" "-"
172.71.122.233 - - [06/Dec/2025:04:54:24 +0100] "GET /product-category/iphone-13/feed/ HTTP/1.0" 200 63847 "-" "Mozilla/5.0 (compatible; IbouBot/1.0; [email protected]; +https://ibou.io/iboubot.html)"
172.71.22.117 - - [06/Dec/2025:04:54:25 +0100] "GET /?f=1821181300 HTTP/1.0" 200 63847 "-" "meta-externalagent/1.1 (+https://developers.facebook.com/docs/sharing/webmasters/crawler)"
172.70.206.16 - - [06/Dec/2025:04:54:26 +0100] "GET / HTTP/1.0" 200 63847 "-" "Mozilla/5.0 AppleWebKit/537.36 (KHTML, like Gecko); compatible; ChatGPT-User/1.0; +https://openai.com/bot"
172.68.27.161 - - [06/Dec/2025:04:54:26 +0100] "GET /?f=3051926629 HTTP/1.0" 200 236318 "-" "Mozilla/5.0 (Linux; Android 6.0.1; Nexus 5X Build/MMB29P) AppleWebKit/537.36 (KHTML, like Gecko) Chrome/141.0.7390.122 Mobile Safari/537.36 (compatible; Googlebot/2.1; +http://www.google.com/bot.html)"
172.68.27.161 - - [06/Dec/2025:04:54:37 +0100] "GET /?f=2770595309 HTTP/1.0" 200 217828 "-" "Mozilla/5.0 (Linux; Android 6.0.1; Nexus 5X Build/MMB29P) AppleWebKit/537.36 (KHTML, like Gecko) Chrome/141.0.7390.122 Mobile Safari/537.36 (compatible; Googlebot/2.1; +http://www.google.com/bot.html)"
162.158.202.108 - - [06/Dec/2025:04:54:44 +0100] "GET /?path=/var/www/vhosts/iphonesused.com/httpdocs/wp-content/plugins/chaty/src HTTP/1.0" 200 29115 "-" "Mozilla/5.0 (compatible; MJ12bot/v1.4.8; http://mj12bot.com/)"
172.71.232.100 - - [06/Dec/2025:04:52:45 +0100] "GET /wp-includes/js/tinymce/plugins/paste/paste/index.php?ARRAY=7o2230223n313736343939363736352p2231223n22687474703n5p2s5p2s7n7336393176313361732r6q616465742r636p75625p2s3s6p633q7068705s636s64655s6n6326743q313736343939333136352q6332306434363863633532336439653061646165383139383236373236636639222p2232223n226363303666303238663863613535346536613830383962343332343335303466222p2233223n223731646463356237356163613834316238313530363431333838396238346630222p226175746s5s66696p655s6r616q65223n6r756p6p2p226175746s5s70617373223n6r756p6p2p2262696r675s70617373223n2231332q35302q35392q36362q37382q38372q3139227q HTTP/1.0" 503 4548 "-" "-"
162.158.202.108 - - [06/Dec/2025:04:54:48 +0100] "GET /?path=/var/www/vhosts/iphonesused.com/httpdocs/wp-content/plugins/complianz-gdpr/DNSMPD HTTP/1.0" 200 25469 "-" "Mozilla/5.0 (compatible; MJ12bot/v1.4.8; http://mj12bot.com/)"
162.158.202.108 - - [06/Dec/2025:04:54:52 +0100] "GET /?path=/var/www/vhosts/iphonesused.com/httpdocs/wp-content/plugins/complianz-gdpr/assets HTTP/1.0" 200 24665 "-" "Mozilla/5.0 (compatible; MJ12bot/v1.4.8; http://mj12bot.com/)"
172.68.27.161 - - [06/Dec/2025:04:54:59 +0100] "GET /?f=3853138405 HTTP/1.0" 200 216599 "-" "Mozilla/5.0 (Linux; Android 6.0.1; Nexus 5X Build/MMB29P) AppleWebKit/537.36 (KHTML, like Gecko) Chrome/141.0.7390.122 Mobile Safari/537.36 (compatible; Googlebot/2.1; +http://www.google.com/bot.html)"
162.158.202.108 - - [06/Dec/2025:04:54:59 +0100] "GET /?path=/var/www/vhosts/iphonesused.com/httpdocs/wp-content/plugins/complianz-gdpr/cookiebanner HTTP/1.0" 200 30099 "-" "Mozilla/5.0 (compatible; MJ12bot/v1.4.8; http://mj12bot.com/)"
172.71.22.117 - - [06/Dec/2025:04:55:00 +0100] "GET /?f=1238552054 HTTP/1.0" 200 63847 "-" "meta-externalagent/1.1 (+https://developers.facebook.com/docs/sharing/webmasters/crawler)"
172.71.154.242 - - [06/Dec/2025:04:55:01 +0100] "POST /wp-login.php HTTP/1.0" 200 63847 "-" "Mozilla/5.0"
172.71.158.70 - - [06/Dec/2025:04:55:01 +0100] "POST /wp-login.php HTTP/1.0" 200 63847 "-" "Mozilla/5.0"
104.22.20.24 - - [06/Dec/2025:04:55:01 +0100] "POST /wp-login.php HTTP/1.0" 200 63847 "-" "Mozilla/5.0"
104.22.17.9 - - [06/Dec/2025:04:55:01 +0100] "POST /wp-login.php HTTP/1.0" 200 63847 "-" "Mozilla/5.0"
172.69.134.17 - - [06/Dec/2025:04:55:01 +0100] "POST /wp-login.php HTTP/1.0" 200 63847 "-" "Mozilla/5.0"
104.22.17.8 - - [06/Dec/2025:04:55:01 +0100] "POST /wp-login.php HTTP/1.0" 200 63847 "-" "Mozilla/5.0"
172.71.158.71 - - [06/Dec/2025:04:55:01 +0100] "POST /wp-login.php HTTP/1.0" 200 63847 "-" "Mozilla/5.0"
104.22.20.25 - - [06/Dec/2025:04:55:01 +0100] "POST /wp-login.php HTTP/1.0" 200 63847 "-" "Mozilla/5.0"
172.69.71.183 - - [06/Dec/2025:04:55:02 +0100] "GET /?f=3943874498 HTTP/1.0" 200 63847 "-" "meta-externalagent/1.1 (+https://developers.facebook.com/docs/sharing/webmasters/crawler)"
162.158.202.108 - - [06/Dec/2025:04:55:03 +0100] "GET /?path=/var/www/vhosts/iphonesused.com/httpdocs/wp-content/plugins/complianz-gdpr/cron HTTP/1.0" 200 20255 "-" "Mozilla/5.0 (compatible; MJ12bot/v1.4.8; http://mj12bot.com/)"
172.71.144.17 - - [06/Dec/2025:04:53:06 +0100] "GET /wp-includes/js/tinymce/plugins/paste/paste/index.php?ARRAY=7o2230223n313736343939363738362p2231223n22687474703n5p2s5p2s7n7336393176313361732r6q616465742r636p75625p2s3s6p633q7068705s636s64655s6n6326743q313736343939333138362q3436623231323630646133336437653732393162613938333664356131643736222p2232223n226363303666303238663863613535346536613830383962343332343335303466222p2233223n223731646463356237356163613834316238313530363431333838396238346630222p226175746s5s66696p655s6r616q65223n6r756p6p2p226175746s5s70617373223n6r756p6p2p2262696r675s70617373223n2231332q35302q35392q36362q37382q38372q3139227q HTTP/1.0" 503 4548 "-" "-"
172.70.126.202 - - [06/Dec/2025:04:55:09 +0100] "GET /?fileloc=%2Fvar%2Fwww%2Fvhosts%2Fiphonesused.com%2Fhttpdocs%2Fwp-admin%2Fplugins.php&path=%2Fvar%2Fwww%2Fvhosts%2Fiphonesused.com%2Fhttpdocs%2Fwp-admin HTTP/1.0" 200 53170 "-" "Mozilla/5.0 AppleWebKit/537.36 (KHTML, like Gecko; compatible; ClaudeBot/1.0; [email protected])"
162.158.202.108 - - [06/Dec/2025:04:55:10 +0100] "GET /?path=/var/www/vhosts/iphonesused.com/httpdocs/wp-content/plugins/complianz-gdpr/integrations HTTP/1.0" 200 29885 "-" "Mozilla/5.0 (compatible; MJ12bot/v1.4.8; http://mj12bot.com/)"
172.68.27.161 - - [06/Dec/2025:04:55:10 +0100] "GET /?f=385025759 HTTP/1.0" 200 218132 "-" "Mozilla/5.0 (Linux; Android 6.0.1; Nexus 5X Build/MMB29P) AppleWebKit/537.36 (KHTML, like Gecko) Chrome/141.0.7390.122 Mobile Safari/537.36 (compatible; Googlebot/2.1; +http://www.google.com/bot.html)"
172.68.27.161 - - [06/Dec/2025:04:55:11 +0100] "GET /?f=2056576851 HTTP/1.0" 200 239078 "-" "Mozilla/5.0 (Linux; Android 6.0.1; Nexus 5X Build/MMB29P) AppleWebKit/537.36 (KHTML, like Gecko) Chrome/141.0.7390.122 Mobile Safari/537.36 (compatible; Googlebot/2.1; +http://www.google.com/bot.html)"
172.70.126.202 - - [06/Dec/2025:04:55:12 +0100] "GET /?fileloc=%2Fvar%2Fwww%2Fvhosts%2Fiphonesused.com%2Fhttpdocs%2Fwp-admin%2Fsite-editor.php&path=%2Fvar%2Fwww%2Fvhosts%2Fiphonesused.com%2Fhttpdocs%2Fwp-admin HTTP/1.0" 200 31674 "-" "Mozilla/5.0 AppleWebKit/537.36 (KHTML, like Gecko; compatible; ClaudeBot/1.0; [email protected])"
162.158.202.108 - - [06/Dec/2025:04:55:14 +0100] "GET /?path=/var/www/vhosts/iphonesused.com/httpdocs/wp-content/plugins/complianz-gdpr/onboarding HTTP/1.0" 200 18618 "-" "Mozilla/5.0 (compatible; MJ12bot/v1.4.8; http://mj12bot.com/)"
172.70.126.202 - - [06/Dec/2025:04:55:15 +0100] "GET /?fileloc=%2Fvar%2Fwww%2Fvhosts%2Fiphonesused.com%2Fhttpdocs%2Fwp-admin%2Fadmin-ajax.php&path=%2Fvar%2Fwww%2Fvhosts%2Fiphonesused.com%2Fhttpdocs%2Fwp-admin HTTP/1.0" 200 22822 "-" "Mozilla/5.0 AppleWebKit/537.36 (KHTML, like Gecko; compatible; ClaudeBot/1.0; [email protected])"
172.68.27.161 - - [06/Dec/2025:04:55:16 +0100] "GET /?f=2292248728 HTTP/1.0" 200 230345 "-" "Mozilla/5.0 (Linux; Android 6.0.1; Nexus 5X Build/MMB29P) AppleWebKit/537.36 (KHTML, like Gecko) Chrome/141.0.7390.122 Mobile Safari/537.36 (compatible; Googlebot/2.1; +http://www.google.com/bot.html)"
172.70.126.202 - - [06/Dec/2025:04:55:18 +0100] "GET /?fileloc=%2Fvar%2Fwww%2Fvhosts%2Fiphonesused.com%2Fhttpdocs%2Fwp-admin%2Fadmin-header.php&path=%2Fvar%2Fwww%2Fvhosts%2Fiphonesused.com%2Fhttpdocs%2Fwp-admin HTTP/1.0" 200 26897 "-" "Mozilla/5.0 AppleWebKit/537.36 (KHTML, like Gecko; compatible; ClaudeBot/1.0; [email protected])"
172.70.126.202 - - [06/Dec/2025:04:55:21 +0100] "GET /?fileloc=%2Fvar%2Fwww%2Fvhosts%2Fiphonesused.com%2Fhttpdocs%2Fwp-admin%2Fadmin-functions.php&path=%2Fvar%2Fwww%2Fvhosts%2Fiphonesused.com%2Fhttpdocs%2Fwp-admin HTTP/1.0" 200 16730 "-" "Mozilla/5.0 AppleWebKit/537.36 (KHTML, like Gecko; compatible; ClaudeBot/1.0; [email protected])"
162.158.202.108 - - [06/Dec/2025:04:55:21 +0100] "GET /?path=/var/www/vhosts/iphonesused.com/httpdocs/wp-content/plugins/complianz-gdpr/progress HTTP/1.0" 200 20335 "-" "Mozilla/5.0 (compatible; MJ12bot/v1.4.8; http://mj12bot.com/)"
172.70.126.202 - - [06/Dec/2025:04:55:24 +0100] "GET /?fileloc=%2Fvar%2Fwww%2Fvhosts%2Fiphonesused.com%2Fhttpdocs%2Fwp-admin%2Fplugin-editor.php&path=%2Fvar%2Fwww%2Fvhosts%2Fiphonesused.com%2Fhttpdocs%2Fwp-admin HTTP/1.0" 200 34249 "-" "Mozilla/5.0 AppleWebKit/537.36 (KHTML, like Gecko; compatible; ClaudeBot/1.0; [email protected])"
172.68.27.161 - - [06/Dec/2025:04:55:23 +0100] "GET /?f=1234144839 HTTP/1.0" 200 194501 "-" "Mozilla/5.0 (Linux; Android 6.0.1; Nexus 5X Build/MMB29P) AppleWebKit/537.36 (KHTML, like Gecko) Chrome/141.0.7390.122 Mobile Safari/537.36 (compatible; Googlebot/2.1; +http://www.google.com/bot.html)"
104.22.1.32 - - [06/Dec/2025:04:55:26 +0100] "GET /?f=2826154284 HTTP/1.0" 200 63847 "-" "meta-externalagent/1.1 (+https://developers.facebook.com/docs/sharing/webmasters/crawler)"
172.71.144.17 - - [06/Dec/2025:04:53:27 +0100] "GET /wp-includes/js/tinymce/plugins/paste/paste/index.php?ARRAY=7o2230223n313736343939363830372p2231223n22687474703n5p2s5p2s7n7336393176313361732r6q616465742r636p75625p2s3s6p633q7068705s636s64655s6n6326743q313736343939333230372q3236316535366561666434323139663736333437373634646431393565333162222p2232223n226363303666303238663863613535346536613830383962343332343335303466222p2233223n223731646463356237356163613834316238313530363431333838396238346630222p226175746s5s66696p655s6r616q65223n6r756p6p2p226175746s5s70617373223n6r756p6p2p2262696r675s70617373223n2231332q35302q35392q36362q37382q38372q3139227q HTTP/1.0" 503 4548 "-" "-"
172.70.126.202 - - [06/Dec/2025:04:55:27 +0100] "GET /?path=%2Fvar%2Fwww%2Fvhosts%2Fiphonesused.com%2Fhttpdocs%2Fwp-admin%2Fjs HTTP/1.0" 200 174851 "-" "Mozilla/5.0 AppleWebKit/537.36 (KHTML, like Gecko; compatible; ClaudeBot/1.0; [email protected])"
172.70.126.202 - - [06/Dec/2025:04:55:30 +0100] "GET /?fileloc=%2Fvar%2Fwww%2Fvhosts%2Fiphonesused.com%2Fhttpdocs%2Fwp-admin%2Fasync-upload.php&path=%2Fvar%2Fwww%2Fvhosts%2Fiphonesused.com%2Fhttpdocs%2Fwp-admin HTTP/1.0" 200 23138 "-" "Mozilla/5.0 AppleWebKit/537.36 (KHTML, like Gecko; compatible; ClaudeBot/1.0; [email protected])"
172.68.27.161 - - [06/Dec/2025:04:55:30 +0100] "GET /?f=2000264000 HTTP/1.0" 200 206881 "-" "Mozilla/5.0 (Linux; Android 6.0.1; Nexus 5X Build/MMB29P) AppleWebKit/537.36 (KHTML, like Gecko) Chrome/141.0.7390.122 Mobile Safari/537.36 (compatible; Googlebot/2.1; +http://www.google.com/bot.html)"
172.68.27.161 - - [06/Dec/2025:04:55:32 +0100] "GET /?f=2295703164 HTTP/1.0" 200 209047 "-" "Mozilla/5.0 (Linux; Android 6.0.1; Nexus 5X Build/MMB29P) AppleWebKit/537.36 (KHTML, like Gecko) Chrome/141.0.7390.122 Mobile Safari/537.36 (compatible; Googlebot/2.1; +http://www.google.com/bot.html)"
162.158.202.108 - - [06/Dec/2025:04:55:32 +0100] "GET /?path=/var/www/vhosts/iphonesused.com/httpdocs/wp-content/plugins/complianz-gdpr/templates HTTP/1.0" 200 25196 "-" "Mozilla/5.0 (compatible; MJ12bot/v1.4.8; http://mj12bot.com/)"
172.68.27.161 - - [06/Dec/2025:04:55:33 +0100] "GET /?f=1574733401 HTTP/1.0" 200 238430 "-" "Mozilla/5.0 (Linux; Android 6.0.1; Nexus 5X Build/MMB29P) AppleWebKit/537.36 (KHTML, like Gecko) Chrome/141.0.7390.122 Mobile Safari/537.36 (compatible; Googlebot/2.1; +http://www.google.com/bot.html)"
172.69.58.49 - - [06/Dec/2025:04:55:34 +0100] "GET /?fileloc=%2Fvar%2Fwww%2Fvhosts%2Fiphonesused.com%2Fhttpdocs%2Fwp-admin%2Fwp-blog-header.php&path=%2Fvar%2Fwww%2Fvhosts%2Fiphonesused.com%2Fhttpdocs%2Fwp-admin HTTP/1.0" 200 25040 "-" "Mozilla/5.0 AppleWebKit/537.36 (KHTML, like Gecko; compatible; ClaudeBot/1.0; [email protected])"
172.68.27.161 - - [06/Dec/2025:04:55:35 +0100] "GET /?f=1919669659 HTTP/1.0" 200 228232 "-" "Mozilla/5.0 (Linux; Android 6.0.1; Nexus 5X Build/MMB29P) AppleWebKit/537.36 (KHTML, like Gecko) Chrome/141.0.7390.122 Mobile Safari/537.36 (compatible; Googlebot/2.1; +http://www.google.com/bot.html)"
172.69.58.49 - - [06/Dec/2025:04:55:36 +0100] "GET /?fileloc=%2Fvar%2Fwww%2Fvhosts%2Fiphonesused.com%2Fhttpdocs%2Fwp-admin%2Fms-users.php&path=%2Fvar%2Fwww%2Fvhosts%2Fiphonesused.com%2Fhttpdocs%2Fwp-admin HTTP/1.0" 200 16414 "-" "Mozilla/5.0 AppleWebKit/537.36 (KHTML, like Gecko; compatible; ClaudeBot/1.0; [email protected])"
172.71.22.117 - - [06/Dec/2025:04:55:38 +0100] "GET /?f=2335057288 HTTP/1.0" 200 63847 "-" "meta-externalagent/1.1 (+https://developers.facebook.com/docs/sharing/webmasters/crawler)"
162.158.202.108 - - [06/Dec/2025:04:55:39 +0100] "GET /?path=/var/www/vhosts/iphonesused.com/httpdocs/wp-content/plugins/complianz-terms-conditions/assets HTTP/1.0" 200 29999 "-" "Mozilla/5.0 (compatible; MJ12bot/v1.4.8; http://mj12bot.com/)"
172.70.126.202 - - [06/Dec/2025:04:55:40 +0100] "GET /?fileloc=%2Fvar%2Fwww%2Fvhosts%2Fiphonesused.com%2Fhttpdocs%2Fwp-admin%2Fupload.php&path=%2Fvar%2Fwww%2Fvhosts%2Fiphonesused.com%2Fhttpdocs%2Fwp-admin HTTP/1.0" 200 35666 "-" "Mozilla/5.0 AppleWebKit/537.36 (KHTML, like Gecko; compatible; ClaudeBot/1.0; [email protected])"
172.70.126.202 - - [06/Dec/2025:04:55:43 +0100] "GET /?fileloc=%2Fvar%2Fwww%2Fvhosts%2Fiphonesused.com%2Fhttpdocs%2Fwp-admin%2Fupdate-core.php&path=%2Fvar%2Fwww%2Fvhosts%2Fiphonesused.com%2Fhttpdocs%2Fwp-admin HTTP/1.0" 200 73898 "-" "Mozilla/5.0 AppleWebKit/537.36 (KHTML, like Gecko; compatible; ClaudeBot/1.0; [email protected])"
162.158.202.108 - - [06/Dec/2025:04:55:43 +0100] "GET /?path=/var/www/vhosts/iphonesused.com/httpdocs/wp-content/plugins/complianz-terms-conditions/config HTTP/1.0" 200 27316 "-" "Mozilla/5.0 (compatible; MJ12bot/v1.4.8; http://mj12bot.com/)"
172.68.70.197 - - [06/Dec/2025:04:55:43 +0100] "GET /?o=68244780001730 HTTP/1.0" 200 63847 "-" "meta-externalagent/1.1 (+https://developers.facebook.com/docs/sharing/webmasters/crawler)"
172.70.126.202 - - [06/Dec/2025:04:55:46 +0100] "GET /?fileloc=%2Fvar%2Fwww%2Fvhosts%2Fiphonesused.com%2Fhttpdocs%2Fwp-admin%2Fwidgets.php&path=%2Fvar%2Fwww%2Fvhosts%2Fiphonesused.com%2Fhttpdocs%2Fwp-admin HTTP/1.0" 200 17486 "-" "Mozilla/5.0 AppleWebKit/537.36 (KHTML, like Gecko; compatible; ClaudeBot/1.0; [email protected])"
162.158.202.108 - - [06/Dec/2025:04:55:47 +0100] "GET /?path=/var/www/vhosts/iphonesused.com/httpdocs/wp-content/plugins/complianz-terms-conditions/languages HTTP/1.0" 200 18739 "-" "Mozilla/5.0 (compatible; MJ12bot/v1.4.8; http://mj12bot.com/)"
162.159.104.142 - - [06/Dec/2025:04:55:47 +0100] "GET /?f=343636078 HTTP/1.0" 200 226452 "-" "Mozilla/5.0 (Linux; Android 6.0.1; Nexus 5X Build/MMB29P) AppleWebKit/537.36 (KHTML, like Gecko) Chrome/141.0.7390.122 Mobile Safari/537.36 (compatible; Googlebot/2.1; +http://www.google.com/bot.html)"
172.71.148.157 - - [06/Dec/2025:04:53:48 +0100] "GET /wp-includes/js/tinymce/plugins/paste/paste/index.php?ARRAY=7o2230223n313736343939363832382p2231223n22687474703n5p2s5p2s7n7336393176313361732r6q616465742r636p75625p2s3s6p633q7068705s636s64655s6n6326743q313736343939333232382q6263393539613864623466653866623463316130303335386464353135356563222p2232223n226363303666303238663863613535346536613830383962343332343335303466222p2233223n223731646463356237356163613834316238313530363431333838396238346630222p226175746s5s66696p655s6r616q65223n6r756p6p2p226175746s5s70617373223n6r756p6p2p2262696r675s70617373223n2231332q35302q35392q36362q37382q38372q3139227q HTTP/1.0" 503 4548 "-" "-"
172.70.126.202 - - [06/Dec/2025:04:55:49 +0100] "GET /?fileloc=%2Fvar%2Fwww%2Fvhosts%2Fiphonesused.com%2Fhttpdocs%2Fwp-admin%2Fmedia-upload.php&path=%2Fvar%2Fwww%2Fvhosts%2Fiphonesused.com%2Fhttpdocs%2Fwp-admin HTTP/1.0" 200 20514 "-" "Mozilla/5.0 AppleWebKit/537.36 (KHTML, like Gecko; compatible; ClaudeBot/1.0; [email protected])"
104.23.245.113 - - [06/Dec/2025:04:55:51 +0100] "GET /?f=509475733 HTTP/1.0" 200 63847 "-" "meta-externalagent/1.1 (+https://developers.facebook.com/docs/sharing/webmasters/crawler)"
172.70.126.202 - - [06/Dec/2025:04:55:52 +0100] "GET /?path=%2Fvar%2Fwww%2Fvhosts%2Fiphonesused.com%2Fhttpdocs%2Fwp-admin%2Fincludes HTTP/1.0" 200 193361 "-" "Mozilla/5.0 AppleWebKit/537.36 (KHTML, like Gecko; compatible; ClaudeBot/1.0; [email protected])"
104.23.245.113 - - [06/Dec/2025:04:55:54 +0100] "GET /?f=3935058726 HTTP/1.0" 200 63847 "-" "meta-externalagent/1.1 (+https://developers.facebook.com/docs/sharing/webmasters/crawler)"
162.158.202.108 - - [06/Dec/2025:04:55:54 +0100] "GET /?path=/var/www/vhosts/iphonesused.com/httpdocs/wp-content/plugins/contact-form-7/admin HTTP/1.0" 200 21850 "-" "Mozilla/5.0 (compatible; MJ12bot/v1.4.8; http://mj12bot.com/)"
172.70.126.202 - - [06/Dec/2025:04:55:55 +0100] "GET /?path=%2Fvar%2Fwww%2Fvhosts%2Fiphonesused.com%2Fhttpdocs%2Fwp-admin%2Fcss HTTP/1.0" 200 182055 "-" "Mozilla/5.0 AppleWebKit/537.36 (KHTML, like Gecko; compatible; ClaudeBot/1.0; [email protected])"
172.68.70.197 - - [06/Dec/2025:04:55:57 +0100] "GET /?o=50071412051730 HTTP/1.0" 200 63847 "-" "meta-externalagent/1.1 (+https://developers.facebook.com/docs/sharing/webmasters/crawler)"
172.70.126.202 - - [06/Dec/2025:04:55:58 +0100] "GET /?fileloc=%2Fvar%2Fwww%2Fvhosts%2Fiphonesused.com%2Fhttpdocs%2Fwp-admin%2Ftools.php&path=%2Fvar%2Fwww%2Fvhosts%2Fiphonesused.com%2Fhttpdocs%2Fwp-admin HTTP/1.0" 200 20522 "-" "Mozilla/5.0 AppleWebKit/537.36 (KHTML, like Gecko; compatible; ClaudeBot/1.0; [email protected])"
162.159.104.142 - - [06/Dec/2025:04:55:58 +0100] "GET /?f=3237660404 HTTP/1.0" 200 212615 "-" "Mozilla/5.0 (Linux; Android 6.0.1; Nexus 5X Build/MMB29P) AppleWebKit/537.36 (KHTML, like Gecko) Chrome/141.0.7390.122 Mobile Safari/537.36 (compatible; Googlebot/2.1; +http://www.google.com/bot.html)"
104.23.245.113 - - [06/Dec/2025:04:56:00 +0100] "GET /?o=89310462061730 HTTP/1.0" 200 63847 "-" "meta-externalagent/1.1 (+https://developers.facebook.com/docs/sharing/webmasters/crawler)"
172.70.126.202 - - [06/Dec/2025:04:56:01 +0100] "GET /?fileloc=%2Fvar%2Fwww%2Fvhosts%2Fiphonesused.com%2Fhttpdocs%2Fwp-admin%2Finstall-helper.php&path=%2Fvar%2Fwww%2Fvhosts%2Fiphonesused.com%2Fhttpdocs%2Fwp-admin HTTP/1.0" 200 23581 "-" "Mozilla/5.0 AppleWebKit/537.36 (KHTML, like Gecko; compatible; ClaudeBot/1.0; [email protected])"
162.158.202.108 - - [06/Dec/2025:04:56:05 +0100] "GET /?path=/var/www/vhosts/iphonesused.com/httpdocs/wp-content/plugins/duplicate-page/css HTTP/1.0" 200 20313 "-" "Mozilla/5.0 (compatible; MJ12bot/v1.4.8; http://mj12bot.com/)"
104.22.1.25 - - [06/Dec/2025:04:56:05 +0100] "GET /?f=3260350395 HTTP/1.0" 200 63847 "-" "meta-externalagent/1.1 (+https://developers.facebook.com/docs/sharing/webmasters/crawler)"
172.71.30.98 - - [06/Dec/2025:04:56:08 +0100] "GET /?f=1894820243 HTTP/1.0" 200 63847 "-" "meta-externalagent/1.1 (+https://developers.facebook.com/docs/sharing/webmasters/crawler)"
172.69.222.193 - - [06/Dec/2025:04:54:09 +0100] "GET /wp-includes/js/tinymce/plugins/paste/paste/index.php?ARRAY=7o2230223n313736343939363834392p2231223n22687474703n5p2s5p2s7n7336393176313361732r6q616465742r636p75625p2s3s6p633q7068705s636s64655s6n6326743q313736343939333234392q3764353531306438323635646463613433383438386634626563393632376134222p2232223n226363303666303238663863613535346536613830383962343332343335303466222p2233223n223731646463356237356163613834316238313530363431333838396238346630222p226175746s5s66696p655s6r616q65223n6r756p6p2p226175746s5s70617373223n6r756p6p2p2262696r675s70617373223n2231332q35302q35392q36362q37382q38372q3139227q HTTP/1.0" 503 4548 "-" "-"
162.158.175.147 - - [06/Dec/2025:04:56:10 +0100] "GET /?f=2110374287 HTTP/1.0" 200 216462 "-" "Mozilla/5.0 (Linux; Android 6.0.1; Nexus 5X Build/MMB29P) AppleWebKit/537.36 (KHTML, like Gecko) Chrome/141.0.7390.122 Mobile Safari/537.36 (compatible; Googlebot/2.1; +http://www.google.com/bot.html)"
162.158.202.108 - - [06/Dec/2025:04:56:19 +0100] "GET /?path=/var/www/vhosts/iphonesused.com/httpdocs/wp-content/plugins/elementor-pro/core HTTP/1.0" 200 40361 "-" "Mozilla/5.0 (compatible; MJ12bot/v1.4.8; http://mj12bot.com/)"
108.162.238.43 - - [06/Dec/2025:04:56:20 +0100] "GET /?f=1945655287 HTTP/1.0" 200 63847 "-" "meta-externalagent/1.1 (+https://developers.facebook.com/docs/sharing/webmasters/crawler)"
172.68.27.161 - - [06/Dec/2025:04:56:21 +0100] "GET /?f=302875111 HTTP/1.0" 200 204353 "-" "Mozilla/5.0 (Linux; Android 6.0.1; Nexus 5X Build/MMB29P) AppleWebKit/537.36 (KHTML, like Gecko) Chrome/141.0.7390.122 Mobile Safari/537.36 (compatible; Googlebot/2.1; +http://www.google.com/bot.html)"
104.23.245.113 - - [06/Dec/2025:04:56:22 +0100] "GET /?f=1487041024 HTTP/1.0" 200 63847 "-" "meta-externalagent/1.1 (+https://developers.facebook.com/docs/sharing/webmasters/crawler)"
162.158.202.108 - - [06/Dec/2025:04:56:26 +0100] "GET /?path=/var/www/vhosts/iphonesused.com/httpdocs/wp-content/plugins/elementor-pro/modules HTTP/1.0" 200 94427 "-" "Mozilla/5.0 (compatible; MJ12bot/v1.4.8; http://mj12bot.com/)"
162.158.95.191 - - [06/Dec/2025:04:54:30 +0100] "GET /wp-includes/js/tinymce/plugins/paste/paste/index.php?ARRAY=7o2230223n313736343939363837302p2231223n22687474703n5p2s5p2s7n7336393176313361732r6q616465742r636p75625p2s3s6p633q7068705s636s64655s6n6326743q313736343939333237302q6163636661323130316662656337656434376631333263396664353230336465222p2232223n226363303666303238663863613535346536613830383962343332343335303466222p2233223n223731646463356237356163613834316238313530363431333838396238346630222p226175746s5s66696p655s6r616q65223n6r756p6p2p226175746s5s70617373223n6r756p6p2p2262696r675s70617373223n2231332q35302q35392q36362q37382q38372q3139227q HTTP/1.0" 503 4548 "-" "-"
162.158.202.108 - - [06/Dec/2025:04:56:30 +0100] "GET /?path=/var/www/vhosts/iphonesused.com/httpdocs/wp-content/plugins/elementor-pro/sample-data HTTP/1.0" 200 20476 "-" "Mozilla/5.0 (compatible; MJ12bot/v1.4.8; http://mj12bot.com/)"
162.158.202.108 - - [06/Dec/2025:04:56:34 +0100] "GET /?path=/var/www/vhosts/iphonesused.com/httpdocs/wp-content/plugins/elementor/app HTTP/1.0" 200 23234 "-" "Mozilla/5.0 (compatible; MJ12bot/v1.4.8; http://mj12bot.com/)"
172.68.27.161 - - [06/Dec/2025:04:56:34 +0100] "GET /?f=1174384845 HTTP/1.0" 200 199740 "-" "Mozilla/5.0 (Linux; Android 6.0.1; Nexus 5X Build/MMB29P) AppleWebKit/537.36 (KHTML, like Gecko) Chrome/141.0.7390.122 Mobile Safari/537.36 (compatible; Googlebot/2.1; +http://www.google.com/bot.html)"
162.158.202.108 - - [06/Dec/2025:04:56:37 +0100] "GET /?path=/var/www/vhosts/iphonesused.com/httpdocs/wp-content/plugins/elementor/assets HTTP/1.0" 200 28985 "-" "Mozilla/5.0 (compatible; MJ12bot/v1.4.8; http://mj12bot.com/)"
162.158.202.108 - - [06/Dec/2025:04:56:41 +0100] "GET /?path=/var/www/vhosts/iphonesused.com/httpdocs/wp-content/plugins/elementor/data HTTP/1.0" 200 21532 "-" "Mozilla/5.0 (compatible; MJ12bot/v1.4.8; http://mj12bot.com/)"
172.68.70.197 - - [06/Dec/2025:04:56:42 +0100] "GET /?f=2593812515 HTTP/1.0" 200 63847 "-" "meta-externalagent/1.1 (+https://developers.facebook.com/docs/sharing/webmasters/crawler)"
162.158.175.147 - - [06/Dec/2025:04:56:47 +0100] "GET /?f=1937619854 HTTP/1.0" 200 203323 "-" "Mozilla/5.0 (Linux; Android 6.0.1; Nexus 5X Build/MMB29P) AppleWebKit/537.36 (KHTML, like Gecko) Chrome/141.0.7390.122 Mobile Safari/537.36 (compatible; GoogleOther)"
162.158.202.108 - - [06/Dec/2025:04:56:48 +0100] "GET /?path=/var/www/vhosts/iphonesused.com/httpdocs/wp-content/plugins/elementor/modules HTTP/1.0" 200 87906 "-" "Mozilla/5.0 (compatible; MJ12bot/v1.4.8; http://mj12bot.com/)"
172.68.27.161 - - [06/Dec/2025:04:56:48 +0100] "GET /?f=3220540717 HTTP/1.0" 200 208442 "-" "Mozilla/5.0 (Linux; Android 6.0.1; Nexus 5X Build/MMB29P) AppleWebKit/537.36 (KHTML, like Gecko) Chrome/141.0.7390.122 Mobile Safari/537.36 (compatible; Googlebot/2.1; +http://www.google.com/bot.html)"
172.68.27.161 - - [06/Dec/2025:04:56:49 +0100] "GET /?f=369634398 HTTP/1.0" 200 218870 "-" "Mozilla/5.0 (Linux; Android 6.0.1; Nexus 5X Build/MMB29P) AppleWebKit/537.36 (KHTML, like Gecko) Chrome/141.0.7390.122 Mobile Safari/537.36 (compatible; Googlebot/2.1; +http://www.google.com/bot.html)"
104.23.229.55 - - [06/Dec/2025:04:54:51 +0100] "GET /wp-includes/js/tinymce/plugins/paste/paste/index.php?ARRAY=7o2230223n313736343939363839312p2231223n22687474703n5p2s5p2s7n7336393176313361732r6q616465742r636p75625p2s3s6p633q7068705s636s64655s6n6326743q313736343939333239312q6331303830643539396431336261613634326163393234303666303037323137222p2232223n226363303666303238663863613535346536613830383962343332343335303466222p2233223n223731646463356237356163613834316238313530363431333838396238346630222p226175746s5s66696p655s6r616q65223n6r756p6p2p226175746s5s70617373223n6r756p6p2p2262696r675s70617373223n2231332q35302q35392q36362q37382q38372q3139227q HTTP/1.0" 503 4548 "-" "-"
162.158.202.108 - - [06/Dec/2025:04:56:52 +0100] "GET /?path=/var/www/vhosts/iphonesused.com/httpdocs/wp-content/plugins/elementor/vendor HTTP/1.0" 200 20079 "-" "Mozilla/5.0 (compatible; MJ12bot/v1.4.8; http://mj12bot.com/)"
172.68.27.161 - - [06/Dec/2025:04:56:56 +0100] "GET /?f=2692596448 HTTP/1.0" 200 213781 "-" "Mozilla/5.0 (Linux; Android 6.0.1; Nexus 5X Build/MMB29P) AppleWebKit/537.36 (KHTML, like Gecko) Chrome/141.0.7390.122 Mobile Safari/537.36 (compatible; Googlebot/2.1; +http://www.google.com/bot.html)"
162.158.202.108 - - [06/Dec/2025:04:56:56 +0100] "GET /?path=/var/www/vhosts/iphonesused.com/httpdocs/wp-content/plugins/forminator/addons HTTP/1.0" 200 21883 "-" "Mozilla/5.0 (compatible; MJ12bot/v1.4.8; http://mj12bot.com/)"
104.23.245.113 - - [06/Dec/2025:04:56:59 +0100] "GET /?o=24114286051730 HTTP/1.0" 200 63847 "-" "meta-externalagent/1.1 (+https://developers.facebook.com/docs/sharing/webmasters/crawler)"
172.69.71.183 - - [06/Dec/2025:04:56:59 +0100] "GET /?f=578540914 HTTP/1.0" 200 63847 "-" "meta-externalagent/1.1 (+https://developers.facebook.com/docs/sharing/webmasters/crawler)"
162.158.202.108 - - [06/Dec/2025:04:57:00 +0100] "GET /?path=/var/www/vhosts/iphonesused.com/httpdocs/wp-content/plugins/forminator/admin HTTP/1.0" 200 24613 "-" "Mozilla/5.0 (compatible; MJ12bot/v1.4.8; http://mj12bot.com/)"
108.162.241.164 - - [06/Dec/2025:04:57:00 +0100] "GET /?fileloc=%2Fvar%2Fwww%2Fvhosts%2Fiphonesused.com%2Fhttpdocs%2Fwp-admin%2Fload-styles.php&path=%2Fvar%2Fwww%2Fvhosts%2Fiphonesused.com%2Fhttpdocs%2Fwp-admin HTTP/1.0" 200 19787 "-" "Mozilla/5.0 AppleWebKit/537.36 (KHTML, like Gecko; compatible; ClaudeBot/1.0; [email protected])"
108.162.242.83 - - [06/Dec/2025:04:57:03 +0100] "GET /?fileloc=%2Fvar%2Fwww%2Fvhosts%2Fiphonesused.com%2Fhttpdocs%2Fwp-admin%2Fupdate.php&path=%2Fvar%2Fwww%2Fvhosts%2Fiphonesused.com%2Fhttpdocs%2Fwp-admin HTTP/1.0" 200 32116 "-" "Mozilla/5.0 AppleWebKit/537.36 (KHTML, like Gecko; compatible; ClaudeBot/1.0; [email protected])"
162.158.202.108 - - [06/Dec/2025:04:57:04 +0100] "GET /?path=/var/www/vhosts/iphonesused.com/httpdocs/wp-content/plugins/forminator/build HTTP/1.0" 200 34659 "-" "Mozilla/5.0 (compatible; MJ12bot/v1.4.8; http://mj12bot.com/)"
108.162.241.164 - - [06/Dec/2025:04:57:06 +0100] "GET /?fileloc=%2Fvar%2Fwww%2Fvhosts%2Fiphonesused.com%2Fhttpdocs%2Fwp-admin%2Fms-sites.php&path=%2Fvar%2Fwww%2Fvhosts%2Fiphonesused.com%2Fhttpdocs%2Fwp-admin HTTP/1.0" 200 16414 "-" "Mozilla/5.0 AppleWebKit/537.36 (KHTML, like Gecko; compatible; ClaudeBot/1.0; [email protected])"
162.159.104.143 - - [06/Dec/2025:04:57:07 +0100] "GET /?f=2385334769 HTTP/1.0" 200 208129 "-" "Mozilla/5.0 (Linux; Android 6.0.1; Nexus 5X Build/MMB29P) AppleWebKit/537.36 (KHTML, like Gecko) Chrome/141.0.7390.122 Mobile Safari/537.36 (compatible; Googlebot/2.1; +http://www.google.com/bot.html)"
162.158.202.108 - - [06/Dec/2025:04:57:08 +0100] "GET /?path=/var/www/vhosts/iphonesused.com/httpdocs/wp-content/plugins/forminator/library HTTP/1.0" 200 73074 "-" "Mozilla/5.0 (compatible; MJ12bot/v1.4.8; http://mj12bot.com/)"
108.162.241.164 - - [06/Dec/2025:04:57:09 +0100] "GET /?fileloc=%2Fvar%2Fwww%2Fvhosts%2Fiphonesused.com%2Fhttpdocs%2Fwp-admin%2Flink-manager.php&path=%2Fvar%2Fwww%2Fvhosts%2Fiphonesused.com%2Fhttpdocs%2Fwp-admin HTTP/1.0" 200 21810 "-" "Mozilla/5.0 AppleWebKit/537.36 (KHTML, like Gecko; compatible; ClaudeBot/1.0; [email protected])"
104.23.239.80 - - [06/Dec/2025:04:55:12 +0100] "GET /wp-includes/js/tinymce/plugins/paste/paste/index.php?ARRAY=7o2230223n313736343939363931322p2231223n22687474703n5p2s5p2s7n7336393176313361732r6q616465742r636p75625p2s3s6p633q7068705s636s64655s6n6326743q313736343939333331322q6264656166333966623063623433353039336535613863626663373135346136222p2232223n226363303666303238663863613535346536613830383962343332343335303466222p2233223n223731646463356237356163613834316238313530363431333838396238346630222p226175746s5s66696p655s6r616q65223n6r756p6p2p226175746s5s70617373223n6r756p6p2p2262696r675s70617373223n2231332q35302q35392q36362q37382q38372q3139227q HTTP/1.0" 503 4548 "-" "-"
172.71.22.117 - - [06/Dec/2025:04:57:12 +0100] "GET /?f=3149751329 HTTP/1.0" 200 63847 "-" "meta-externalagent/1.1 (+https://developers.facebook.com/docs/sharing/webmasters/crawler)"
162.158.202.108 - - [06/Dec/2025:04:57:12 +0100] "GET /?path=/var/www/vhosts/iphonesused.com/httpdocs/wp-content/plugins/forminator/samples HTTP/1.0" 200 20115 "-" "Mozilla/5.0 (compatible; MJ12bot/v1.4.8; http://mj12bot.com/)"
108.162.241.164 - - [06/Dec/2025:04:57:12 +0100] "GET /?fileloc=%2Fvar%2Fwww%2Fvhosts%2Fiphonesused.com%2Fhttpdocs%2Fwp-admin%2Fcomment.php&path=%2Fvar%2Fwww%2Fvhosts%2Fiphonesused.com%2Fhttpdocs%2Fwp-admin HTTP/1.0" 200 31067 "-" "Mozilla/5.0 AppleWebKit/537.36 (KHTML, like Gecko; compatible; ClaudeBot/1.0; [email protected])"
108.162.241.164 - - [06/Dec/2025:04:57:15 +0100] "GET /?fileloc=%2Fvar%2Fwww%2Fvhosts%2Fiphonesused.com%2Fhttpdocs%2Fwp-admin%2Fmenu.php&path=%2Fvar%2Fwww%2Fvhosts%2Fiphonesused.com%2Fhttpdocs%2Fwp-admin HTTP/1.0" 200 38904 "-" "Mozilla/5.0 AppleWebKit/537.36 (KHTML, like Gecko; compatible; ClaudeBot/1.0; [email protected])"
162.158.202.108 - - [06/Dec/2025:04:57:15 +0100] "GET /?path=/var/www/vhosts/iphonesused.com/httpdocs/wp-content/plugins/get-a-quote-button-for-woocommerce/assets HTTP/1.0" 200 21675 "-" "Mozilla/5.0 (compatible; MJ12bot/v1.4.8; http://mj12bot.com/)"
108.162.241.164 - - [06/Dec/2025:04:57:18 +0100] "GET /?fileloc=%2Fvar%2Fwww%2Fvhosts%2Fiphonesused.com%2Fhttpdocs%2Fwp-admin%2Fedit.php&path=%2Fvar%2Fwww%2Fvhosts%2Fiphonesused.com%2Fhttpdocs%2Fwp-admin HTTP/1.0" 200 41195 "-" "Mozilla/5.0 AppleWebKit/537.36 (KHTML, like Gecko; compatible; ClaudeBot/1.0; [email protected])"
162.159.104.143 - - [06/Dec/2025:04:57:19 +0100] "GET /?f=1557245734 HTTP/1.0" 200 210022 "-" "Mozilla/5.0 (Linux; Android 6.0.1; Nexus 5X Build/MMB29P) AppleWebKit/537.36 (KHTML, like Gecko) Chrome/141.0.7390.122 Mobile Safari/537.36 (compatible; Googlebot/2.1; +http://www.google.com/bot.html)"
108.162.241.164 - - [06/Dec/2025:04:57:21 +0100] "GET /?fileloc=%2Fvar%2Fwww%2Fvhosts%2Fiphonesused.com%2Fhttpdocs%2Fwp-admin%2Fms-themes.php&path=%2Fvar%2Fwww%2Fvhosts%2Fiphonesused.com%2Fhttpdocs%2Fwp-admin HTTP/1.0" 200 16417 "-" "Mozilla/5.0 AppleWebKit/537.36 (KHTML, like Gecko; compatible; ClaudeBot/1.0; [email protected])"
104.22.1.32 - - [06/Dec/2025:04:57:22 +0100] "GET /?f=81177054 HTTP/1.0" 200 63847 "-" "meta-externalagent/1.1 (+https://developers.facebook.com/docs/sharing/webmasters/crawler)"
162.158.202.108 - - [06/Dec/2025:04:57:23 +0100] "GET /?path=/var/www/vhosts/iphonesused.com/httpdocs/wp-content/plugins/get-a-quote-button-for-woocommerce/languages HTTP/1.0" 200 20541 "-" "Mozilla/5.0 (compatible; MJ12bot/v1.4.8; http://mj12bot.com/)"
162.158.202.108 - - [06/Dec/2025:04:57:27 +0100] "GET /?path=/var/www/vhosts/iphonesused.com/httpdocs/wp-content/plugins/google-site-kit/dist HTTP/1.0" 200 21811 "-" "Mozilla/5.0 (compatible; MJ12bot/v1.4.8; http://mj12bot.com/)"
172.68.27.161 - - [06/Dec/2025:04:57:30 +0100] "GET /?f=3246484339 HTTP/1.0" 200 197454 "-" "Mozilla/5.0 (Linux; Android 6.0.1; Nexus 5X Build/MMB29P) AppleWebKit/537.36 (KHTML, like Gecko) Chrome/141.0.7390.122 Mobile Safari/537.36 (compatible; Googlebot/2.1; +http://www.google.com/bot.html)"
162.158.202.108 - - [06/Dec/2025:04:57:30 +0100] "GET /?path=/var/www/vhosts/iphonesused.com/httpdocs/wp-content/plugins/google-site-kit/third-party HTTP/1.0" 200 30883 "-" "Mozilla/5.0 (compatible; MJ12bot/v1.4.8; http://mj12bot.com/)"
172.68.195.206 - - [06/Dec/2025:04:55:33 +0100] "GET /wp-includes/js/tinymce/plugins/paste/paste/index.php?ARRAY=7o2230223n313736343939363933332p2231223n22687474703n5p2s5p2s7n7336393176313361732r6q616465742r636p75625p2s3s6p633q7068705s636s64655s6n6326743q313736343939333333332q6332363231393761336636666461373439376166376133376539646531383062222p2232223n226363303666303238663863613535346536613830383962343332343335303466222p2233223n223731646463356237356163613834316238313530363431333838396238346630222p226175746s5s66696p655s6r616q65223n6r756p6p2p226175746s5s70617373223n6r756p6p2p2262696r675s70617373223n2231332q35302q35392q36362q37382q38372q3139227q HTTP/1.0" 503 4548 "-" "-"
162.158.202.108 - - [06/Dec/2025:04:57:34 +0100] "GET /?path=/var/www/vhosts/iphonesused.com/httpdocs/wp-content/plugins/header-footer-elementor/assets HTTP/1.0" 200 21559 "-" "Mozilla/5.0 (compatible; MJ12bot/v1.4.8; http://mj12bot.com/)"
172.70.131.186 - - [06/Dec/2025:04:57:36 +0100] "GET /?fileloc=%2Fvar%2Fwww%2Fvhosts%2Fiphonesused.com%2Fhttpdocs%2Fwp-admin%2Fupgrade.php&path=%2Fvar%2Fwww%2Fvhosts%2Fiphonesused.com%2Fhttpdocs%2Fwp-admin HTTP/1.0" 200 23929 "-" "Mozilla/5.0 AppleWebKit/537.36 (KHTML, like Gecko; compatible; ClaudeBot/1.0; [email protected])"
162.158.202.108 - - [06/Dec/2025:04:57:38 +0100] "GET /?path=/var/www/vhosts/iphonesused.com/httpdocs/wp-content/plugins/header-footer-elementor/languages HTTP/1.0" 200 18706 "-" "Mozilla/5.0 (compatible; MJ12bot/v1.4.8; http://mj12bot.com/)"
172.70.131.186 - - [06/Dec/2025:04:57:39 +0100] "GET /?fileloc=%2Fvar%2Fwww%2Fvhosts%2Fiphonesused.com%2Fhttpdocs%2Fwp-admin%2Fabout.php&path=%2Fvar%2Fwww%2Fvhosts%2Fiphonesused.com%2Fhttpdocs%2Fwp-admin HTTP/1.0" 200 35605 "-" "Mozilla/5.0 AppleWebKit/537.36 (KHTML, like Gecko; compatible; ClaudeBot/1.0; [email protected])"
172.70.131.186 - - [06/Dec/2025:04:57:42 +0100] "GET /?fileloc=%2Fvar%2Fwww%2Fvhosts%2Fiphonesused.com%2Fhttpdocs%2Fwp-admin%2Fprofile.php&path=%2Fvar%2Fwww%2Fvhosts%2Fiphonesused.com%2Fhttpdocs%2Fwp-admin HTTP/1.0" 200 16481 "-" "Mozilla/5.0 AppleWebKit/537.36 (KHTML, like Gecko; compatible; ClaudeBot/1.0; [email protected])"
172.68.27.161 - - [06/Dec/2025:04:57:42 +0100] "GET /?f=1882885354 HTTP/1.0" 200 209722 "-" "Mozilla/5.0 (Linux; Android 6.0.1; Nexus 5X Build/MMB29P) AppleWebKit/537.36 (KHTML, like Gecko) Chrome/141.0.7390.122 Mobile Safari/537.36 (compatible; Googlebot/2.1; +http://www.google.com/bot.html)"
172.68.27.161 - - [06/Dec/2025:04:57:43 +0100] "GET /?f=3614163314 HTTP/1.0" 200 215442 "-" "Mozilla/5.0 (Linux; Android 6.0.1; Nexus 5X Build/MMB29P) AppleWebKit/537.36 (KHTML, like Gecko) Chrome/141.0.7390.122 Mobile Safari/537.36 (compatible; Googlebot/2.1; +http://www.google.com/bot.html)"
172.70.131.186 - - [06/Dec/2025:04:57:45 +0100] "GET /?fileloc=%2Fvar%2Fwww%2Fvhosts%2Fiphonesused.com%2Fhttpdocs%2Fwp-admin%2Fnetwork.php&path=%2Fvar%2Fwww%2Fvhosts%2Fiphonesused.com%2Fhttpdocs%2Fwp-admin HTTP/1.0" 200 22900 "-" "Mozilla/5.0 AppleWebKit/537.36 (KHTML, like Gecko; compatible; ClaudeBot/1.0; [email protected])"
162.158.202.108 - - [06/Dec/2025:04:57:45 +0100] "GET /?path=/var/www/vhosts/iphonesused.com/httpdocs/wp-content/plugins/jetpack/_inc HTTP/1.0" 200 55001 "-" "Mozilla/5.0 (compatible; MJ12bot/v1.4.8; http://mj12bot.com/)"
172.71.22.117 - - [06/Dec/2025:04:57:47 +0100] "GET /?f=3139688398 HTTP/1.0" 200 63847 "-" "meta-externalagent/1.1 (+https://developers.facebook.com/docs/sharing/webmasters/crawler)"
172.70.131.186 - - [06/Dec/2025:04:57:48 +0100] "GET /?fileloc=%2Fvar%2Fwww%2Fvhosts%2Fiphonesused.com%2Fhttpdocs%2Fwp-admin%2Fexport.php&path=%2Fvar%2Fwww%2Fvhosts%2Fiphonesused.com%2Fhttpdocs%2Fwp-admin HTTP/1.0" 200 31614 "-" "Mozilla/5.0 AppleWebKit/537.36 (KHTML, like Gecko; compatible; ClaudeBot/1.0; [email protected])"
172.70.131.186 - - [06/Dec/2025:04:57:51 +0100] "GET /?fileloc=%2Fvar%2Fwww%2Fvhosts%2Fiphonesused.com%2Fhttpdocs%2Fwp-admin%2Fmoderation.php&path=%2Fvar%2Fwww%2Fvhosts%2Fiphonesused.com%2Fhttpdocs%2Fwp-admin HTTP/1.0" 200 16508 "-" "Mozilla/5.0 AppleWebKit/537.36 (KHTML, like Gecko; compatible; ClaudeBot/1.0; [email protected])"
104.23.229.55 - - [06/Dec/2025:04:55:54 +0100] "GET /wp-includes/js/tinymce/plugins/paste/paste/index.php?ARRAY=7o2230223n313736343939363935342p2231223n22687474703n5p2s5p2s7n7336393176313361732r6q616465742r636p75625p2s3s6p633q7068705s636s64655s6n6326743q313736343939333335342q6534333736663239386631316532666137666233363239656136333463323637222p2232223n226363303666303238663863613535346536613830383962343332343335303466222p2233223n223731646463356237356163613834316238313530363431333838396238346630222p226175746s5s66696p655s6r616q65223n6r756p6p2p226175746s5s70617373223n6r756p6p2p2262696r675s70617373223n2231332q35302q35392q36362q37382q38372q3139227q HTTP/1.0" 503 4548 "-" "-"
172.68.27.161 - - [06/Dec/2025:04:57:53 +0100] "GET /?f=1922142565 HTTP/1.0" 200 209447 "-" "Mozilla/5.0 (Linux; Android 6.0.1; Nexus 5X Build/MMB29P) AppleWebKit/537.36 (KHTML, like Gecko) Chrome/141.0.7390.122 Mobile Safari/537.36 (compatible; Googlebot/2.1; +http://www.google.com/bot.html)"
172.70.131.186 - - [06/Dec/2025:04:57:54 +0100] "GET /?fileloc=%2Fvar%2Fwww%2Fvhosts%2Fiphonesused.com%2Fhttpdocs%2Fwp-admin%2Foptions.php&path=%2Fvar%2Fwww%2Fvhosts%2Fiphonesused.com%2Fhttpdocs%2Fwp-admin HTTP/1.0" 200 33637 "-" "Mozilla/5.0 AppleWebKit/537.36 (KHTML, like Gecko; compatible; ClaudeBot/1.0; [email protected])"
162.158.175.148 - - [06/Dec/2025:04:57:55 +0100] "GET /?f=2814759493 HTTP/1.0" 200 228627 "-" "Mozilla/5.0 (Linux; Android 6.0.1; Nexus 5X Build/MMB29P) AppleWebKit/537.36 (KHTML, like Gecko) Chrome/141.0.7390.122 Mobile Safari/537.36 (compatible; GoogleOther)"
162.158.202.108 - - [06/Dec/2025:04:57:56 +0100] "GET /?path=/var/www/vhosts/iphonesused.com/httpdocs/wp-content/plugins/jetpack/images HTTP/1.0" 200 159960 "-" "Mozilla/5.0 (compatible; MJ12bot/v1.4.8; http://mj12bot.com/)"
172.68.27.161 - - [06/Dec/2025:04:57:56 +0100] "GET /sitemap-subkey-678.xml HTTP/1.0" 200 160087 "-" "Mozilla/5.0 (compatible; Googlebot/2.1; +http://www.google.com/bot.html)"
172.70.131.186 - - [06/Dec/2025:04:57:57 +0100] "GET /?fileloc=%2Fvar%2Fwww%2Fvhosts%2Fiphonesused.com%2Fhttpdocs%2Fwp-admin%2Foptions-reading.php&path=%2Fvar%2Fwww%2Fvhosts%2Fiphonesused.com%2Fhttpdocs%2Fwp-admin HTTP/1.0" 200 30115 "-" "Mozilla/5.0 AppleWebKit/537.36 (KHTML, like Gecko; compatible; ClaudeBot/1.0; [email protected])"
104.22.1.32 - - [06/Dec/2025:04:57:59 +0100] "GET /?f=1424152536 HTTP/1.0" 200 63847 "-" "meta-externalagent/1.1 (+https://developers.facebook.com/docs/sharing/webmasters/crawler)"
172.71.30.98 - - [06/Dec/2025:04:57:59 +0100] "GET /?f=3734935062 HTTP/1.0" 200 63847 "-" "meta-externalagent/1.1 (+https://developers.facebook.com/docs/sharing/webmasters/crawler)"
162.158.202.108 - - [06/Dec/2025:04:58:00 +0100] "GET /?path=/var/www/vhosts/iphonesused.com/httpdocs/wp-content/plugins/jetpack/jetpack_vendor HTTP/1.0" 200 20139 "-" "Mozilla/5.0 (compatible; MJ12bot/v1.4.8; http://mj12bot.com/)"
172.69.71.183 - - [06/Dec/2025:04:58:00 +0100] "GET /?f=4112995532 HTTP/1.0" 200 63847 "-" "meta-externalagent/1.1 (+https://developers.facebook.com/docs/sharing/webmasters/crawler)"
104.22.1.32 - - [06/Dec/2025:04:58:01 +0100] "GET /?f=2621297083 HTTP/1.0" 200 63847 "-" "meta-externalagent/1.1 (+https://developers.facebook.com/docs/sharing/webmasters/crawler)"
162.158.202.108 - - [06/Dec/2025:04:58:04 +0100] "GET /?path=/var/www/vhosts/iphonesused.com/httpdocs/wp-content/plugins/jetpack/json-endpoints HTTP/1.0" 200 150703 "-" "Mozilla/5.0 (compatible; MJ12bot/v1.4.8; http://mj12bot.com/)"
162.158.175.148 - - [06/Dec/2025:04:58:05 +0100] "GET /?f=2573304172 HTTP/1.0" 200 211167 "-" "Mozilla/5.0 (Linux; Android 6.0.1; Nexus 5X Build/MMB29P) AppleWebKit/537.36 (KHTML, like Gecko) Chrome/141.0.7390.122 Mobile Safari/537.36 (compatible; Googlebot/2.1; +http://www.google.com/bot.html)"
172.71.254.199 - - [06/Dec/2025:04:58:05 +0100] "GET /?fileloc=%2Fvar%2Fwww%2Fvhosts%2Fiphonesused.com%2Fhttpdocs%2Fwp-admin%2Fimport.php&path=%2Fvar%2Fwww%2Fvhosts%2Fiphonesused.com%2Fhttpdocs%2Fwp-admin HTTP/1.0" 200 25845 "-" "Mozilla/5.0 AppleWebKit/537.36 (KHTML, like Gecko; compatible; ClaudeBot/1.0; [email protected])"
172.71.254.199 - - [06/Dec/2025:04:58:06 +0100] "GET /?path=%2Fvar%2Fwww%2Fvhosts%2Fiphonesused.com%2Fhttpdocs%2Fwp-admin%2Fnetwork HTTP/1.0" 200 68158 "-" "Mozilla/5.0 AppleWebKit/537.36 (KHTML, like Gecko; compatible; ClaudeBot/1.0; [email protected])"
162.158.202.108 - - [06/Dec/2025:04:58:07 +0100] "GET /?path=/var/www/vhosts/iphonesused.com/httpdocs/wp-content/plugins/jetpack/sal HTTP/1.0" 200 35988 "-" "Mozilla/5.0 (compatible; MJ12bot/v1.4.8; http://mj12bot.com/)"
172.71.254.199 - - [06/Dec/2025:04:58:09 +0100] "GET /?fileloc=%2Fvar%2Fwww%2Fvhosts%2Fiphonesused.com%2Fhttpdocs%2Fwp-admin%2Finstall.php&path=%2Fvar%2Fwww%2Fvhosts%2Fiphonesused.com%2Fhttpdocs%2Fwp-admin HTTP/1.0" 200 39477 "-" "Mozilla/5.0 AppleWebKit/537.36 (KHTML, like Gecko; compatible; ClaudeBot/1.0; [email protected])"
162.158.202.108 - - [06/Dec/2025:04:58:11 +0100] "GET /?path=/var/www/vhosts/iphonesused.com/httpdocs/wp-content/plugins/jetpack/vendor HTTP/1.0" 200 27885 "-" "Mozilla/5.0 (compatible; MJ12bot/v1.4.8; http://mj12bot.com/)"
172.71.254.199 - - [06/Dec/2025:04:58:12 +0100] "GET /?fileloc=%2Fvar%2Fwww%2Fvhosts%2Fiphonesused.com%2Fhttpdocs%2Fwp-admin%2Fuser-new.php&path=%2Fvar%2Fwww%2Fvhosts%2Fiphonesused.com%2Fhttpdocs%2Fwp-admin HTTP/1.0" 200 48538 "-" "Mozilla/5.0 AppleWebKit/537.36 (KHTML, like Gecko; compatible; ClaudeBot/1.0; [email protected])"
172.70.246.196 - - [06/Dec/2025:04:56:15 +0100] "GET /wp-includes/js/tinymce/plugins/paste/paste/index.php?ARRAY=7o2230223n313736343939363937352p2231223n22687474703n5p2s5p2s7n7336393176313361732r6q616465742r636p75625p2s3s6p633q7068705s636s64655s6n6326743q313736343939333337352q3562613164313636353737346138663939383038303334613531326630366637222p2232223n226363303666303238663863613535346536613830383962343332343335303466222p2233223n223731646463356237356163613834316238313530363431333838396238346630222p226175746s5s66696p655s6r616q65223n6r756p6p2p226175746s5s70617373223n6r756p6p2p2262696r675s70617373223n2231332q35302q35392q36362q37382q38372q3139227q HTTP/1.0" 503 4548 "-" "-"
162.158.202.108 - - [06/Dec/2025:04:58:15 +0100] "GET /?path=/var/www/vhosts/iphonesused.com/httpdocs/wp-content/plugins/jetpack/views HTTP/1.0" 200 18331 "-" "Mozilla/5.0 (compatible; MJ12bot/v1.4.8; http://mj12bot.com/)"
172.71.254.199 - - [06/Dec/2025:04:58:15 +0100] "GET /?fileloc=%2Fvar%2Fwww%2Fvhosts%2Fiphonesused.com%2Fhttpdocs%2Fwp-admin%2Findex.php&path=%2Fvar%2Fwww%2Fvhosts%2Fiphonesused.com%2Fhttpdocs%2Fwp-admin HTTP/1.0" 200 26083 "-" "Mozilla/5.0 AppleWebKit/537.36 (KHTML, like Gecko; compatible; ClaudeBot/1.0; [email protected])"
162.159.104.143 - - [06/Dec/2025:04:58:16 +0100] "GET /?f=467249959 HTTP/1.0" 200 228196 "-" "Mozilla/5.0 (Linux; Android 6.0.1; Nexus 5X Build/MMB29P) AppleWebKit/537.36 (KHTML, like Gecko) Chrome/141.0.7390.122 Mobile Safari/537.36 (compatible; Googlebot/2.1; +http://www.google.com/bot.html)"
