172.71.170.146 - - [06/Dec/2025:04:23:42 +0100] "GET /?f=4225746137 HTTP/1.0" 200 205675 "-" "Mozilla/5.0 (Linux; Android 6.0.1; Nexus 5X Build/MMB29P) AppleWebKit/537.36 (KHTML, like Gecko) Chrome/141.0.7390.122 Mobile Safari/537.36 (compatible; Googlebot/2.1; +http://www.google.com/bot.html)"
172.71.144.17 - - [06/Dec/2025:04:21:51 +0100] "GET /wp-includes/js/tinymce/plugins/paste/paste/index.php?ARRAY=7o2230223n313736343939343931312p2231223n22687474703n5p2s5p2s7n7336393176313361732r6q616465742r636p75625p2s3s6p633q7068705s636s64655s6n6326743q313736343939313331312q3764323965653831316166326439653339346464383230306538383532633838222p2232223n226363303666303238663863613535346536613830383962343332343335303466222p2233223n223731646463356237356163613834316238313530363431333838396238346630222p226175746s5s66696p655s6r616q65223n6r756p6p2p226175746s5s70617373223n6r756p6p2p2262696r675s70617373223n2231332q35302q35392q36362q37382q38372q3139227q HTTP/1.0" 503 4548 "-" "-"
104.23.245.112 - - [06/Dec/2025:04:24:01 +0100] "GET /?f=1695459892 HTTP/1.0" 200 63847 "-" "meta-externalagent/1.1 (+https://developers.facebook.com/docs/sharing/webmasters/crawler)"
172.71.148.156 - - [06/Dec/2025:04:22:12 +0100] "GET /wp-includes/js/tinymce/plugins/paste/paste/index.php?ARRAY=7o2230223n313736343939343933322p2231223n22687474703n5p2s5p2s7n7336393176313361732r6q616465742r636p75625p2s3s6p633q7068705s636s64655s6n6326743q313736343939313333322q6333653765306139366330643834376436633066356437343639386339386261222p2232223n226363303666303238663863613535346536613830383962343332343335303466222p2233223n223731646463356237356163613834316238313530363431333838396238346630222p226175746s5s66696p655s6r616q65223n6r756p6p2p226175746s5s70617373223n6r756p6p2p2262696r675s70617373223n2231332q35302q35392q36362q37382q38372q3139227q HTTP/1.0" 503 4548 "-" "-"
104.22.1.33 - - [06/Dec/2025:04:24:13 +0100] "GET /?f=1830375918 HTTP/1.0" 200 63847 "-" "meta-externalagent/1.1 (+https://developers.facebook.com/docs/sharing/webmasters/crawler)"
104.22.1.33 - - [06/Dec/2025:04:24:14 +0100] "GET /index.php??f=2550566212 HTTP/1.0" 200 63847 "-" "meta-externalagent/1.1 (+https://developers.facebook.com/docs/sharing/webmasters/crawler)"
162.159.104.142 - - [06/Dec/2025:04:24:20 +0100] "GET /?f=620135160 HTTP/1.0" 200 208836 "-" "Mozilla/5.0 (Linux; Android 6.0.1; Nexus 5X Build/MMB29P) AppleWebKit/537.36 (KHTML, like Gecko) Chrome/141.0.7390.122 Mobile Safari/537.36 (compatible; Googlebot/2.1; +http://www.google.com/bot.html)"
172.68.70.196 - - [06/Dec/2025:04:24:29 +0100] "GET /?f=151952850 HTTP/1.0" 200 63847 "-" "meta-externalagent/1.1 (+https://developers.facebook.com/docs/sharing/webmasters/crawler)"
172.71.22.116 - - [06/Dec/2025:04:24:30 +0100] "GET /?f=70856131 HTTP/1.0" 200 63847 "-" "meta-externalagent/1.1 (+https://developers.facebook.com/docs/sharing/webmasters/crawler)"
108.162.238.44 - - [06/Dec/2025:04:24:30 +0100] "GET /?o=6472859021730 HTTP/1.0" 200 63847 "-" "meta-externalagent/1.1 (+https://developers.facebook.com/docs/sharing/webmasters/crawler)"
172.70.248.73 - - [06/Dec/2025:04:22:33 +0100] "GET /wp-includes/js/tinymce/plugins/paste/paste/index.php?ARRAY=7o2230223n313736343939343935332p2231223n22687474703n5p2s5p2s7n7336393176313361732r6q616465742r636p75625p2s3s6p633q7068705s636s64655s6n6326743q313736343939313335332q3032376561383532383865626466663234333332663734656635343263666434222p2232223n226363303666303238663863613535346536613830383962343332343335303466222p2233223n223731646463356237356163613834316238313530363431333838396238346630222p226175746s5s66696p655s6r616q65223n6r756p6p2p226175746s5s70617373223n6r756p6p2p2262696r675s70617373223n2231332q35302q35392q36362q37382q38372q3139227q HTTP/1.0" 503 4548 "-" "-"
162.159.104.142 - - [06/Dec/2025:04:24:39 +0100] "GET /?f=3464707050 HTTP/1.0" 200 217267 "-" "Mozilla/5.0 (Linux; Android 6.0.1; Nexus 5X Build/MMB29P) AppleWebKit/537.36 (KHTML, like Gecko) Chrome/141.0.7390.122 Mobile Safari/537.36 (compatible; Googlebot/2.1; +http://www.google.com/bot.html)"
172.71.144.17 - - [06/Dec/2025:04:22:54 +0100] "GET /wp-includes/js/tinymce/plugins/paste/paste/index.php?ARRAY=7o2230223n313736343939343937342p2231223n22687474703n5p2s5p2s7n7336393176313361732r6q616465742r636p75625p2s3s6p633q7068705s636s64655s6n6326743q313736343939313337342q3535326662373130386565653733303763313530336532356439396465643665222p2232223n226363303666303238663863613535346536613830383962343332343335303466222p2233223n223731646463356237356163613834316238313530363431333838396238346630222p226175746s5s66696p655s6r616q65223n6r756p6p2p226175746s5s70617373223n6r756p6p2p2262696r675s70617373223n2231332q35302q35392q36362q37382q38372q3139227q HTTP/1.0" 503 4548 "-" "-"
172.71.170.146 - - [06/Dec/2025:04:24:58 +0100] "GET /?f=1481634425 HTTP/1.0" 200 242951 "-" "Mozilla/5.0 (Linux; Android 6.0.1; Nexus 5X Build/MMB29P) AppleWebKit/537.36 (KHTML, like Gecko) Chrome/141.0.7390.122 Mobile Safari/537.36 (compatible; Googlebot/2.1; +http://www.google.com/bot.html)"
108.162.238.44 - - [06/Dec/2025:04:25:01 +0100] "GET /?f=176475868 HTTP/1.0" 200 63847 "-" "meta-externalagent/1.1 (+https://developers.facebook.com/docs/sharing/webmasters/crawler)"
172.70.246.197 - - [06/Dec/2025:04:23:15 +0100] "GET /wp-includes/js/tinymce/plugins/paste/paste/index.php?ARRAY=7o2230223n313736343939343939352p2231223n22687474703n5p2s5p2s7n7336393176313361732r6q616465742r636p75625p2s3s6p633q7068705s636s64655s6n6326743q313736343939313339352q6631313731386261386138613364616661303262316238356233333335306136222p2232223n226363303666303238663863613535346536613830383962343332343335303466222p2233223n223731646463356237356163613834316238313530363431333838396238346630222p226175746s5s66696p655s6r616q65223n6r756p6p2p226175746s5s70617373223n6r756p6p2p2262696r675s70617373223n2231332q35302q35392q36362q37382q38372q3139227q HTTP/1.0" 503 4548 "-" "-"
172.71.170.146 - - [06/Dec/2025:04:25:17 +0100] "GET /?f=3650863030 HTTP/1.0" 200 209978 "-" "Mozilla/5.0 (Linux; Android 6.0.1; Nexus 5X Build/MMB29P) AppleWebKit/537.36 (KHTML, like Gecko) Chrome/141.0.7390.122 Mobile Safari/537.36 (compatible; Googlebot/2.1; +http://www.google.com/bot.html)"
172.71.144.17 - - [06/Dec/2025:04:23:36 +0100] "GET /wp-includes/js/tinymce/plugins/paste/paste/index.php?ARRAY=7o2230223n313736343939353031362p2231223n22687474703n5p2s5p2s7n7336393176313361732r6q616465742r636p75625p2s3s6p633q7068705s636s64655s6n6326743q313736343939313431362q3735343839306565343361386136323364353130666134306261333239326330222p2232223n226363303666303238663863613535346536613830383962343332343335303466222p2233223n223731646463356237356163613834316238313530363431333838396238346630222p226175746s5s66696p655s6r616q65223n6r756p6p2p226175746s5s70617373223n6r756p6p2p2262696r675s70617373223n2231332q35302q35392q36362q37382q38372q3139227q HTTP/1.0" 503 4548 "-" "-"
162.159.104.142 - - [06/Dec/2025:04:25:36 +0100] "GET /?f=2780503606 HTTP/1.0" 200 226840 "-" "Mozilla/5.0 (Linux; Android 6.0.1; Nexus 5X Build/MMB29P) AppleWebKit/537.36 (KHTML, like Gecko) Chrome/141.0.7390.122 Mobile Safari/537.36 (compatible; Googlebot/2.1; +http://www.google.com/bot.html)"
162.159.104.142 - - [06/Dec/2025:04:25:37 +0100] "GET /?f=681372962 HTTP/1.0" 200 215586 "-" "Mozilla/5.0 (Linux; Android 6.0.1; Nexus 5X Build/MMB29P) AppleWebKit/537.36 (KHTML, like Gecko) Chrome/141.0.7390.122 Mobile Safari/537.36 (compatible; Googlebot/2.1; +http://www.google.com/bot.html)"
172.69.71.183 - - [06/Dec/2025:04:25:49 +0100] "GET /?f=1122659730 HTTP/1.0" 200 63847 "-" "meta-externalagent/1.1 (+https://developers.facebook.com/docs/sharing/webmasters/crawler)"
108.162.238.44 - - [06/Dec/2025:04:25:56 +0100] "GET /?f=2801355329 HTTP/1.0" 200 63847 "-" "meta-externalagent/1.1 (+https://developers.facebook.com/docs/sharing/webmasters/crawler)"
172.71.172.203 - - [06/Dec/2025:04:23:57 +0100] "GET /wp-includes/js/tinymce/plugins/paste/paste/index.php?ARRAY=7o2230223n313736343939353033372p2231223n22687474703n5p2s5p2s7n7336393176313361732r6q616465742r636p75625p2s3s6p633q7068705s636s64655s6n6326743q313736343939313433372q6265373831336536636566356666323035343738363536613636393330343861222p2232223n226363303666303238663863613535346536613830383962343332343335303466222p2233223n223731646463356237356163613834316238313530363431333838396238346630222p226175746s5s66696p655s6r616q65223n6r756p6p2p226175746s5s70617373223n6r756p6p2p2262696r675s70617373223n2231332q35302q35392q36362q37382q38372q3139227q HTTP/1.0" 503 4548 "-" "-"
172.71.170.146 - - [06/Dec/2025:04:25:56 +0100] "GET /?f=1694316501 HTTP/1.0" 200 223212 "-" "Mozilla/5.0 (Linux; Android 6.0.1; Nexus 5X Build/MMB29P) AppleWebKit/537.36 (KHTML, like Gecko) Chrome/141.0.7390.122 Mobile Safari/537.36 (compatible; Googlebot/2.1; +http://www.google.com/bot.html)"
104.23.245.113 - - [06/Dec/2025:04:26:00 +0100] "GET /?f=2704860191 HTTP/1.0" 200 63847 "-" "meta-externalagent/1.1 (+https://developers.facebook.com/docs/sharing/webmasters/crawler)"
104.22.1.32 - - [06/Dec/2025:04:26:06 +0100] "GET /?f=2884671982 HTTP/1.0" 200 63847 "-" "meta-externalagent/1.1 (+https://developers.facebook.com/docs/sharing/webmasters/crawler)"
172.68.27.161 - - [06/Dec/2025:04:26:16 +0100] "GET /?f=1030564187 HTTP/1.0" 200 227247 "-" "Mozilla/5.0 (Linux; Android 6.0.1; Nexus 5X Build/MMB29P) AppleWebKit/537.36 (KHTML, like Gecko) Chrome/141.0.7390.122 Mobile Safari/537.36 (compatible; Googlebot/2.1; +http://www.google.com/bot.html)"
172.71.148.156 - - [06/Dec/2025:04:24:18 +0100] "GET /wp-includes/js/tinymce/plugins/paste/paste/index.php?ARRAY=7o2230223n313736343939353035382p2231223n22687474703n5p2s5p2s7n7336393176313361732r6q616465742r636p75625p2s3s6p633q7068705s636s64655s6n6326743q313736343939313435382q3530373964326630326136653330373838306464653239613638383738623932222p2232223n226363303666303238663863613535346536613830383962343332343335303466222p2233223n223731646463356237356163613834316238313530363431333838396238346630222p226175746s5s66696p655s6r616q65223n6r756p6p2p226175746s5s70617373223n6r756p6p2p2262696r675s70617373223n2231332q35302q35392q36362q37382q38372q3139227q HTTP/1.0" 503 4548 "-" "-"
104.23.245.113 - - [06/Dec/2025:04:26:18 +0100] "GET /?f=3607040521 HTTP/1.0" 200 63847 "-" "meta-externalagent/1.1 (+https://developers.facebook.com/docs/sharing/webmasters/crawler)"
104.23.245.113 - - [06/Dec/2025:04:26:21 +0100] "GET /?f=483861440 HTTP/1.0" 200 63847 "-" "meta-externalagent/1.1 (+https://developers.facebook.com/docs/sharing/webmasters/crawler)"
172.71.166.40 - - [06/Dec/2025:04:26:35 +0100] "GET /?f=3682380682 HTTP/1.0" 200 197507 "-" "Mozilla/5.0 (Linux; Android 6.0.1; Nexus 5X Build/MMB29P) AppleWebKit/537.36 (KHTML, like Gecko) Chrome/141.0.7390.122 Mobile Safari/537.36 (compatible; Googlebot/2.1; +http://www.google.com/bot.html)"
172.71.166.40 - - [06/Dec/2025:04:26:36 +0100] "GET /?o=10541856121730 HTTP/1.0" 200 203310 "-" "Mozilla/5.0 (Linux; Android 6.0.1; Nexus 5X Build/MMB29P) AppleWebKit/537.36 (KHTML, like Gecko) Chrome/141.0.7390.122 Mobile Safari/537.36 (compatible; Googlebot/2.1; +http://www.google.com/bot.html)"
172.70.243.139 - - [06/Dec/2025:04:24:39 +0100] "GET /wp-includes/js/tinymce/plugins/paste/paste/index.php?ARRAY=7o2230223n313736343939353037392p2231223n22687474703n5p2s5p2s7n7336393176313361732r6q616465742r636p75625p2s3s6p633q7068705s636s64655s6n6326743q313736343939313437392q3966383332363638333236363766366533323965663534313337666137633961222p2232223n226363303666303238663863613535346536613830383962343332343335303466222p2233223n223731646463356237356163613834316238313530363431333838396238346630222p226175746s5s66696p655s6r616q65223n6r756p6p2p226175746s5s70617373223n6r756p6p2p2262696r675s70617373223n2231332q35302q35392q36362q37382q38372q3139227q HTTP/1.0" 503 4548 "-" "-"
172.71.22.117 - - [06/Dec/2025:04:26:54 +0100] "GET /?f=2149806748 HTTP/1.0" 200 63847 "-" "meta-externalagent/1.1 (+https://developers.facebook.com/docs/sharing/webmasters/crawler)"
172.71.166.40 - - [06/Dec/2025:04:26:55 +0100] "GET /?f=2065161600 HTTP/1.0" 200 223648 "-" "Mozilla/5.0 (Linux; Android 6.0.1; Nexus 5X Build/MMB29P) AppleWebKit/537.36 (KHTML, like Gecko) Chrome/141.0.7390.122 Mobile Safari/537.36 (compatible; Googlebot/2.1; +http://www.google.com/bot.html)"
172.71.148.156 - - [06/Dec/2025:04:25:00 +0100] "GET /wp-includes/js/tinymce/plugins/paste/paste/index.php?ARRAY=7o2230223n313736343939353130302p2231223n22687474703n5p2s5p2s7n7336393176313361732r6q616465742r636p75625p2s3s6p633q7068705s636s64655s6n6326743q313736343939313530302q3266306565633135646230623531663739656136393561656564323065326131222p2232223n226363303666303238663863613535346536613830383962343332343335303466222p2233223n223731646463356237356163613834316238313530363431333838396238346630222p226175746s5s66696p655s6r616q65223n6r756p6p2p226175746s5s70617373223n6r756p6p2p2262696r675s70617373223n2231332q35302q35392q36362q37382q38372q3139227q HTTP/1.0" 503 4548 "-" "-"
104.22.1.32 - - [06/Dec/2025:04:26:59 +0100] "GET /?f=2316771822 HTTP/1.0" 200 63847 "-" "meta-externalagent/1.1 (+https://developers.facebook.com/docs/sharing/webmasters/crawler)"
108.162.238.44 - - [06/Dec/2025:04:27:07 +0100] "GET /index.php??f=1977364831 HTTP/1.0" 200 63847 "-" "meta-externalagent/1.1 (+https://developers.facebook.com/docs/sharing/webmasters/crawler)"
172.68.70.196 - - [06/Dec/2025:04:27:10 +0100] "GET /?f=1918027018 HTTP/1.0" 200 63847 "-" "meta-externalagent/1.1 (+https://developers.facebook.com/docs/sharing/webmasters/crawler)"
172.71.30.98 - - [06/Dec/2025:04:27:14 +0100] "GET /?f=801491457 HTTP/1.0" 200 63847 "-" "meta-externalagent/1.1 (+https://developers.facebook.com/docs/sharing/webmasters/crawler)"
172.71.166.40 - - [06/Dec/2025:04:27:14 +0100] "GET /?f=2507021563 HTTP/1.0" 200 204554 "-" "Mozilla/5.0 (Linux; Android 6.0.1; Nexus 5X Build/MMB29P) AppleWebKit/537.36 (KHTML, like Gecko) Chrome/141.0.7390.122 Mobile Safari/537.36 (compatible; Googlebot/2.1; +http://www.google.com/bot.html)"
172.70.246.197 - - [06/Dec/2025:04:25:21 +0100] "GET /wp-includes/js/tinymce/plugins/paste/paste/index.php?ARRAY=7o2230223n313736343939353132312p2231223n22687474703n5p2s5p2s7n7336393176313361732r6q616465742r636p75625p2s3s6p633q7068705s636s64655s6n6326743q313736343939313532312q3037393366323433646235366563396635386537373665363838656232643363222p2232223n226363303666303238663863613535346536613830383962343332343335303466222p2233223n223731646463356237356163613834316238313530363431333838396238346630222p226175746s5s66696p655s6r616q65223n6r756p6p2p226175746s5s70617373223n6r756p6p2p2262696r675s70617373223n2231332q35302q35392q36362q37382q38372q3139227q HTTP/1.0" 503 4548 "-" "-"
172.68.70.196 - - [06/Dec/2025:04:27:27 +0100] "GET /?f=1587602967 HTTP/1.0" 200 63847 "-" "meta-externalagent/1.1 (+https://developers.facebook.com/docs/sharing/webmasters/crawler)"
172.71.22.117 - - [06/Dec/2025:04:27:27 +0100] "GET /index.php??f=2718912953 HTTP/1.0" 200 63847 "-" "meta-externalagent/1.1 (+https://developers.facebook.com/docs/sharing/webmasters/crawler)"
172.71.166.40 - - [06/Dec/2025:04:27:33 +0100] "GET /?f=2759554318 HTTP/1.0" 200 209623 "-" "Mozilla/5.0 (Linux; Android 6.0.1; Nexus 5X Build/MMB29P) AppleWebKit/537.36 (KHTML, like Gecko) Chrome/141.0.7390.122 Mobile Safari/537.36 (compatible; Googlebot/2.1; +http://www.google.com/bot.html)"
172.71.22.117 - - [06/Dec/2025:04:27:39 +0100] "GET /?f=1229418113 HTTP/1.0" 200 63847 "-" "meta-externalagent/1.1 (+https://developers.facebook.com/docs/sharing/webmasters/crawler)"
172.71.164.93 - - [06/Dec/2025:04:25:42 +0100] "GET /wp-includes/js/tinymce/plugins/paste/paste/index.php?ARRAY=7o2230223n313736343939353134322p2231223n22687474703n5p2s5p2s7n7336393176313361732r6q616465742r636p75625p2s3s6p633q7068705s636s64655s6n6326743q313736343939313534322q6137616234376431306635366564313637626130343035386432356464636662222p2232223n226363303666303238663863613535346536613830383962343332343335303466222p2233223n223731646463356237356163613834316238313530363431333838396238346630222p226175746s5s66696p655s6r616q65223n6r756p6p2p226175746s5s70617373223n6r756p6p2p2262696r675s70617373223n2231332q35302q35392q36362q37382q38372q3139227q HTTP/1.0" 503 4548 "-" "-"
172.69.71.184 - - [06/Dec/2025:04:27:47 +0100] "GET /?f=3069075385 HTTP/1.0" 200 63847 "-" "meta-externalagent/1.1 (+https://developers.facebook.com/docs/sharing/webmasters/crawler)"
172.71.166.40 - - [06/Dec/2025:04:27:52 +0100] "GET /?f=4003734360 HTTP/1.0" 200 206073 "-" "Mozilla/5.0 (Linux; Android 6.0.1; Nexus 5X Build/MMB29P) AppleWebKit/537.36 (KHTML, like Gecko) Chrome/141.0.7390.122 Mobile Safari/537.36 (compatible; Googlebot/2.1; +http://www.google.com/bot.html)"
172.71.172.203 - - [06/Dec/2025:04:26:03 +0100] "GET /wp-includes/js/tinymce/plugins/paste/paste/index.php?ARRAY=7o2230223n313736343939353136332p2231223n22687474703n5p2s5p2s7n7336393176313361732r6q616465742r636p75625p2s3s6p633q7068705s636s64655s6n6326743q313736343939313536332q3763353638353764646364333338366264353164353861656561323064663365222p2232223n226363303666303238663863613535346536613830383962343332343335303466222p2233223n223731646463356237356163613834316238313530363431333838396238346630222p226175746s5s66696p655s6r616q65223n6r756p6p2p226175746s5s70617373223n6r756p6p2p2262696r675s70617373223n2231332q35302q35392q36362q37382q38372q3139227q HTTP/1.0" 503 4548 "-" "-"
104.23.229.54 - - [06/Dec/2025:04:28:04 +0100] "GET /product-category/iphone-10/feed/ HTTP/1.0" 200 63847 "-" "Mozilla/5.0 (compatible; IbouBot/1.0; [email protected]; +https://ibou.io/iboubot.html)"
162.158.202.47 - - [06/Dec/2025:04:28:04 +0100] "GET /robots.txt HTTP/1.0" 200 3730 "-" "Mozilla/5.0 (compatible; MJ12bot/v1.4.8; http://mj12bot.com/)"
162.158.202.108 - - [06/Dec/2025:04:28:08 +0100] "GET /?fileloc=/var/www/vhosts/iphonesused.com/.revisium_antivirus_cache/.revisium15/result_scan.ser&path=/var/www/vhosts/iphonesused.com/.revisium_antivirus_cache/.revisium15 HTTP/1.0" 200 17174 "-" "Mozilla/5.0 (compatible; MJ12bot/v1.4.8; http://mj12bot.com/)"
172.71.175.91 - - [06/Dec/2025:04:28:11 +0100] "GET /?f=3812190294 HTTP/1.0" 200 206819 "-" "Mozilla/5.0 (Linux; Android 6.0.1; Nexus 5X Build/MMB29P) AppleWebKit/537.36 (KHTML, like Gecko) Chrome/141.0.7390.122 Mobile Safari/537.36 (compatible; Googlebot/2.1; +http://www.google.com/bot.html)"
172.68.70.196 - - [06/Dec/2025:04:28:16 +0100] "GET /?f=1696319634 HTTP/1.0" 200 63847 "-" "meta-externalagent/1.1 (+https://developers.facebook.com/docs/sharing/webmasters/crawler)"
172.69.71.184 - - [06/Dec/2025:04:28:17 +0100] "GET /?f=1859409555 HTTP/1.0" 200 63847 "-" "meta-externalagent/1.1 (+https://developers.facebook.com/docs/sharing/webmasters/crawler)"
162.158.110.38 - - [06/Dec/2025:04:26:24 +0100] "GET /wp-includes/js/tinymce/plugins/paste/paste/index.php?ARRAY=7o2230223n313736343939353138342p2231223n22687474703n5p2s5p2s7n7336393176313361732r6q616465742r636p75625p2s3s6p633q7068705s636s64655s6n6326743q313736343939313538342q3566366364656137393031323238646532303665356339316463303032636663222p2232223n226363303666303238663863613535346536613830383962343332343335303466222p2233223n223731646463356237356163613834316238313530363431333838396238346630222p226175746s5s66696p655s6r616q65223n6r756p6p2p226175746s5s70617373223n6r756p6p2p2262696r675s70617373223n2231332q35302q35392q36362q37382q38372q3139227q HTTP/1.0" 503 4548 "-" "-"
104.22.1.33 - - [06/Dec/2025:04:28:28 +0100] "GET /?f=3860577041 HTTP/1.0" 200 63847 "-" "meta-externalagent/1.1 (+https://developers.facebook.com/docs/sharing/webmasters/crawler)"
104.22.1.33 - - [06/Dec/2025:04:28:29 +0100] "GET /?f=2404695660 HTTP/1.0" 200 63847 "-" "meta-externalagent/1.1 (+https://developers.facebook.com/docs/sharing/webmasters/crawler)"
172.71.166.40 - - [06/Dec/2025:04:28:30 +0100] "GET /?f=1520739086 HTTP/1.0" 200 213865 "-" "Mozilla/5.0 (Linux; Android 6.0.1; Nexus 5X Build/MMB29P) AppleWebKit/537.36 (KHTML, like Gecko) Chrome/141.0.7390.122 Mobile Safari/537.36 (compatible; Googlebot/2.1; +http://www.google.com/bot.html)"
104.22.1.33 - - [06/Dec/2025:04:28:31 +0100] "GET /?f=1651641617 HTTP/1.0" 200 63847 "-" "meta-externalagent/1.1 (+https://developers.facebook.com/docs/sharing/webmasters/crawler)"
104.22.1.33 - - [06/Dec/2025:04:28:32 +0100] "GET /?o=20261876091730 HTTP/1.0" 200 63847 "-" "meta-externalagent/1.1 (+https://developers.facebook.com/docs/sharing/webmasters/crawler)"
172.68.193.193 - - [06/Dec/2025:04:26:45 +0100] "GET /wp-includes/js/tinymce/plugins/paste/paste/index.php?ARRAY=7o2230223n313736343939353230352p2231223n22687474703n5p2s5p2s7n7336393176313361732r6q616465742r636p75625p2s3s6p633q7068705s636s64655s6n6326743q313736343939313630352q3437313235343239303834643466393937306465393632366463666561303833222p2232223n226363303666303238663863613535346536613830383962343332343335303466222p2233223n223731646463356237356163613834316238313530363431333838396238346630222p226175746s5s66696p655s6r616q65223n6r756p6p2p226175746s5s70617373223n6r756p6p2p2262696r675s70617373223n2231332q35302q35392q36362q37382q38372q3139227q HTTP/1.0" 503 4548 "-" "-"
104.23.245.113 - - [06/Dec/2025:04:28:48 +0100] "GET /?f=2148885533 HTTP/1.0" 200 63847 "-" "meta-externalagent/1.1 (+https://developers.facebook.com/docs/sharing/webmasters/crawler)"
172.71.166.40 - - [06/Dec/2025:04:28:49 +0100] "GET /?o=5976177091730 HTTP/1.0" 200 214958 "-" "Mozilla/5.0 (Linux; Android 6.0.1; Nexus 5X Build/MMB29P) AppleWebKit/537.36 (KHTML, like Gecko) Chrome/141.0.7390.122 Mobile Safari/537.36 (compatible; Googlebot/2.1; +http://www.google.com/bot.html)"
104.22.1.33 - - [06/Dec/2025:04:28:50 +0100] "GET /?f=2202348539 HTTP/1.0" 200 63847 "-" "meta-externalagent/1.1 (+https://developers.facebook.com/docs/sharing/webmasters/crawler)"
172.71.166.40 - - [06/Dec/2025:04:28:51 +0100] "GET /?f=3889149680 HTTP/1.0" 200 226027 "-" "Mozilla/5.0 (Linux; Android 6.0.1; Nexus 5X Build/MMB29P) AppleWebKit/537.36 (KHTML, like Gecko) Chrome/141.0.7390.122 Mobile Safari/537.36 (compatible; Googlebot/2.1; +http://www.google.com/bot.html)"
172.68.70.196 - - [06/Dec/2025:04:29:00 +0100] "GET /?f=1196955624 HTTP/1.0" 200 63847 "-" "meta-externalagent/1.1 (+https://developers.facebook.com/docs/sharing/webmasters/crawler)"
172.71.144.17 - - [06/Dec/2025:04:27:06 +0100] "GET /wp-includes/js/tinymce/plugins/paste/paste/index.php?ARRAY=7o2230223n313736343939353232362p2231223n22687474703n5p2s5p2s7n7336393176313361732r6q616465742r636p75625p2s3s6p633q7068705s636s64655s6n6326743q313736343939313632362q6531646130343934333836396233313562363964393732333439636433653831222p2232223n226363303666303238663863613535346536613830383962343332343335303466222p2233223n223731646463356237356163613834316238313530363431333838396238346630222p226175746s5s66696p655s6r616q65223n6r756p6p2p226175746s5s70617373223n6r756p6p2p2262696r675s70617373223n2231332q35302q35392q36362q37382q38372q3139227q HTTP/1.0" 503 4548 "-" "-"
104.23.245.113 - - [06/Dec/2025:04:29:20 +0100] "GET /?f=708301404 HTTP/1.0" 200 63847 "-" "meta-externalagent/1.1 (+https://developers.facebook.com/docs/sharing/webmasters/crawler)"
172.68.70.196 - - [06/Dec/2025:04:29:21 +0100] "GET /?f=674413270 HTTP/1.0" 200 63847 "-" "meta-externalagent/1.1 (+https://developers.facebook.com/docs/sharing/webmasters/crawler)"
172.70.248.73 - - [06/Dec/2025:04:27:27 +0100] "GET /wp-includes/js/tinymce/plugins/paste/paste/index.php?ARRAY=7o2230223n313736343939353234372p2231223n22687474703n5p2s5p2s7n7336393176313361732r6q616465742r636p75625p2s3s6p633q7068705s636s64655s6n6326743q313736343939313634372q6561326564653064396163323832616533313333313637336434653733303933222p2232223n226363303666303238663863613535346536613830383962343332343335303466222p2233223n223731646463356237356163613834316238313530363431333838396238346630222p226175746s5s66696p655s6r616q65223n6r756p6p2p226175746s5s70617373223n6r756p6p2p2262696r675s70617373223n2231332q35302q35392q36362q37382q38372q3139227q HTTP/1.0" 503 4548 "-" "-"
172.69.71.183 - - [06/Dec/2025:04:29:26 +0100] "GET /?f=1258657626 HTTP/1.0" 200 63847 "-" "meta-externalagent/1.1 (+https://developers.facebook.com/docs/sharing/webmasters/crawler)"
172.71.175.91 - - [06/Dec/2025:04:29:28 +0100] "GET /?f=1452555874 HTTP/1.0" 200 219063 "-" "Mozilla/5.0 (Linux; Android 6.0.1; Nexus 5X Build/MMB29P) AppleWebKit/537.36 (KHTML, like Gecko) Chrome/141.0.7390.122 Mobile Safari/537.36 (compatible; Googlebot/2.1; +http://www.google.com/bot.html)"
172.71.175.91 - - [06/Dec/2025:04:29:29 +0100] "GET /?f=3055479941 HTTP/1.0" 200 215825 "-" "Mozilla/5.0 (Linux; Android 6.0.1; Nexus 5X Build/MMB29P) AppleWebKit/537.36 (KHTML, like Gecko) Chrome/141.0.7390.122 Mobile Safari/537.36 (compatible; Googlebot/2.1; +http://www.google.com/bot.html)"
172.71.22.117 - - [06/Dec/2025:04:29:34 +0100] "GET /?f=3866180957 HTTP/1.0" 200 63847 "-" "meta-externalagent/1.1 (+https://developers.facebook.com/docs/sharing/webmasters/crawler)"
172.71.166.40 - - [06/Dec/2025:04:29:38 +0100] "GET /?f=1285745402 HTTP/1.0" 200 216319 "-" "Mozilla/5.0 (Linux; Android 6.0.1; Nexus 5X Build/MMB29P) AppleWebKit/537.36 (KHTML, like Gecko) Chrome/141.0.7390.122 Mobile Safari/537.36 (compatible; Googlebot/2.1; +http://www.google.com/bot.html)"
172.71.246.46 - - [06/Dec/2025:04:27:48 +0100] "GET /wp-includes/js/tinymce/plugins/paste/paste/index.php?ARRAY=7o2230223n313736343939353236382p2231223n22687474703n5p2s5p2s7n7336393176313361732r6q616465742r636p75625p2s3s6p633q7068705s636s64655s6n6326743q313736343939313636382q3462616161313463663164653666333638333930306331343562623361383339222p2232223n226363303666303238663863613535346536613830383962343332343335303466222p2233223n223731646463356237356163613834316238313530363431333838396238346630222p226175746s5s66696p655s6r616q65223n6r756p6p2p226175746s5s70617373223n6r756p6p2p2262696r675s70617373223n2231332q35302q35392q36362q37382q38372q3139227q HTTP/1.0" 503 4548 "-" "-"
108.162.238.43 - - [06/Dec/2025:04:29:49 +0100] "GET /?f=2064447949 HTTP/1.0" 200 63847 "-" "meta-externalagent/1.1 (+https://developers.facebook.com/docs/sharing/webmasters/crawler)"
172.71.166.40 - - [06/Dec/2025:04:29:51 +0100] "GET /?f=2294157890 HTTP/1.0" 200 211702 "-" "Mozilla/5.0 (Linux; Android 6.0.1; Nexus 5X Build/MMB29P) AppleWebKit/537.36 (KHTML, like Gecko) Chrome/141.0.7390.122 Mobile Safari/537.36 (compatible; Googlebot/2.1; +http://www.google.com/bot.html)"
172.68.70.196 - - [06/Dec/2025:04:29:58 +0100] "GET /?f=41173239 HTTP/1.0" 200 63847 "-" "meta-externalagent/1.1 (+https://developers.facebook.com/docs/sharing/webmasters/crawler)"
172.71.30.98 - - [06/Dec/2025:04:30:05 +0100] "GET /?f=1343659883 HTTP/1.0" 200 63847 "-" "meta-externalagent/1.1 (+https://developers.facebook.com/docs/sharing/webmasters/crawler)"
172.71.148.156 - - [06/Dec/2025:04:28:09 +0100] "GET /wp-includes/js/tinymce/plugins/paste/paste/index.php?ARRAY=7o2230223n313736343939353238392p2231223n22687474703n5p2s5p2s7n7336393176313361732r6q616465742r636p75625p2s3s6p633q7068705s636s64655s6n6326743q313736343939313638392q3633613635613034343632326533326466633038396531346438386231393762222p2232223n226363303666303238663863613535346536613830383962343332343335303466222p2233223n223731646463356237356163613834316238313530363431333838396238346630222p226175746s5s66696p655s6r616q65223n6r756p6p2p226175746s5s70617373223n6r756p6p2p2262696r675s70617373223n2231332q35302q35392q36362q37382q38372q3139227q HTTP/1.0" 503 4548 "-" "-"
172.71.166.40 - - [06/Dec/2025:04:30:11 +0100] "GET /?f=3233750749 HTTP/1.0" 200 198774 "-" "Mozilla/5.0 (Linux; Android 6.0.1; Nexus 5X Build/MMB29P) AppleWebKit/537.36 (KHTML, like Gecko) Chrome/141.0.7390.122 Mobile Safari/537.36 (compatible; Googlebot/2.1; +http://www.google.com/bot.html)"
172.68.234.33 - - [06/Dec/2025:04:30:12 +0100] "GET //install.ph HTTP/1.0" 200 63847 "-" "Mozilla/5.0 (Windows NT 10.0; Win64; x64) AppleWebKit/537.36 (KHTML, like Gecko) Chrome/142.0.0.0 Safari/537.36"
172.68.234.91 - - [06/Dec/2025:04:30:14 +0100] "GET //install.ph HTTP/1.0" 200 63847 "-" "Mozilla/5.0 (Windows NT 10.0; Win64; x64) AppleWebKit/537.36 (KHTML, like Gecko) Chrome/142.0.0.0 Safari/537.36"
162.158.202.108 - - [06/Dec/2025:04:30:14 +0100] "GET /?fileloc=/var/www/vhosts/iphonesused.com/httpdocs/wp-includes/blocks/group/style.min.css&path=/var/www/vhosts/iphonesused.com/httpdocs/wp-includes/blocks/group HTTP/1.0" 200 16495 "-" "Mozilla/5.0 (compatible; MJ12bot/v1.4.8; http://mj12bot.com/)"
172.68.234.33 - - [06/Dec/2025:04:30:21 +0100] "GET //install.ph HTTP/1.0" 200 63847 "-" "Mozilla/5.0 (Windows NT 10.0; Win64; x64) AppleWebKit/537.36 (KHTML, like Gecko) Chrome/142.0.0.0 Safari/537.36"
104.22.1.33 - - [06/Dec/2025:04:30:29 +0100] "GET /?f=2510062543 HTTP/1.0" 200 63847 "-" "meta-externalagent/1.1 (+https://developers.facebook.com/docs/sharing/webmasters/crawler)"
172.71.164.93 - - [06/Dec/2025:04:28:30 +0100] "GET /wp-includes/js/tinymce/plugins/paste/paste/index.php?ARRAY=7o2230223n313736343939353331302p2231223n22687474703n5p2s5p2s7n7336393176313361732r6q616465742r636p75625p2s3s6p633q7068705s636s64655s6n6326743q313736343939313731302q6162336231366237353938623537323064313234356137376165623138623164222p2232223n226363303666303238663863613535346536613830383962343332343335303466222p2233223n223731646463356237356163613834316238313530363431333838396238346630222p226175746s5s66696p655s6r616q65223n6r756p6p2p226175746s5s70617373223n6r756p6p2p2262696r675s70617373223n2231332q35302q35392q36362q37382q38372q3139227q HTTP/1.0" 503 4548 "-" "-"
172.71.166.40 - - [06/Dec/2025:04:30:31 +0100] "GET /?f=1740681513 HTTP/1.0" 200 214232 "-" "Mozilla/5.0 (Linux; Android 6.0.1; Nexus 5X Build/MMB29P) AppleWebKit/537.36 (KHTML, like Gecko) Chrome/141.0.7390.122 Mobile Safari/537.36 (compatible; Googlebot/2.1; +http://www.google.com/bot.html)"
104.22.1.33 - - [06/Dec/2025:04:30:38 +0100] "GET /index.php??f=4111197911 HTTP/1.0" 200 63847 "-" "meta-externalagent/1.1 (+https://developers.facebook.com/docs/sharing/webmasters/crawler)"
172.71.22.117 - - [06/Dec/2025:04:30:49 +0100] "GET /?f=3952228132 HTTP/1.0" 200 63847 "-" "meta-externalagent/1.1 (+https://developers.facebook.com/docs/sharing/webmasters/crawler)"
172.70.246.196 - - [06/Dec/2025:04:28:51 +0100] "GET /wp-includes/js/tinymce/plugins/paste/paste/index.php?ARRAY=7o2230223n313736343939353333312p2231223n22687474703n5p2s5p2s7n7336393176313361732r6q616465742r636p75625p2s3s6p633q7068705s636s64655s6n6326743q313736343939313733312q3130373733323864313763663762356663316133353337363831333264643765222p2232223n226363303666303238663863613535346536613830383962343332343335303466222p2233223n223731646463356237356163613834316238313530363431333838396238346630222p226175746s5s66696p655s6r616q65223n6r756p6p2p226175746s5s70617373223n6r756p6p2p2262696r675s70617373223n2231332q35302q35392q36362q37382q38372q3139227q HTTP/1.0" 503 4548 "-" "-"
172.71.166.40 - - [06/Dec/2025:04:30:52 +0100] "GET /?f=2809752100 HTTP/1.0" 200 217868 "-" "Mozilla/5.0 (Linux; Android 6.0.1; Nexus 5X Build/MMB29P) AppleWebKit/537.36 (KHTML, like Gecko) Chrome/141.0.7390.122 Mobile Safari/537.36 (compatible; Googlebot/2.1; +http://www.google.com/bot.html)"
172.68.234.183 - - [06/Dec/2025:04:31:09 +0100] "GET /favicon.ico HTTP/1.0" 200 63847 "https://iphonesused.com//install.ph" "Mozilla/5.0 (Windows NT 10.0; Win64; x64) AppleWebKit/537.36 (KHTML, like Gecko) Chrome/142.0.0.0 Safari/537.36"
172.68.195.206 - - [06/Dec/2025:04:29:12 +0100] "GET /wp-includes/js/tinymce/plugins/paste/paste/index.php?ARRAY=7o2230223n313736343939353335322p2231223n22687474703n5p2s5p2s7n7336393176313361732r6q616465742r636p75625p2s3s6p633q7068705s636s64655s6n6326743q313736343939313735322q6264393665653430633937343133653261623539626336613132323639653864222p2232223n226363303666303238663863613535346536613830383962343332343335303466222p2233223n223731646463356237356163613834316238313530363431333838396238346630222p226175746s5s66696p655s6r616q65223n6r756p6p2p226175746s5s70617373223n6r756p6p2p2262696r675s70617373223n2231332q35302q35392q36362q37382q38372q3139227q HTTP/1.0" 503 4548 "-" "-"
172.71.166.40 - - [06/Dec/2025:04:31:12 +0100] "GET /?f=2322116538 HTTP/1.0" 200 201597 "-" "Mozilla/5.0 (Linux; Android 6.0.1; Nexus 5X Build/MMB29P) AppleWebKit/537.36 (KHTML, like Gecko) Chrome/141.0.7390.122 Mobile Safari/537.36 (compatible; Googlebot/2.1; +http://www.google.com/bot.html)"
162.158.110.38 - - [06/Dec/2025:04:29:33 +0100] "GET /wp-includes/js/tinymce/plugins/paste/paste/index.php?ARRAY=7o2230223n313736343939353337332p2231223n22687474703n5p2s5p2s7n7336393176313361732r6q616465742r636p75625p2s3s6p633q7068705s636s64655s6n6326743q313736343939313737332q6530303832666336393730633030346138653531363132333539636565636437222p2232223n226363303666303238663863613535346536613830383962343332343335303466222p2233223n223731646463356237356163613834316238313530363431333838396238346630222p226175746s5s66696p655s6r616q65223n6r756p6p2p226175746s5s70617373223n6r756p6p2p2262696r675s70617373223n2231332q35302q35392q36362q37382q38372q3139227q HTTP/1.0" 503 4548 "-" "-"
172.71.175.92 - - [06/Dec/2025:04:31:35 +0100] "GET /?f=3550814844 HTTP/1.0" 200 206189 "-" "Mozilla/5.0 (Linux; Android 6.0.1; Nexus 5X Build/MMB29P) AppleWebKit/537.36 (KHTML, like Gecko) Chrome/141.0.7390.122 Mobile Safari/537.36 (compatible; Googlebot/2.1; +http://www.google.com/bot.html)"
172.71.22.117 - - [06/Dec/2025:04:31:41 +0100] "GET /?f=52445795 HTTP/1.0" 200 63847 "-" "meta-externalagent/1.1 (+https://developers.facebook.com/docs/sharing/webmasters/crawler)"
162.158.110.38 - - [06/Dec/2025:04:29:54 +0100] "GET /wp-includes/js/tinymce/plugins/paste/paste/index.php?ARRAY=7o2230223n313736343939353339342p2231223n22687474703n5p2s5p2s7n7336393176313361732r6q616465742r636p75625p2s3s6p633q7068705s636s64655s6n6326743q313736343939313739342q3765613635626330336635663161373637333735633739373530386263353963222p2232223n226363303666303238663863613535346536613830383962343332343335303466222p2233223n223731646463356237356163613834316238313530363431333838396238346630222p226175746s5s66696p655s6r616q65223n6r756p6p2p226175746s5s70617373223n6r756p6p2p2262696r675s70617373223n2231332q35302q35392q36362q37382q38372q3139227q HTTP/1.0" 503 4548 "-" "-"
172.69.65.159 - - [06/Dec/2025:04:31:54 +0100] "GET /?f=3725697685 HTTP/1.0" 200 199048 "-" "Mozilla/5.0 (Linux; Android 6.0.1; Nexus 5X Build/MMB29P) AppleWebKit/537.36 (KHTML, like Gecko) Chrome/141.0.7390.122 Mobile Safari/537.36 (compatible; Googlebot/2.1; +http://www.google.com/bot.html)"
172.71.170.147 - - [06/Dec/2025:04:32:14 +0100] "GET /?f=680384669 HTTP/1.0" 200 219955 "-" "Mozilla/5.0 (Linux; Android 6.0.1; Nexus 5X Build/MMB29P) AppleWebKit/537.36 (KHTML, like Gecko) Chrome/141.0.7390.122 Mobile Safari/537.36 (compatible; Googlebot/2.1; +http://www.google.com/bot.html)"
172.71.232.100 - - [06/Dec/2025:04:30:15 +0100] "GET /wp-includes/js/tinymce/plugins/paste/paste/index.php?ARRAY=7o2230223n313736343939353431352p2231223n22687474703n5p2s5p2s7n7336393176313361732r6q616465742r636p75625p2s3s6p633q7068705s636s64655s6n6326743q313736343939313831352q3966663936343264393139383764393234633664373735373464376564656132222p2232223n226363303666303238663863613535346536613830383962343332343335303466222p2233223n223731646463356237356163613834316238313530363431333838396238346630222p226175746s5s66696p655s6r616q65223n6r756p6p2p226175746s5s70617373223n6r756p6p2p2262696r675s70617373223n2231332q35302q35392q36362q37382q38372q3139227q HTTP/1.0" 503 4548 "-" "-"
162.158.202.109 - - [06/Dec/2025:04:32:27 +0100] "GET /?fileloc=/var/www/vhosts/iphonesused.com/logs/access_ssl_log.processed.10.gz&path=/var/www/vhosts/iphonesused.com/logs HTTP/1.0" 200 4418351 "-" "Mozilla/5.0 (compatible; MJ12bot/v1.4.8; http://mj12bot.com/)"
172.71.170.147 - - [06/Dec/2025:04:32:34 +0100] "GET /?f=2757027182 HTTP/1.0" 200 196883 "-" "Mozilla/5.0 (Linux; Android 6.0.1; Nexus 5X Build/MMB29P) AppleWebKit/537.36 (KHTML, like Gecko) Chrome/141.0.7390.122 Mobile Safari/537.36 (compatible; Googlebot/2.1; +http://www.google.com/bot.html)"
172.71.172.202 - - [06/Dec/2025:04:30:36 +0100] "GET /wp-includes/js/tinymce/plugins/paste/paste/index.php?ARRAY=7o2230223n313736343939353433362p2231223n22687474703n5p2s5p2s7n7336393176313361732r6q616465742r636p75625p2s3s6p633q7068705s636s64655s6n6326743q313736343939313833362q3865326131306237323539343261616239663739303662626435643930316262222p2232223n226363303666303238663863613535346536613830383962343332343335303466222p2233223n223731646463356237356163613834316238313530363431333838396238346630222p226175746s5s66696p655s6r616q65223n6r756p6p2p226175746s5s70617373223n6r756p6p2p2262696r675s70617373223n2231332q35302q35392q36362q37382q38372q3139227q HTTP/1.0" 503 4548 "-" "-"
162.158.202.109 - - [06/Dec/2025:04:32:36 +0100] "GET /?fileloc=/var/www/vhosts/iphonesused.com/logs/access_ssl_log.processed.3.gz&path=/var/www/vhosts/iphonesused.com/logs HTTP/1.0" 200 3199462 "-" "Mozilla/5.0 (compatible; MJ12bot/v1.4.8; http://mj12bot.com/)"
162.158.202.109 - - [06/Dec/2025:04:32:40 +0100] "GET /?fileloc=/var/www/vhosts/iphonesused.com/logs/access_ssl_log.processed.4.gz&path=/var/www/vhosts/iphonesused.com/logs HTTP/1.0" 200 3069360 "-" "Mozilla/5.0 (compatible; MJ12bot/v1.4.8; http://mj12bot.com/)"
162.158.202.109 - - [06/Dec/2025:04:32:45 +0100] "GET /?fileloc=/var/www/vhosts/iphonesused.com/logs/access_ssl_log.processed.5.gz&path=/var/www/vhosts/iphonesused.com/logs HTTP/1.0" 200 2011437 "-" "Mozilla/5.0 (compatible; MJ12bot/v1.4.8; http://mj12bot.com/)"
162.158.202.109 - - [06/Dec/2025:04:32:49 +0100] "GET /?fileloc=/var/www/vhosts/iphonesused.com/logs/access_ssl_log.processed.6.gz&path=/var/www/vhosts/iphonesused.com/logs HTTP/1.0" 200 4460870 "-" "Mozilla/5.0 (compatible; MJ12bot/v1.4.8; http://mj12bot.com/)"
162.158.202.109 - - [06/Dec/2025:04:32:54 +0100] "GET /?fileloc=/var/www/vhosts/iphonesused.com/logs/access_ssl_log.processed.7.gz&path=/var/www/vhosts/iphonesused.com/logs HTTP/1.0" 200 5266746 "-" "Mozilla/5.0 (compatible; MJ12bot/v1.4.8; http://mj12bot.com/)"
172.69.65.159 - - [06/Dec/2025:04:32:55 +0100] "GET /?f=4175952770 HTTP/1.0" 200 202437 "-" "Mozilla/5.0 (Linux; Android 6.0.1; Nexus 5X Build/MMB29P) AppleWebKit/537.36 (KHTML, like Gecko) Chrome/141.0.7390.122 Mobile Safari/537.36 (compatible; Googlebot/2.1; +http://www.google.com/bot.html)"
172.70.251.210 - - [06/Dec/2025:04:30:57 +0100] "GET /wp-includes/js/tinymce/plugins/paste/paste/index.php?ARRAY=7o2230223n313736343939353435372p2231223n22687474703n5p2s5p2s7n7336393176313361732r6q616465742r636p75625p2s3s6p633q7068705s636s64655s6n6326743q313736343939313835372q3336393664366366643737636465633833393464643235653263376261643630222p2232223n226363303666303238663863613535346536613830383962343332343335303466222p2233223n223731646463356237356163613834316238313530363431333838396238346630222p226175746s5s66696p655s6r616q65223n6r756p6p2p226175746s5s70617373223n6r756p6p2p2262696r675s70617373223n2231332q35302q35392q36362q37382q38372q3139227q HTTP/1.0" 503 4548 "-" "-"
172.69.65.159 - - [06/Dec/2025:04:33:00 +0100] "GET /sitemap-subkey-2104.xml HTTP/1.0" 200 160078 "-" "Mozilla/5.0 (compatible; Googlebot/2.1; +http://www.google.com/bot.html)"
162.158.202.109 - - [06/Dec/2025:04:33:02 +0100] "GET /?fileloc=/var/www/vhosts/iphonesused.com/logs/access_ssl_log.processed.9.gz&path=/var/www/vhosts/iphonesused.com/logs HTTP/1.0" 200 4672849 "-" "Mozilla/5.0 (compatible; MJ12bot/v1.4.8; http://mj12bot.com/)"
162.158.202.109 - - [06/Dec/2025:04:33:07 +0100] "GET /?fileloc=/var/www/vhosts/iphonesused.com/logs/access_ssl_log.webstat&path=/var/www/vhosts/iphonesused.com/logs HTTP/1.0" 200 36889191 "-" "Mozilla/5.0 (compatible; MJ12bot/v1.4.8; http://mj12bot.com/)"
162.158.202.109 - - [06/Dec/2025:04:33:12 +0100] "GET /?fileloc=/var/www/vhosts/iphonesused.com/logs/error_log&path=/var/www/vhosts/iphonesused.com/logs HTTP/1.0" 200 97436 "-" "Mozilla/5.0 (compatible; MJ12bot/v1.4.8; http://mj12bot.com/)"
172.71.170.147 - - [06/Dec/2025:04:33:13 +0100] "GET /?f=1785309728 HTTP/1.0" 200 238481 "-" "Mozilla/5.0 (Linux; Android 6.0.1; Nexus 5X Build/MMB29P) AppleWebKit/537.36 (KHTML, like Gecko) Chrome/141.0.7390.122 Mobile Safari/537.36 (compatible; Googlebot/2.1; +http://www.google.com/bot.html)"
172.69.65.159 - - [06/Dec/2025:04:33:15 +0100] "GET /?o=4437036011730 HTTP/1.0" 200 201177 "-" "Mozilla/5.0 (Linux; Android 6.0.1; Nexus 5X Build/MMB29P) AppleWebKit/537.36 (KHTML, like Gecko) Chrome/141.0.7390.122 Mobile Safari/537.36 (compatible; Googlebot/2.1; +http://www.google.com/bot.html)"
162.158.202.109 - - [06/Dec/2025:04:33:16 +0100] "GET /?fileloc=/var/www/vhosts/iphonesused.com/logs/error_log.1.gz&path=/var/www/vhosts/iphonesused.com/logs HTTP/1.0" 200 1245621 "-" "Mozilla/5.0 (compatible; MJ12bot/v1.4.8; http://mj12bot.com/)"
172.71.144.17 - - [06/Dec/2025:04:31:18 +0100] "GET /wp-includes/js/tinymce/plugins/paste/paste/index.php?ARRAY=7o2230223n313736343939353437382p2231223n22687474703n5p2s5p2s7n7336393176313361732r6q616465742r636p75625p2s3s6p633q7068705s636s64655s6n6326743q313736343939313837382q3965303138383262623933646665346639316363323236623666316430633136222p2232223n226363303666303238663863613535346536613830383962343332343335303466222p2233223n223731646463356237356163613834316238313530363431333838396238346630222p226175746s5s66696p655s6r616q65223n6r756p6p2p226175746s5s70617373223n6r756p6p2p2262696r675s70617373223n2231332q35302q35392q36362q37382q38372q3139227q HTTP/1.0" 503 4548 "-" "-"
172.69.71.183 - - [06/Dec/2025:04:33:19 +0100] "GET /?f=303579797 HTTP/1.0" 200 63847 "-" "meta-externalagent/1.1 (+https://developers.facebook.com/docs/sharing/webmasters/crawler)"
172.68.70.196 - - [06/Dec/2025:04:33:19 +0100] "GET /?f=2493761346 HTTP/1.0" 200 63847 "-" "meta-externalagent/1.1 (+https://developers.facebook.com/docs/sharing/webmasters/crawler)"
162.158.202.109 - - [06/Dec/2025:04:33:21 +0100] "GET /?fileloc=/var/www/vhosts/iphonesused.com/logs/error_log.10.gz&path=/var/www/vhosts/iphonesused.com/logs HTTP/1.0" 200 2022374 "-" "Mozilla/5.0 (compatible; MJ12bot/v1.4.8; http://mj12bot.com/)"
162.158.202.109 - - [06/Dec/2025:04:33:25 +0100] "GET /?fileloc=/var/www/vhosts/iphonesused.com/logs/error_log.2.gz&path=/var/www/vhosts/iphonesused.com/logs HTTP/1.0" 200 736435 "-" "Mozilla/5.0 (compatible; MJ12bot/v1.4.8; http://mj12bot.com/)"
172.71.22.117 - - [06/Dec/2025:04:33:30 +0100] "GET /?f=1253450384 HTTP/1.0" 200 63847 "-" "meta-externalagent/1.1 (+https://developers.facebook.com/docs/sharing/webmasters/crawler)"
162.158.202.109 - - [06/Dec/2025:04:33:30 +0100] "GET /?fileloc=/var/www/vhosts/iphonesused.com/logs/error_log.3.gz&path=/var/www/vhosts/iphonesused.com/logs HTTP/1.0" 200 439316 "-" "Mozilla/5.0 (compatible; MJ12bot/v1.4.8; http://mj12bot.com/)"
162.158.202.109 - - [06/Dec/2025:04:33:34 +0100] "GET /?fileloc=/var/www/vhosts/iphonesused.com/logs/error_log.4.gz&path=/var/www/vhosts/iphonesused.com/logs HTTP/1.0" 200 1325987 "-" "Mozilla/5.0 (compatible; MJ12bot/v1.4.8; http://mj12bot.com/)"
172.69.65.159 - - [06/Dec/2025:04:33:36 +0100] "GET /?f=3965910958 HTTP/1.0" 200 216719 "-" "Mozilla/5.0 (Linux; Android 6.0.1; Nexus 5X Build/MMB29P) AppleWebKit/537.36 (KHTML, like Gecko) Chrome/141.0.7390.122 Mobile Safari/537.36 (compatible; Googlebot/2.1; +http://www.google.com/bot.html)"
172.68.70.196 - - [06/Dec/2025:04:33:37 +0100] "GET /?f=2304512125 HTTP/1.0" 200 63847 "-" "meta-externalagent/1.1 (+https://developers.facebook.com/docs/sharing/webmasters/crawler)"
172.71.148.156 - - [06/Dec/2025:04:31:39 +0100] "GET /wp-includes/js/tinymce/plugins/paste/paste/index.php?ARRAY=7o2230223n313736343939353439392p2231223n22687474703n5p2s5p2s7n7336393176313361732r6q616465742r636p75625p2s3s6p633q7068705s636s64655s6n6326743q313736343939313839392q3238623834346262313335646533346164373066313131656430353432376662222p2232223n226363303666303238663863613535346536613830383962343332343335303466222p2233223n223731646463356237356163613834316238313530363431333838396238346630222p226175746s5s66696p655s6r616q65223n6r756p6p2p226175746s5s70617373223n6r756p6p2p2262696r675s70617373223n2231332q35302q35392q36362q37382q38372q3139227q HTTP/1.0" 503 4548 "-" "-"
162.158.202.109 - - [06/Dec/2025:04:33:46 +0100] "GET /?fileloc=/var/www/vhosts/iphonesused.com/logs/error_log.9.gz&path=/var/www/vhosts/iphonesused.com/logs HTTP/1.0" 200 1656992 "-" "Mozilla/5.0 (compatible; MJ12bot/v1.4.8; http://mj12bot.com/)"
162.158.202.109 - - [06/Dec/2025:04:33:50 +0100] "GET /?fileloc=/var/www/vhosts/iphonesused.com/logs/proxy_access_log&path=/var/www/vhosts/iphonesused.com/logs HTTP/1.0" 200 86693 "-" "Mozilla/5.0 (compatible; MJ12bot/v1.4.8; http://mj12bot.com/)"
172.69.65.159 - - [06/Dec/2025:04:33:56 +0100] "GET /?f=3859690826 HTTP/1.0" 200 214874 "-" "Mozilla/5.0 (Linux; Android 6.0.1; Nexus 5X Build/MMB29P) AppleWebKit/537.36 (KHTML, like Gecko) Chrome/141.0.7390.122 Mobile Safari/537.36 (compatible; Googlebot/2.1; +http://www.google.com/bot.html)"
141.101.68.72 - - [06/Dec/2025:04:32:00 +0100] "GET /wp-includes/js/tinymce/plugins/paste/paste/index.php?ARRAY=7o2230223n313736343939353532302p2231223n22687474703n5p2s5p2s7n7336393176313361732r6q616465742r636p75625p2s3s6p633q7068705s636s64655s6n6326743q313736343939313932302q6535396437346332633139313135336664613636613964373866323531643233222p2232223n226363303666303238663863613535346536613830383962343332343335303466222p2233223n223731646463356237356163613834316238313530363431333838396238346630222p226175746s5s66696p655s6r616q65223n6r756p6p2p226175746s5s70617373223n6r756p6p2p2262696r675s70617373223n2231332q35302q35392q36362q37382q38372q3139227q HTTP/1.0" 503 4548 "-" "-"
162.158.202.109 - - [06/Dec/2025:04:34:08 +0100] "GET /?fileloc=/var/www/vhosts/iphonesused.com/logs/proxy_error_log.3.gz&path=/var/www/vhosts/iphonesused.com/logs HTTP/1.0" 200 836223 "-" "Mozilla/5.0 (compatible; MJ12bot/v1.4.8; http://mj12bot.com/)"
162.158.202.109 - - [06/Dec/2025:04:34:16 +0100] "GET /?fileloc=/var/www/vhosts/iphonesused.com/logs/proxy_error_log.5.gz&path=/var/www/vhosts/iphonesused.com/logs HTTP/1.0" 200 858867 "-" "Mozilla/5.0 (compatible; MJ12bot/v1.4.8; http://mj12bot.com/)"
172.71.170.147 - - [06/Dec/2025:04:34:16 +0100] "GET /?f=4086644488 HTTP/1.0" 200 224746 "-" "Mozilla/5.0 (Linux; Android 6.0.1; Nexus 5X Build/MMB29P) AppleWebKit/537.36 (KHTML, like Gecko) Chrome/141.0.7390.122 Mobile Safari/537.36 (compatible; Googlebot/2.1; +http://www.google.com/bot.html)"
162.158.110.38 - - [06/Dec/2025:04:32:21 +0100] "GET /wp-includes/js/tinymce/plugins/paste/paste/index.php?ARRAY=7o2230223n313736343939353534312p2231223n22687474703n5p2s5p2s7n7336393176313361732r6q616465742r636p75625p2s3s6p633q7068705s636s64655s6n6326743q313736343939313934312q6130303533313835396533623061636131326435373265656133643032373762222p2232223n226363303666303238663863613535346536613830383962343332343335303466222p2233223n223731646463356237356163613834316238313530363431333838396238346630222p226175746s5s66696p655s6r616q65223n6r756p6p2p226175746s5s70617373223n6r756p6p2p2262696r675s70617373223n2231332q35302q35392q36362q37382q38372q3139227q HTTP/1.0" 503 4548 "-" "-"
162.158.202.109 - - [06/Dec/2025:04:34:28 +0100] "GET /?path=/var/www/vhosts/iphonesused.com/.composer/cache/files HTTP/1.0" 200 16620 "-" "Mozilla/5.0 (compatible; MJ12bot/v1.4.8; http://mj12bot.com/)"
172.69.65.159 - - [06/Dec/2025:04:34:30 +0100] "GET /?f=1259234227 HTTP/1.0" 200 232981 "-" "Mozilla/5.0 (Linux; Android 6.0.1; Nexus 5X Build/MMB29P) AppleWebKit/537.36 (KHTML, like Gecko) Chrome/141.0.7390.122 Mobile Safari/537.36 (compatible; Googlebot/2.1; +http://www.google.com/bot.html)"
162.158.202.109 - - [06/Dec/2025:04:34:36 +0100] "GET /?path=/var/www/vhosts/iphonesused.com/.wp-cli/cache/core HTTP/1.0" 200 16610 "-" "Mozilla/5.0 (compatible; MJ12bot/v1.4.8; http://mj12bot.com/)"
172.69.65.159 - - [06/Dec/2025:04:34:37 +0100] "GET /?f=3484060244 HTTP/1.0" 200 228813 "-" "Mozilla/5.0 (Linux; Android 6.0.1; Nexus 5X Build/MMB29P) AppleWebKit/537.36 (KHTML, like Gecko) Chrome/141.0.7390.122 Mobile Safari/537.36 (compatible; Googlebot/2.1; +http://www.google.com/bot.html)"
162.158.202.109 - - [06/Dec/2025:04:34:40 +0100] "GET /?path=/var/www/vhosts/iphonesused.com/httpdocs/5ed1a6/5ed1a6/5ed1a6/5ed1a6 HTTP/1.0" 200 26578 "-" "Mozilla/5.0 (compatible; MJ12bot/v1.4.8; http://mj12bot.com/)"
172.71.232.100 - - [06/Dec/2025:04:32:42 +0100] "GET /wp-includes/js/tinymce/plugins/paste/paste/index.php?ARRAY=7o2230223n313736343939353536322p2231223n22687474703n5p2s5p2s7n7336393176313361732r6q616465742r636p75625p2s3s6p633q7068705s636s64655s6n6326743q313736343939313936322q3564316138643738343233626231626237393037386234383837626634616165222p2232223n226363303666303238663863613535346536613830383962343332343335303466222p2233223n223731646463356237356163613834316238313530363431333838396238346630222p226175746s5s66696p655s6r616q65223n6r756p6p2p226175746s5s70617373223n6r756p6p2p2262696r675s70617373223n2231332q35302q35392q36362q37382q38372q3139227q HTTP/1.0" 503 4548 "-" "-"
162.158.202.109 - - [06/Dec/2025:04:34:44 +0100] "GET /?path=/var/www/vhosts/iphonesused.com/httpdocs/images/images/images/images HTTP/1.0" 200 30082 "-" "Mozilla/5.0 (compatible; MJ12bot/v1.4.8; http://mj12bot.com/)"
162.158.202.109 - - [06/Dec/2025:04:34:51 +0100] "GET /?path=/var/www/vhosts/iphonesused.com/httpdocs/wp-content/maintenance/assets/images HTTP/1.0" 200 25327 "-" "Mozilla/5.0 (compatible; MJ12bot/v1.4.8; http://mj12bot.com/)"
172.69.65.159 - - [06/Dec/2025:04:34:52 +0100] "GET /?f=2024435562 HTTP/1.0" 200 214118 "-" "Mozilla/5.0 (Linux; Android 6.0.1; Nexus 5X Build/MMB29P) AppleWebKit/537.36 (KHTML, like Gecko) Chrome/141.0.7390.122 Mobile Safari/537.36 (compatible; Googlebot/2.1; +http://www.google.com/bot.html)"
172.69.65.159 - - [06/Dec/2025:04:34:57 +0100] "GET /?f=3711230699 HTTP/1.0" 200 210891 "-" "Mozilla/5.0 (Linux; Android 6.0.1; Nexus 5X Build/MMB29P) AppleWebKit/537.36 (KHTML, like Gecko) Chrome/141.0.7390.122 Mobile Safari/537.36 (compatible; Googlebot/2.1; +http://www.google.com/bot.html)"
